{"id":199,"date":"2018-03-12T12:50:57","date_gmt":"2018-03-12T15:50:57","guid":{"rendered":"http:\/\/www.professores.uff.br\/almaraz\/?page_id=199"},"modified":"2018-07-20T11:59:21","modified_gmt":"2018-07-20T14:59:21","slug":"calculo-iii-a","status":"publish","type":"page","link":"https:\/\/www.professores.uff.br\/almaraz\/calculo-iii-a\/","title":{"rendered":"C\u00e1lculo III-A"},"content":{"rendered":"<h3>2018.1<\/h3>\n<hr \/>\n<p>&nbsp;<\/p>\n<p><strong>Notas finais:<\/strong> <a href=\"https:\/\/www.dropbox.com\/s\/sc9f9lffp6qy6lc\/Resumo%20Semestral%2020-07-18%2011-59.pdf?dl=0\">.pdf<\/a><\/p>\n<p><strong>Hor\u00e1rio de aula\u00a0<\/strong>(turma E1):<strong>\u00a0<\/strong>2af, 4af\u00a0: 14-16 horas, \u00a0sala H302 (Praia Vermeha).<\/p>\n<p><strong>Hor\u00e1rio de atendimento:\u00a0\u00a0<\/strong>2af, 4af\u00a0: 13-14 horas, \u00a0sala H302 (Praia Vermeha).<\/p>\n<p><strong>Livro texto:\u00a0<\/strong>\u00a0James Stewart &#8211; C\u00e1lculo; Vol. 2. Cap\u00edtulos 15 e 16 da 7a edi\u00e7\u00e3o.<\/p>\n<p>Site para download de livros:\u00a0<a href=\"http:\/\/gen.lib.rus.ec\/\">Library Genesis<\/a><\/p>\n<p>Acesso ao livro: <a href=\"https:\/\/www.dropbox.com\/sh\/0y0tntijlmrzqjc\/AACk0YU1WpvUirprWW2F7-uRa?dl=0\">link<\/a><\/p>\n<p><strong>Pr\u00f3ximas aulas: <\/strong><\/p>\n<p>Dia 29\/5: Aulas cancelada na UFF\u00a0 <a href=\"http:\/\/www.uff.br\/?q=nota-sobre-o-funcionamento-da-uff-entre-os-dias-29-de-maio-e-02-de-junho\">link<\/a>\u00a0 (ler se\u00e7\u00e3o 16.6)<\/p>\n<p>Dia 05\/6: Se\u00e7\u00e3o 16.7.<\/p>\n<p>Dia 07\/6: N\u00e3o darei aula (afastamento para viagem nacional).<\/p>\n<p>Dia 12\/6: Se\u00e7\u00f5es 16.7 (continua\u00e7\u00e3o) e 16.8.<\/p>\n<p>Dia 14\/6: Se\u00e7\u00e3o 16.8 (continua\u00e7\u00e3o) e 16.9.<\/p>\n<p>Dia 19\/6: Exerc\u00edcios.<\/p>\n<p>Dia 21\/6: Exerc\u00edcios.<\/p>\n<p>Dia 26\/6: 2a VE.<\/p>\n<p>Dia 10\/7: VR.<\/p>\n<p>Dia 17\/7: VS.<\/p>\n<p><strong>Observa\u00e7\u00f5es<\/strong>: Estarei afastado para viagem ao exterior nos dias 27\/6 a 11\/7.\u00a0 A VR ser\u00e1 aplicada pelo professor Simon Chiossi no mesmo local e hor\u00e1rio de aula.<\/p>\n<p><strong>Lista de exerc\u00edcios<\/strong> do livro:<\/p>\n<p>15.1: 3,5,9,10,13,17,18.<\/p>\n<p>15.2: 1,3,9,17,19,24,27,36,37.<\/p>\n<p>15.3: 5,8,11,14,15,21,25,37,47,49,57,60,62,63.<\/p>\n<p>15.4: 1,2,6,13,15,17,19,27,28,31,35,38,39.<\/p>\n<p>15.5: 1,2,5,13,14,15.<\/p>\n<p>15.6: 3,9,11,21,22,23,24.<\/p>\n<p>15.7: 1,7,9,13,21,27,33,35,41,47,53.<\/p>\n<p>15.8: 1,3,5,7,9,12,13,15,21,25,27,29.<\/p>\n<p>15.9: 1,3,5,7,9,13,15,17,21,31,35,39,46,47.<\/p>\n<p>15.10: 5,7,13,17,21,25,28.<\/p>\n<p>16.1: 5,9,11,13,23,29-32,33,35.<\/p>\n<p>16.2: 3,7,11,17,21,35,39,43,49,50,51.<\/p>\n<p>16.3: 1,2,3,5,11,15,19,21,25,28,29,35,36.<\/p>\n<p>16.4: 3,7,13,17,21,22,23,27,29.<\/p>\n<p>16.5: 1,7,9,11,13,15,19,25,32,33,37,39.<\/p>\n<p>16.6: 1,3,5,19,23,35,39,45,51,61,63.<\/p>\n<p>16.7: 4,9,19,25,27,37,39,45,47.<\/p>\n<p>16.8: 1,5,7,15,16,19.<\/p>\n<p>16.9: 1,7,11,17,19,20,23,25,26,27.<\/p>\n<p>16 Revis\u00e3o: Teste Verdadeiro-Falso: 1,2,11,12 (p\u00e1gina 1014); Exerc\u00edcios: 1 (p\u00e1gina 1015).<\/p>\n<p>Homework Hints (livro Stewart) <a href=\"http:\/\/www.stewartcalculus.com\/media\/11_inside_homework_hints.php\">link<\/a><\/p>\n<p><strong>Monitoria<\/strong>:\u00a0<a href=\"http:\/\/www.gma.uff.br\/index.php\/ensino\/monitoria\">link\u00a0<\/a><\/p>\n<p>Plataforma <strong>Moodle\/Cead<\/strong>:\u00a0<a href=\"http:\/\/www.gma.uff.br\/index.php\/ensino\/moodle\">link<\/a><\/p>\n<p><strong>Crit\u00e9rio de avalia\u00e7\u00e3o<\/strong>: <a href=\"https:\/\/www.dropbox.com\/s\/yaw6m3sjdy8zq1u\/Criterios%20de%20Avalia%C3%A7%C3%A3o%20CIIIA.pdf?dl=0\">.pdf<\/a><\/p>\n<p><strong>Datas de provas:\u00a0<\/strong><\/p>\n<p>1a\u00a0VE\u00a0&#8211;\u00a0dia 26\/04\/2018\u00a0(conte\u00fado: cap. 15 livro-texto) <a href=\"https:\/\/www.dropbox.com\/s\/5j3700sqnc943r9\/VE1%20Calculo%20III-A%202018-1.pdf?dl=0\">.pdf<\/a><\/p>\n<p>2a\u00a0VE\u00a0&#8211; dia 26\/06\/2018\u00a0(conte\u00fado: cap. 16 livro-texto) <a href=\"https:\/\/www.dropbox.com\/s\/terstcok8dh5x3e\/VE2%20Calculo%20III-A%202018-1.pdf?dl=0\">.pdf<\/a><a href=\"http:\/\/www.meusiteantigo.uff.br\/almaraz\/images\/stories\/Calculo_I-A_2014-2\/VE2_Calculo_I-A_2014-2.pdf\"><br \/>\n<\/a><\/p>\n<p>VR (2a\u00a0chamada)\u00a0&#8211; dia 10\/07\/2018 (conte\u00fado: mat\u00e9ria da 1a\u00a0e 2aVEs) <a href=\"https:\/\/www.dropbox.com\/s\/dyicgsxehxsf0gv\/VR%20Calculo%20III-A%202018-1.pdf?dl=0\">.pdf<\/a><a href=\"http:\/\/www.meusiteantigo.uff.br\/almaraz\/images\/stories\/Calculo_I-A_2014-2\/VR_Calculo_I-A_2014-2.pdf\"><br \/>\n<\/a><\/p>\n<p>VS\u00a0&#8211; dia 17\/07\/2018\u00a0 (conte\u00fado: mat\u00e9ria da 1a\u00a0e 2aVEs)<\/p>\n<p>Observa\u00e7\u00e3o:<strong>\u00a0<\/strong>Somente alunos\u00a0matriculados na <strong>turma E1<\/strong> podem fazer prova comigo.<\/p>\n<p>&nbsp;<\/p>\n","protected":false},"excerpt":{"rendered":"<p>2018.1 &nbsp; Notas finais: .pdf Hor\u00e1rio de aula\u00a0(turma E1):\u00a02af, 4af\u00a0: 14-16 horas, \u00a0sala H302 (Praia Vermeha). Hor\u00e1rio de atendimento:\u00a0\u00a02af, 4af\u00a0: 13-14 horas, \u00a0sala H302 (Praia Vermeha). Livro texto:\u00a0\u00a0James Stewart &#8211; C\u00e1lculo; Vol. 2. Cap\u00edtulos 15 e 16 da 7a edi\u00e7\u00e3o. Site para download de livros:\u00a0Library Genesis Acesso ao livro: link Pr\u00f3ximas aulas: Dia 29\/5: Aulas [&hellip;]<\/p>\n","protected":false},"author":146,"featured_media":0,"parent":0,"menu_order":0,"comment_status":"closed","ping_status":"closed","template":"","meta":{"_exactmetrics_skip_tracking":false,"_exactmetrics_sitenote_active":false,"_exactmetrics_sitenote_note":"","_exactmetrics_sitenote_category":0,"footnotes":""},"categories":[],"tags":[],"class_list":["post-199","page","type-page","status-publish","hentry"],"_links":{"self":[{"href":"https:\/\/www.professores.uff.br\/almaraz\/wp-json\/wp\/v2\/pages\/199","targetHints":{"allow":["GET"]}}],"collection":[{"href":"https:\/\/www.professores.uff.br\/almaraz\/wp-json\/wp\/v2\/pages"}],"about":[{"href":"https:\/\/www.professores.uff.br\/almaraz\/wp-json\/wp\/v2\/types\/page"}],"author":[{"embeddable":true,"href":"https:\/\/www.professores.uff.br\/almaraz\/wp-json\/wp\/v2\/users\/146"}],"replies":[{"embeddable":true,"href":"https:\/\/www.professores.uff.br\/almaraz\/wp-json\/wp\/v2\/comments?post=199"}],"version-history":[{"count":24,"href":"https:\/\/www.professores.uff.br\/almaraz\/wp-json\/wp\/v2\/pages\/199\/revisions"}],"predecessor-version":[{"id":248,"href":"https:\/\/www.professores.uff.br\/almaraz\/wp-json\/wp\/v2\/pages\/199\/revisions\/248"}],"wp:attachment":[{"href":"https:\/\/www.professores.uff.br\/almaraz\/wp-json\/wp\/v2\/media?parent=199"}],"wp:term":[{"taxonomy":"category","embeddable":true,"href":"https:\/\/www.professores.uff.br\/almaraz\/wp-json\/wp\/v2\/categories?post=199"},{"taxonomy":"post_tag","embeddable":true,"href":"https:\/\/www.professores.uff.br\/almaraz\/wp-json\/wp\/v2\/tags?post=199"}],"curies":[{"name":"wp","href":"https:\/\/api.w.org\/{rel}","templated":true}]}}

Cálculo III-A

<h3>2018.1</h3>
<hr />
<p>&nbsp;</p>
<p><strong>Notas finais:</strong> <a href="https://www.dropbox.com/s/sc9f9lffp6qy6lc/Resumo%20Semestral%2020-07-18%2011-59.pdf?dl=0">.pdf</a></p>
<p><strong>Horário de aula </strong>(turma E1):<strong> </strong>2af, 4af : 14-16 horas,  sala H302 (Praia Vermeha).</p>
<p><strong>Horário de atendimento:  </strong>2af, 4af : 13-14 horas,  sala H302 (Praia Vermeha).</p>
<p><strong>Livro texto: </strong> James Stewart &#8211; Cálculo; Vol. 2. Capítulos 15 e 16 da 7a edição.</p>
<p>Site para download de livros: <a href="http://gen.lib.rus.ec/">Library Genesis</a></p>
<p>Acesso ao livro: <a href="https://www.dropbox.com/sh/0y0tntijlmrzqjc/AACk0YU1WpvUirprWW2F7-uRa?dl=0">link</a></p>
<p><strong>Próximas aulas: </strong></p>
<p>Dia 29/5: Aulas cancelada na UFF  <a href="http://www.uff.br/?q=nota-sobre-o-funcionamento-da-uff-entre-os-dias-29-de-maio-e-02-de-junho">link</a>  (ler seção 16.6)</p>
<p>Dia 05/6: Seção 16.7.</p>
<p>Dia 07/6: Não darei aula (afastamento para viagem nacional).</p>
<p>Dia 12/6: Seções 16.7 (continuação) e 16.8.</p>
<p>Dia 14/6: Seção 16.8 (continuação) e 16.9.</p>
<p>Dia 19/6: Exercícios.</p>
<p>Dia 21/6: Exercícios.</p>
<p>Dia 26/6: 2a VE.</p>
<p>Dia 10/7: VR.</p>
<p>Dia 17/7: VS.</p>
<p><strong>Observações</strong>: Estarei afastado para viagem ao exterior nos dias 27/6 a 11/7.  A VR será aplicada pelo professor Simon Chiossi no mesmo local e horário de aula.</p>
<p><strong>Lista de exercícios</strong> do livro:</p>
<p>15.1: 3,5,9,10,13,17,18.</p>
<p>15.2: 1,3,9,17,19,24,27,36,37.</p>
<p>15.3: 5,8,11,14,15,21,25,37,47,49,57,60,62,63.</p>
<p>15.4: 1,2,6,13,15,17,19,27,28,31,35,38,39.</p>
<p>15.5: 1,2,5,13,14,15.</p>
<p>15.6: 3,9,11,21,22,23,24.</p>
<p>15.7: 1,7,9,13,21,27,33,35,41,47,53.</p>
<p>15.8: 1,3,5,7,9,12,13,15,21,25,27,29.</p>
<p>15.9: 1,3,5,7,9,13,15,17,21,31,35,39,46,47.</p>
<p>15.10: 5,7,13,17,21,25,28.</p>
<p>16.1: 5,9,11,13,23,29-32,33,35.</p>
<p>16.2: 3,7,11,17,21,35,39,43,49,50,51.</p>
<p>16.3: 1,2,3,5,11,15,19,21,25,28,29,35,36.</p>
<p>16.4: 3,7,13,17,21,22,23,27,29.</p>
<p>16.5: 1,7,9,11,13,15,19,25,32,33,37,39.</p>
<p>16.6: 1,3,5,19,23,35,39,45,51,61,63.</p>
<p>16.7: 4,9,19,25,27,37,39,45,47.</p>
<p>16.8: 1,5,7,15,16,19.</p>
<p>16.9: 1,7,11,17,19,20,23,25,26,27.</p>
<p>16 Revisão: Teste Verdadeiro-Falso: 1,2,11,12 (página 1014); Exercícios: 1 (página 1015).</p>
<p>Homework Hints (livro Stewart) <a href="http://www.stewartcalculus.com/media/11_inside_homework_hints.php">link</a></p>
<p><strong>Monitoria</strong>: <a href="http://www.gma.uff.br/index.php/ensino/monitoria">link </a></p>
<p>Plataforma <strong>Moodle/Cead</strong>: <a href="http://www.gma.uff.br/index.php/ensino/moodle">link</a></p>
<p><strong>Critério de avaliação</strong>: <a href="https://www.dropbox.com/s/yaw6m3sjdy8zq1u/Criterios%20de%20Avalia%C3%A7%C3%A3o%20CIIIA.pdf?dl=0">.pdf</a></p>
<p><strong>Datas de provas: </strong></p>
<p>1a VE &#8211; dia 26/04/2018 (conteúdo: cap. 15 livro-texto) <a href="https://www.dropbox.com/s/5j3700sqnc943r9/VE1%20Calculo%20III-A%202018-1.pdf?dl=0">.pdf</a></p>
<p>2a VE &#8211; dia 26/06/2018 (conteúdo: cap. 16 livro-texto) <a href="https://www.dropbox.com/s/terstcok8dh5x3e/VE2%20Calculo%20III-A%202018-1.pdf?dl=0">.pdf</a><a href="http://www.meusiteantigo.uff.br/almaraz/images/stories/Calculo_I-A_2014-2/VE2_Calculo_I-A_2014-2.pdf"><br />
</a></p>
<p>VR (2a chamada) &#8211; dia 10/07/2018 (conteúdo: matéria da 1a e 2aVEs) <a href="https://www.dropbox.com/s/dyicgsxehxsf0gv/VR%20Calculo%20III-A%202018-1.pdf?dl=0">.pdf</a><a href="http://www.meusiteantigo.uff.br/almaraz/images/stories/Calculo_I-A_2014-2/VR_Calculo_I-A_2014-2.pdf"><br />
</a></p>
<p>VS &#8211; dia 17/07/2018  (conteúdo: matéria da 1a e 2aVEs)</p>
<p>Observação:<strong> </strong>Somente alunos matriculados na <strong>turma E1</strong> podem fazer prova comigo.</p>
<p>&nbsp;</p>

<p>2018.1 &nbsp; Notas finais: .pdf Horário de aula (turma E1): 2af, 4af : 14-16 horas,  sala H302 (Praia Vermeha). Horário de atendimento:  2af, 4af : 13-14 horas,  sala H302 (Praia Vermeha). Livro texto:  James Stewart &#8211; Cálculo; Vol. 2. Capítulos 15 e 16 da 7a edição. Site para download de livros: Library Genesis Acesso ao livro: link Próximas aulas: Dia 29/5: Aulas [&hellip;]</p>
