{"id":34,"date":"2017-09-22T11:59:03","date_gmt":"2017-09-22T14:59:03","guid":{"rendered":"http:\/\/www.professores.uff.br\/almaraz\/?page_id=34"},"modified":"2017-09-22T11:59:03","modified_gmt":"2017-09-22T14:59:03","slug":"calculo-i-a","status":"publish","type":"page","link":"https:\/\/www.professores.uff.br\/almaraz\/calculo-i-a\/","title":{"rendered":"C\u00e1lculo I-A"},"content":{"rendered":"<h3><strong>2017.2<\/strong><\/h3>\n<hr \/>\n<div><strong>Turma L1<\/strong><\/div>\n<p><strong>Hor\u00e1rio de aula:<\/strong><\/p>\n<p>2af : 14-16 horas, sala 303 H (UFASA, Praia Vermelha);<\/p>\n<p>4af : 14-16 horas, sala 303 H (UFASA, Praia Vermelha).<\/p>\n<p><strong>Hor\u00e1rio de atendimento:\u00a0<\/strong><\/p>\n<p>2af : 16-17 horas, sala 49 (4o andar do bloco G do IME, Gragoat\u00e1);<\/p>\n<p>4af : 16-17 horas, \u00a0sala 49 (4o\u00a0andar do bloco G do IME, Gragoat\u00e1).<\/p>\n<p>&nbsp;<\/p>\n<p><strong>Livro-texto:<\/strong><\/p>\n<p>\u2022 James Stewart;\u00a0C\u00e1lculo, Vol.I; Cengage Learning (veja \u00edndice da 7a edi\u00e7\u00e3o: <a href=\"http:\/\/www.professores.uff.br\/almaraz\/wp-content\/uploads\/sites\/140\/2017\/09\/p1.pdf\">p.1<\/a>, <a href=\"http:\/\/www.professores.uff.br\/almaraz\/wp-content\/uploads\/sites\/140\/2017\/09\/p2.pdf\">p.2<\/a>, <a href=\"http:\/\/www.professores.uff.br\/almaraz\/wp-content\/uploads\/sites\/140\/2017\/09\/p3.pdf\">p.3<\/a>).<\/p>\n<p>Site para download: <a href=\"http:\/\/gen.lib.rus.ec\/\" target=\"_blank\" rel=\"noopener noreferrer\">Library Genesis<\/a><\/p>\n<p>&nbsp;<\/p>\n<p>Lista de exerc\u00edcios do livro: <a href=\"http:\/\/www.professores.uff.br\/almaraz\/wp-content\/uploads\/sites\/140\/2017\/09\/1Lista_exerc\u00edcios_Stewart_vol1.pdf\">pdf<\/a><\/p>\n<p>Lista de exerc\u00edcios do GMA e outras informa\u00e7\u00f5es:<a href=\"http:\/\/www.gma.uff.br\/index.php\/ensino\/programas-e-ementas\/13-informacoes-diversas-aos-alunos\/35-ca1a\" target=\"_blank\" rel=\"noopener noreferrer\"> link<\/a><\/p>\n<p>Monitoria:\u00a0<a href=\"http:\/\/www.gma.uff.br\/index.php\/ensino\/monitoria\" target=\"_blank\" rel=\"noopener noreferrer\">link\u00a0<\/a><\/p>\n<p>CT do C\u00e1lculo: <a href=\"http:\/\/www.gma.uff.br\/index.php\/ensino\/projeto-calculo1a\" target=\"_blank\" rel=\"noopener noreferrer\">link<\/a><\/p>\n<p>Plataforma Moodle\/Cead: <a href=\"http:\/\/www.gma.uff.br\/index.php\/ensino\/moodle\" target=\"_blank\" rel=\"noopener noreferrer\">link<\/a><\/p>\n<p>Cronograma esperado:<a href=\"http:\/\/www.professores.uff.br\/almaraz\/wp-content\/uploads\/sites\/140\/2017\/09\/2Cronograma_C\u00e1lcIA_2017_2_2a_4a_prof.pdf\">.pdf<\/a><\/p>\n<p>&nbsp;<\/p>\n<p><strong>Datas das provas:<\/strong><\/p>\n<p>1a\u00a0VE (peso 2)\u00a0&#8211; dia 04\/10\/2017(conte\u00fado: se\u00e7\u00f5es do livro-texto, 7a ou 8a edi\u00e7\u00f5es: 2.1-2.3, 2.5-2.8, 3.1-3.4).<\/p>\n<p>2a\u00a0VE (peso 3)\u00a0&#8211; dia 06\/12\/2017\u00a0(conte\u00fado: se\u00e7\u00f5es do livro-texto, 7a ou 8a edi\u00e7\u00f5es: 3.5-3.10, 4.1-4.5, 4.7).<\/p>\n<p>VR &#8211; dia 11\/12\/2017 \u00a0(conte\u00fado: mesmo das 1a e 2a VEs juntas).<\/p>\n<p>VS\u00a0&#8211; dia 18\/12\/2017 (conte\u00fado: mesmo das 1a e 2a VEs juntas)..<\/p>\n<p>Observa\u00e7\u00e3o:\u00a0Somente alunos\u00a0matriculados na turma L1\u00a0podem fazer prova comigo.<\/p>\n<p>&nbsp;<\/p>\n<p><strong>Provas antigas:<\/strong><\/p>\n<ol>\n<li>C\u00e1lculo I-A 2017.1:\u00a01a\u00a0VE\u00a0<a href=\"http:\/\/www.professores.uff.br\/almaraz\/wp-content\/uploads\/sites\/140\/2017\/09\/VE1_Calculo_I-A_2016-2_J1.pdf\">pdf<\/a>\u00a0,\u00a02a\u00a0VE\u00a0<a href=\"http:\/\/www.professores.uff.br\/almaraz\/wp-content\/uploads\/sites\/140\/2017\/09\/VE2_Calculo_I-A_2016-2_J1.pdf\">pdf<\/a>\u00a0, VR\u00a0<a href=\"http:\/\/www.professores.uff.br\/almaraz\/wp-content\/uploads\/sites\/140\/2017\/09\/VR_Calculo_I-A_2016-2_H1.pdf\">pdf<\/a>\u00a0.<\/li>\n<li>C\u00e1lculo I-A 2016.2:\u00a01a\u00a0VE\u00a0<a href=\"http:\/\/www.professores.uff.br\/almaraz\/wp-content\/uploads\/sites\/140\/2017\/09\/VE1_Calculo_I-A_2016-2_J1-1.pdf\">.pdf<\/a>,\u00a02a\u00a0VE\u00a0<a href=\"http:\/\/www.professores.uff.br\/almaraz\/wp-content\/uploads\/sites\/140\/2017\/09\/2VE2_Calculo_I-A_2016-2_E1.pdf\">.pdf<\/a>.<\/li>\n<li>C\u00e1lculo I-A 2015.2:\u00a01a\u00a0VE<a href=\"http:\/\/www.professores.uff.br\/almaraz\/wp-content\/uploads\/sites\/140\/2017\/09\/3VE1_Calculo_I-A_2015-2_K1_versao_corrigida.pdf\">.pdf<\/a>,\u00a02a\u00a0VE<a href=\"http:\/\/www.professores.uff.br\/almaraz\/wp-content\/uploads\/sites\/140\/2017\/09\/3VE2_Calculo_I-A_2015-2_K1.pdf\">.pdf<\/a>,\u00a02achamada\u00a0<a href=\"http:\/\/www.professores.uff.br\/almaraz\/wp-content\/uploads\/sites\/140\/2017\/09\/3VR_Calculo_I-A_2015-2_K1.pdf\">.pdf<\/a>, \u00a0VS\u00a0<a href=\"http:\/\/www.professores.uff.br\/almaraz\/wp-content\/uploads\/sites\/140\/2017\/09\/3VS_Calculo_I-A_2015-2_K1.pdf\">.pdf<\/a>.<\/li>\n<li>C\u00e1lculo I-A 2014.2: <a href=\"http:\/\/www.meusiteantigo.uff.br\/almaraz\/images\/stories\/Calculo_I-A_2014-2\/VE1_Calculo_I-A_2014-2.pdf\">1aVE<\/a>, <a href=\"http:\/\/www.meusiteantigo.uff.br\/almaraz\/images\/stories\/Calculo_I-A_2014-2\/VE2_Calculo_I-A_2014-2.pdf\">2a<\/a><a href=\"http:\/\/www.meusiteantigo.uff.br\/almaraz\/images\/stories\/Calculo_I-A_2014-2\/VE2_Calculo_I-A_2014-2.pdf\">VE<\/a>, <a href=\"http:\/\/www.meusiteantigo.uff.br\/almaraz\/images\/stories\/Calculo_I-A_2014-2\/VR_Calculo_I-A_2014-2.pdf\">VR<\/a>, <a href=\"http:\/\/www.meusiteantigo.uff.br\/almaraz\/images\/stories\/Calculo_I-A_2014-2\/VS_Calculo_I-A_2014-2.pdf\">VS<\/a><\/li>\n<li>C\u00e1lculo Diferencial e Integral Aplicado I 2011.2:\u00a0<a href=\"http:\/\/www.professores.uff.br\/almaraz\/wp-content\/uploads\/sites\/140\/2017\/09\/5VE1_Calc_Dif_Int_Apl_1.pdf\">1\u00aa VE<\/a>\u00a0(prova 1),\u00a0<a href=\"http:\/\/www.professores.uff.br\/almaraz\/wp-content\/uploads\/sites\/140\/2017\/09\/5VE1_Calc_Dif_Int_Apl_1_-_v2.pdf\">1\u00aa VE<\/a>\u00a0(prova 2),\u00a0<a href=\"http:\/\/www.professores.uff.br\/almaraz\/wp-content\/uploads\/sites\/140\/2017\/09\/5VE2_Calc_Dif_Int_Apl_1.pdf\">2\u00aa VE<\/a>\u00a0(prova 1),\u00a0<a href=\"http:\/\/www.professores.uff.br\/almaraz\/wp-content\/uploads\/sites\/140\/2017\/09\/5VE2_Calc_Dif_Int_Apl_1_-_v2.pdf\">2\u00aa VE<\/a>\u00a0(prova 2),\u00a0<a href=\"http:\/\/www.professores.uff.br\/almaraz\/wp-content\/uploads\/sites\/140\/2017\/09\/5VE3_Calc_Dif_Int_Apl_1.pdf\">3\u00aa VE<\/a>\u00a0,\u00a0<a href=\"http:\/\/www.professores.uff.br\/almaraz\/wp-content\/uploads\/sites\/140\/2017\/09\/5VR_Calc_Dif_Int_Apl_1.pdf\">VR<\/a>\u00a0,\u00a0<a href=\"http:\/\/www.professores.uff.br\/almaraz\/wp-content\/uploads\/sites\/140\/2017\/09\/5VS_Calc_Dif_Int_Apl_1.pdf\">VS<\/a>\u00a0.<\/li>\n<\/ol>\n<p>C\u00e1lculo Aplicado I\u00a02010.2:\u00a0<a href=\"http:\/\/www.professores.uff.br\/almaraz\/wp-content\/uploads\/sites\/140\/2017\/09\/6VE1_calc_apl_I_2010_2.pdf\">1\u00aa VE<\/a>\u00a0,\u00a0<a href=\"http:\/\/www.professores.uff.br\/almaraz\/wp-content\/uploads\/sites\/140\/2017\/09\/6VE2_calc_apl_I_2010.2.pdf\">2\u00aa VE<\/a>\u00a0,\u00a0<a href=\"http:\/\/www.professores.uff.br\/almaraz\/wp-content\/uploads\/sites\/140\/2017\/09\/6VE3_Calc_Apl_1_2010-2.pdf\">3\u00aa VE<\/a>\u00a0,\u00a0<a href=\"http:\/\/www.professores.uff.br\/almaraz\/wp-content\/uploads\/sites\/140\/2017\/09\/6VR_Calc_Apl_1_2010-2.pdf\">VR<\/a>\u00a0,\u00a0<a href=\"http:\/\/www.professores.uff.br\/almaraz\/wp-content\/uploads\/sites\/140\/2017\/09\/6VS_Calc_Apl_1_10.2.pdf\">VS<\/a>.<\/p>\n<p>C\u00e1lculo I-A 2010.1:\u00a0<a href=\"http:\/\/www.professores.uff.br\/almaraz\/wp-content\/uploads\/sites\/140\/2017\/09\/7VE1_calc_I-A_2010.1.pdf\">1\u00aa VE<\/a>\u00a0,\u00a0<a href=\"http:\/\/www.professores.uff.br\/almaraz\/wp-content\/uploads\/sites\/140\/2017\/09\/7VE2_calc_I-A_2010.1.pdf\">2\u00aa VE<\/a>\u00a0,\u00a0<a href=\"http:\/\/www.professores.uff.br\/almaraz\/wp-content\/uploads\/sites\/140\/2017\/09\/7VE3_Calc_1A_2010.1.pdf\">3\u00aa VE<\/a>\u00a0,\u00a0<a href=\"http:\/\/www.professores.uff.br\/almaraz\/wp-content\/uploads\/sites\/140\/2017\/09\/7VR_Calc_1A_2010.1.pdf\">VR<\/a>\u00a0,\u00a0<a href=\"http:\/\/www.professores.uff.br\/almaraz\/wp-content\/uploads\/sites\/140\/2017\/09\/7VS_calc_1A_10.1.pdf\">VS<\/a>.<\/p>\n<p>C\u00e1lculo Aplicado I 2010.1:\u00a0<a href=\"http:\/\/www.professores.uff.br\/almaraz\/wp-content\/uploads\/sites\/140\/2017\/09\/8VE1_calc_apl_I_2010_1.pdf\">1\u00aa VE<\/a>\u00a0,\u00a0<a href=\"http:\/\/www.professores.uff.br\/almaraz\/wp-content\/uploads\/sites\/140\/2017\/09\/8VE2_Calc_Apl_I_2010.1.pdf\">2\u00aa VE<\/a>\u00a0,\u00a0<a href=\"http:\/\/www.professores.uff.br\/almaraz\/wp-content\/uploads\/sites\/140\/2017\/09\/8VE3_Calc_Apl_1_2010.1.pdf\">3\u00aa VE<\/a>\u00a0,\u00a0<a href=\"http:\/\/www.professores.uff.br\/almaraz\/wp-content\/uploads\/sites\/140\/2017\/09\/8VR_Calc_Apl_1_2010.1.pdf\">VR<\/a>\u00a0,\u00a0<a href=\"http:\/\/www.professores.uff.br\/almaraz\/wp-content\/uploads\/sites\/140\/2017\/09\/8VS_calc_apl_1_10.1.pdf\">VS<\/a>.<\/p>\n<p>C\u00e1lculo Aplicado I\u00a02009.2:\u00a0<a href=\"http:\/\/www.professores.uff.br\/almaraz\/wp-content\/uploads\/sites\/140\/2017\/09\/9Teste_A_calc_apl_1_09.2.pdf\">Teste A<\/a>\u00a0,\u00a0<a href=\"http:\/\/www.professores.uff.br\/almaraz\/wp-content\/uploads\/sites\/140\/2017\/09\/9Teste_B_calc_apl_1_09.2.pdf\">Teste B<\/a>\u00a0,\u00a0<a href=\"http:\/\/www.professores.uff.br\/almaraz\/wp-content\/uploads\/sites\/140\/2017\/09\/9VE1_calc_apl_1_09.2.pdf\">1\u00aa VE<\/a>\u00a0,\u00a0<a href=\"http:\/\/www.professores.uff.br\/almaraz\/wp-content\/uploads\/sites\/140\/2017\/09\/9VE2_calc_apl_1_09.2_versao_corrigida.pdf\">2\u00aa VE<\/a>\u00a0,\u00a0<a href=\"http:\/\/www.professores.uff.br\/almaraz\/wp-content\/uploads\/sites\/140\/2017\/09\/9VE3_calc_apl_1_09.2.pdf\">3\u00aa VE<\/a>\u00a0,\u00a0<a href=\"http:\/\/www.professores.uff.br\/almaraz\/wp-content\/uploads\/sites\/140\/2017\/09\/9VR_calc_apl_1_09.2.pdf\">VR<\/a>\u00a0,\u00a0<a href=\"http:\/\/www.professores.uff.br\/almaraz\/wp-content\/uploads\/sites\/140\/2017\/09\/9VS_calc_apl_1_09.2.pdf\">VS<\/a><\/p>\n","protected":false},"excerpt":{"rendered":"<p>2017.2 Turma L1 Hor\u00e1rio de aula: 2af : 14-16 horas, sala 303 H (UFASA, Praia Vermelha); 4af : 14-16 horas, sala 303 H (UFASA, Praia Vermelha). Hor\u00e1rio de atendimento:\u00a0 2af : 16-17 horas, sala 49 (4o andar do bloco G do IME, Gragoat\u00e1); 4af : 16-17 horas, \u00a0sala 49 (4o\u00a0andar do bloco G do IME, [&hellip;]<\/p>\n","protected":false},"author":22,"featured_media":0,"parent":0,"menu_order":0,"comment_status":"closed","ping_status":"closed","template":"","meta":{"_exactmetrics_skip_tracking":false,"_exactmetrics_sitenote_active":false,"_exactmetrics_sitenote_note":"","_exactmetrics_sitenote_category":0,"footnotes":""},"categories":[],"tags":[],"class_list":["post-34","page","type-page","status-publish","hentry"],"_links":{"self":[{"href":"https:\/\/www.professores.uff.br\/almaraz\/wp-json\/wp\/v2\/pages\/34","targetHints":{"allow":["GET"]}}],"collection":[{"href":"https:\/\/www.professores.uff.br\/almaraz\/wp-json\/wp\/v2\/pages"}],"about":[{"href":"https:\/\/www.professores.uff.br\/almaraz\/wp-json\/wp\/v2\/types\/page"}],"author":[{"embeddable":true,"href":"https:\/\/www.professores.uff.br\/almaraz\/wp-json\/wp\/v2\/users\/22"}],"replies":[{"embeddable":true,"href":"https:\/\/www.professores.uff.br\/almaraz\/wp-json\/wp\/v2\/comments?post=34"}],"version-history":[{"count":1,"href":"https:\/\/www.professores.uff.br\/almaraz\/wp-json\/wp\/v2\/pages\/34\/revisions"}],"predecessor-version":[{"id":82,"href":"https:\/\/www.professores.uff.br\/almaraz\/wp-json\/wp\/v2\/pages\/34\/revisions\/82"}],"wp:attachment":[{"href":"https:\/\/www.professores.uff.br\/almaraz\/wp-json\/wp\/v2\/media?parent=34"}],"wp:term":[{"taxonomy":"category","embeddable":true,"href":"https:\/\/www.professores.uff.br\/almaraz\/wp-json\/wp\/v2\/categories?post=34"},{"taxonomy":"post_tag","embeddable":true,"href":"https:\/\/www.professores.uff.br\/almaraz\/wp-json\/wp\/v2\/tags?post=34"}],"curies":[{"name":"wp","href":"https:\/\/api.w.org\/{rel}","templated":true}]}}