{"id":114,"date":"2020-09-17T01:46:08","date_gmt":"2020-09-17T04:46:08","guid":{"rendered":"http:\/\/www.professores.uff.br\/anafarias\/?page_id=114"},"modified":"2026-02-23T15:21:31","modified_gmt":"2026-02-23T18:21:31","slug":"material-didatico","status":"publish","type":"page","link":"https:\/\/www.professores.uff.br\/anafarias\/material-didatico\/","title":{"rendered":"Material did\u00e1tico"},"content":{"rendered":"<p>[et_pb_section fb_built=&#8221;1&#8243; _builder_version=&#8221;4.16&#8243; _module_preset=&#8221;default&#8221; global_colors_info=&#8221;{}&#8221;][et_pb_row _builder_version=&#8221;4.16&#8243; _module_preset=&#8221;default&#8221; global_colors_info=&#8221;{}&#8221;][et_pb_column type=&#8221;4_4&#8243; _builder_version=&#8221;4.16&#8243; _module_preset=&#8221;default&#8221; global_colors_info=&#8221;{}&#8221;][et_pb_cta title=&#8221;Curso de Estat\u00edstica&#8221; button_text=&#8221;Cliques&#8221; _builder_version=&#8221;4.21.0&#8243; _module_preset=&#8221;default&#8221; header_font=&#8221;|700|||||||&#8221; header_text_align=&#8221;left&#8221; header_text_color=&#8221;#e09900&#8243; body_font=&#8221;|600|||||||&#8221; body_text_color=&#8221;#E09900&#8243; body_font_size=&#8221;14px&#8221; background_color=&#8221;#EBDBB8&#8243; min_height=&#8221;150px&#8221; hover_enabled=&#8221;0&#8243; global_colors_info=&#8221;{}&#8221; sticky_enabled=&#8221;0&#8243;]<\/p>\n<p>&nbsp;<\/p>\n<ul>\n<li style=\"text-align: left\"><a href=\"http:\/\/www.professores.uff.br\/anafarias\/wp-content\/uploads\/sites\/210\/2020\/09\/GET00188-0.pdf\">Fundamentos de Matem\u00e1tica para Estat\u00edstica<\/a><\/li>\n<li style=\"text-align: left\"><a href=\"http:\/\/www.professores.uff.br\/anafarias\/wp-content\/uploads\/sites\/210\/2021\/08\/get00182.pdf\">Introdu\u00e7\u00e3o \u00e0 Infer\u00eancia<\/a><\/li>\n<li style=\"text-align: left\"><a href=\"http:\/\/www.professores.uff.br\/anafarias\/wp-content\/uploads\/sites\/210\/2021\/07\/GET00189-00.pdf\">Probabilidade I<\/a><\/li>\n<li style=\"text-align: left\">Videoaulas<\/li>\n<li style=\"text-align: left\">Cap\u00edtulo 1: Probabilidade<br \/>1.1 <a href=\"https:\/\/drive.google.com\/file\/d\/1cILvXJgy8foYxg3Ot8sXaJbY8CiP0alH\/view?usp=share_link\">Experimento aleat\u00f3rio, espa\u00e7o amostral e evento<\/a><br \/>1.2 <a href=\"https:\/\/drive.google.com\/file\/d\/1EfUpGJesxnwVHMDo3i1R5RQzV_wak4qm\/view?usp=share_link\">Probabilidade: axiomas e propriedades<\/a><br \/>1.3 <a href=\"https:\/\/drive.google.com\/file\/d\/1EP7eryhO7Pyz2eV2vAXlvqK4BbInBVWS\/view?usp=share_link\">Espa\u00e7os amostrais finitos e igualmente prov\u00e1veis<\/a><br \/>1.4 <a href=\"https:\/\/drive.google.com\/file\/d\/1JvRncuSeD98QxZeH5bV2O091I1A902HT\/view?usp=share_link\">Conjuntos limite e continuidade da probabilidade<\/a><\/li>\n<li style=\"text-align: left\">Cap\u00edtulo 2: Probabilidade Condicional<br \/>2.1 <a href=\"https:\/\/drive.google.com\/file\/d\/1RUbOvZ01fH9j3yUyrY5HYwrdCniEgcn1\/view?usp=share_link\">Probabilidade condicional<\/a><br \/>2.2 <a href=\"https:\/\/drive.google.com\/file\/d\/15PHZkP4FVrqLYmgg4n9i6FS1wuDqFCbo\/view?usp=share_link\">Regra da multiplica\u00e7\u00e3o<\/a><br \/>2.3 <a href=\"https:\/\/drive.google.com\/file\/d\/1L4sU7V0iP00-mZwZN1IJjF3KUzaRZD24\/view?usp=share_link\">Teorema da probabilidade total e teorema de Bayes<\/a><br \/>2.4 <a href=\"https:\/\/drive.google.com\/file\/d\/1bjf14uLvF7vb3c-CemEBiRAB-jdfJFIX\/view?usp=share_link\">Independ\u00eancia de eventos<\/a><\/li>\n<li style=\"text-align: left\">Cap\u00edtulo 3: Vari\u00e1veis Aleat\u00f3rias<br \/>3.1 e 3-2 <a href=\"https:\/\/drive.google.com\/file\/d\/1qzMyglc8E3hfrqdn7f-EKY5lLcpDOMOu\/view?usp=share_link\">Vari\u00e1veis aleat\u00f3rias e Fun\u00e7\u00e3o de distribui\u00e7\u00e3o<\/a><br \/>3.3 <a href=\"https:\/\/drive.google.com\/file\/d\/1rYRK7UJjiT5UHiEJSHrdOsEnhtHUL528\/view?usp=share_link\">Classifica\u00e7\u00e3o de vari\u00e1veis aleat\u00f3rias<\/a><\/li>\n<li style=\"text-align: left\">Cap\u00edtulo 4: Vari\u00e1veis Aleat\u00f3rias Discretas<br \/>4.1 <a href=\"https:\/\/drive.google.com\/file\/d\/1juFLbQ4rEx1foQ4mm5AR6s71SoaRHPj0\/view?usp=share_link\">Fun\u00e7\u00e3o de probabilidade<\/a><br \/>4.2 <a href=\"https:\/\/drive.google.com\/file\/d\/1T2MTUUy0rc6oKPpUGuN3xJgDZM2dJTY2\/view?usp=share_link\">Fun\u00e7\u00f5es de vari\u00e1veis aleat\u00f3rias discretas<\/a><br \/>4.3 <a href=\"https:\/\/drive.google.com\/file\/d\/1U89LGI3q99n4m6hgSXsO9jlYH9uuXOBQ\/view?usp=share_link\">Esperan\u00e7a de Vari\u00e1veis Aleat\u00f3rias Discretas<\/a><br \/>4.4 <a href=\"https:\/\/drive.google.com\/file\/d\/1QH2lBUskgJeJX83moiEPPC31yE4Axsad\/view?usp=share_link\">Vari\u00e2ncia e desvio-padr\u00e3o de vari\u00e1vel aleat\u00f3ria<\/a><\/li>\n<li style=\"text-align: left\">Cap\u00edtulo 5: Vari\u00e1veis Aleat\u00f3rias Cont\u00ednuas<br \/>5.1 <a href=\"https:\/\/drive.google.com\/file\/d\/1cruLEu_CMVYicJp7_NPKx7QY4KoQZGCq\/view?usp=share_link\">Fun\u00e7\u00e3o densidade de probabilidade<\/a><br \/>5.2 <a href=\"https:\/\/drive.google.com\/file\/d\/1SdpX0RqxALzMkKS-rzmMi-DNf5fwUP9n\/view?usp=share_link\">Fun\u00e7\u00f5es de vari\u00e1veis aleat\u00f3rias cont\u00ednuas &#8211; Parte 1<\/a><br \/>5.2 <a href=\"https:\/\/drive.google.com\/file\/d\/18qConVWbyxLmW4-hWYdnBoi9S7tw5dMY\/view?usp=share_link\">Fun\u00e7\u00f5es de vari\u00e1veis aleat\u00f3rias cont\u00ednuas &#8211; Parte 2<\/a><br \/>5.2 <a href=\"https:\/\/drive.google.com\/file\/d\/1srm2A6ahn8VQT_3u9i4moGj-lHRfoVOg\/view?usp=share_link\">Fun\u00e7\u00f5es de vari\u00e1veis aleat\u00f3rias cont\u00ednuas &#8211; Parte 3<\/a><br \/>5.3 <a href=\"https:\/\/drive.google.com\/file\/d\/1nc2joYaUHv6ibf7GZdD5ctiUxMNf7LQ7\/view?usp=share_link\">Esperan\u00e7a de vari\u00e1veis aleat\u00f3rias cont\u00ednuas<\/a><br \/>5.4 <a href=\"https:\/\/drive.google.com\/file\/d\/1U7eYnme4bCQIgP1UBwZs47jcJ-WBPutQ\/view?usp=share_link\">Vari\u00e2ncia e desvio-padr\u00e3o de vari\u00e1veis aleat\u00f3rias cont\u00ednuas<\/a><\/li>\n<li style=\"text-align: left\">Cap\u00edtulo 6: Momentos e sua fun\u00e7\u00e3o geradora<br \/>6.1 e 6-2 <a href=\"https:\/\/drive.google.com\/file\/d\/1lktZJC928UHWi8OhvbNce5GWDUjCxbBH\/view?usp=share_\">Momentos e sua fun\u00e7\u00e3o geradora<\/a><br \/>6.3 <a href=\"https:\/\/drive.google.com\/file\/d\/1bDU5LrrtivaM4sZ6c0iTbI3nOCWkOQ7T\/view?usp=share_link\">Distribui\u00e7\u00f5es sim\u00e9tricas<\/a><br \/>6.4 <a href=\"https:\/\/drive.google.com\/file\/d\/1E3xkEi4vUrqqywvCt4fEY-IJA9TurOdw\/view?usp=share_link\">Algumas desigualdades importantes<\/a><\/li>\n<li style=\"text-align: left\">Cap\u00edtulo 7: Algumas Distribui\u00e7\u00f5es Discretas<br \/>7.1 <a href=\"https:\/\/drive.google.com\/file\/d\/1pGC-sHxs4nGKXBlWxZlI-3c8Ypf53Is2\/view?usp=share_link\">Distribui\u00e7\u00e3o uniforme discreta<\/a><br \/>7.2 <a href=\"https:\/\/drive.google.com\/file\/d\/1gPkg-IIHK9Zjy6h3-v4pzdT-gMf6vXqx\/view?usp=share_link\">Distribui\u00e7\u00e3o de Bernoulli<\/a><br \/>7.3 <a href=\"https:\/\/drive.google.com\/file\/d\/1YTNOCwfWZ51VcCL9S9CEB4moTOHir6zY\/view?usp=share_link\">Distribui\u00e7\u00e3o binomial<\/a><br \/>7.4 <a href=\"https:\/\/drive.google.com\/file\/d\/1oNx_QLAtf9g0F5fw1LaPPjD4kUsohudo\/view?usp=share_link\">Distribui\u00e7\u00e3o geom\u00e9trica<\/a><br \/>7.5 <a href=\"https:\/\/drive.google.com\/file\/d\/1cYlqySuicePKe96qGuhxgWg2M1j-jbJV\/view?usp=share_link\">Distribui\u00e7\u00e3o binomial negativa<\/a><br \/>7.6 <a href=\"https:\/\/drive.google.com\/file\/d\/1Z3l3Nhk4FXC3MP-wI8Dnz9KmHPvrqXsH\/view?usp=share_link\">Distribui\u00e7\u00e3o hipergeom\u00e9trica<\/a><br \/>7.7 <a href=\"https:\/\/drive.google.com\/file\/d\/1V-mWn4lftxv1GfoJ-QBEuu_X2yOwKH09\/view?usp=share_link\">Distribui\u00e7\u00e3o de Poisson<\/a><\/li>\n<li style=\"text-align: left\">Cap\u00edtulo 8: Algumas Distribui\u00e7\u00f5es Cont\u00ednuas<br \/>8.1 <a href=\"https:\/\/drive.google.com\/file\/d\/1Vp1YePEoPLoQWOTML8NLR1aW7up3vZ3b\/view?usp=drive_link\">Distribui\u00e7\u00e3o uniforme<\/a><br \/>8.2 <a href=\"https:\/\/drive.google.com\/file\/d\/1mtLt4V4Cuoj3VZffsG1ISldEEt682MKE\/view?usp=share_link\">Distribui\u00e7\u00e3o exponencial<\/a><br \/>8.3 <a href=\"https:\/\/drive.google.com\/file\/d\/1hR1S9q5AOUHYgWVjRVJNQLxY72xX60TE\/view?usp=share_link\">Distribui\u00e7\u00e3o gama<\/a><br \/>8.4 <a href=\"https:\/\/drive.google.com\/file\/d\/17PhALvnM238IRHtbJmAvQfSLGCaMvZBL\/view?usp=share_link\">Distribui\u00e7\u00e3o beta<\/a><br \/>8.5 <a href=\"https:\/\/drive.google.com\/file\/d\/1zUdRr78LoYFQDorSUt1hRmD9m3ScF0-A\/view?usp=share_link\">Distribui\u00e7\u00e3o de Weibull<\/a><br \/>8.6 <a href=\"https:\/\/drive.google.com\/file\/d\/11Wwhz6nFtV_aAmFeLnQJyP9k1K3xfPaH\/view?usp=share_link\">Distribui\u00e7\u00e3o de Pareto<\/a><\/li>\n<li style=\"text-align: left\">Cap\u00edtulo 9: A Distribui\u00e7\u00e3o Normal<br \/>9.1 <a href=\"https:\/\/drive.google.com\/file\/d\/1rT-BYr9lXhqsc2a6e0oaRuTn-fIfWq9R\/view?usp=share_link\">Distribui\u00e7\u00e3o normal padr\u00e3o<\/a><br \/>9.2 <a href=\"https:\/\/drive.google.com\/file\/d\/1CvavtFg5h8S2KpKfXJOLlN11KY8TCQlK\/view?usp=share_link\">C\u00e1lculo de probabilidades da normal padr\u00e3o<\/a><br \/>9.3 <a href=\"https:\/\/drive.google.com\/file\/d\/1wzeR1nPeiS9hVda_MJJ0WHy1A7pBes68\/view?usp=share_link\">A distribui\u00e7\u00e3o normal<\/a><br \/>9.4 <a href=\"https:\/\/drive.google.com\/file\/d\/1wYHcKaDkiEtGGOLqQhq5YxPDMAKwTMgV\/view?usp=share_link\">C\u00e1lculo de probabilidades da normal<\/a><br \/>9.5 <a href=\"https:\/\/drive.google.com\/file\/d\/1vXvQz0T4CChZ3TJ-devZtCp_fnrmovlg\/view?usp=share_link\">C\u00e1lculo de quantis da distribui\u00e7\u00e3o normal&gt;<\/a><\/li>\n<\/ul>\n<p>[\/et_pb_cta][et_pb_cta title=&#8221;Outros Cursos&#8221; button_text=&#8221;Cliques&#8221; _builder_version=&#8221;4.16&#8243; _module_preset=&#8221;default&#8221; header_font=&#8221;|700|||||||&#8221; header_text_align=&#8221;left&#8221; header_text_color=&#8221;#e09900&#8243; body_font=&#8221;|600|||||||&#8221; body_text_color=&#8221;#E09900&#8243; body_font_size=&#8221;14px&#8221; background_color=&#8221;#EBDBB8&#8243; min_height=&#8221;150px&#8221; global_colors_info=&#8221;{}&#8221;]&nbsp;<\/p>\n<ul>\n<li style=\"text-align: left\"><a href=\"http:\/\/www.professores.uff.br\/anafarias\/wp-content\/uploads\/sites\/210\/2020\/09\/GET00188-0.pdf\"><\/a><a href=\"http:\/\/www.professores.uff.br\/anafarias\/wp-content\/uploads\/sites\/210\/2021\/01\/estdesc-0.pdf\">Estat\u00edstica Descritiva<\/a><\/li>\n<li style=\"text-align: left\"><a href=\"http:\/\/www.professores.uff.br\/anafarias\/wp-content\/uploads\/sites\/210\/2021\/01\/estdesc-0-light.pdf\" title=\"Estat\u00edstica Descritiva\">Estat\u00edstica Descritiva<\/a> (vers\u00e3o simplificada)<\/li>\n<li style=\"text-align: left\"><a href=\"http:\/\/www.professores.uff.br\/anafarias\/wp-content\/uploads\/sites\/210\/2021\/01\/estdesc-exercicios-com-gabarito.pdf\">Estat\u00edstica Descritiva &#8211; Exerc\u00edcios com gabarito<\/a><\/li>\n<li style=\"text-align: left\"><a href=\"http:\/\/www.professores.uff.br\/anafarias\/wp-content\/uploads\/sites\/210\/2020\/09\/numind-0.pdf\">N\u00fameros \u00cdndices<\/a><\/li>\n<li style=\"text-align: left\"><a href=\"http:\/\/www.professores.uff.br\/anafarias\/wp-content\/uploads\/sites\/210\/2020\/09\/probabilidade-00.pdf\" target=\"_blank\" rel=\"noopener noreferrer\">Probabilidade<\/a> (com gabarito)<\/li>\n<li style=\"text-align: left\"><a href=\"http:\/\/www.professores.uff.br\/anafarias\/wp-content\/uploads\/sites\/210\/2020\/09\/VADiscreta-0.pdf\">Vari\u00e1veis Aleat\u00f3rias Discretas<\/a><\/li>\n<li style=\"text-align: left\"><a href=\"http:\/\/www.professores.uff.br\/anafarias\/wp-content\/uploads\/sites\/210\/2020\/09\/VAContinua-0.pdf\">Vari\u00e1veis Aleat\u00f3rias Cont\u00ednuas<\/a><\/li>\n<li style=\"text-align: left\"><a href=\"http:\/\/www.professores.uff.br\/anafarias\/wp-content\/uploads\/sites\/210\/2020\/09\/VABidimensional-0.pdf\">Vari\u00e1veis Aleat\u00f3rias Bidimensionais<\/a><\/li>\n<li style=\"text-align: left\"><a href=\"http:\/\/www.professores.uff.br\/anafarias\/wp-content\/uploads\/sites\/210\/2020\/09\/inferencia-1pop-00.pdf\">Infer\u00eancia para uma popula\u00e7\u00e3o<\/a><\/li>\n<li style=\"text-align: left\"><a href=\"http:\/\/www.professores.uff.br\/anafarias\/wp-content\/uploads\/sites\/210\/2021\/03\/inferencia-1pop-light-00.pdf\">Infer\u00eancia para uma popula\u00e7\u00e3o<\/a>\u00a0(vers\u00e3o simplificada)<\/li>\n<li style=\"text-align: left\"><a href=\"http:\/\/www.professores.uff.br\/anafarias\/wp-content\/uploads\/sites\/210\/2020\/09\/inferencia-2pop-0.pdf\">Infer\u00eancia para duas popula\u00e7\u00f5es<\/a><\/li>\n<\/ul>\n<p>[\/et_pb_cta][\/et_pb_column][\/et_pb_row][\/et_pb_section]<\/p>\n","protected":false},"excerpt":{"rendered":"<p>&nbsp; Fundamentos de Matem\u00e1tica para Estat\u00edstica Introdu\u00e7\u00e3o \u00e0 Infer\u00eancia Probabilidade I Videoaulas Cap\u00edtulo 1: Probabilidade1.1 Experimento aleat\u00f3rio, espa\u00e7o amostral e evento1.2 Probabilidade: axiomas e propriedades1.3 Espa\u00e7os amostrais finitos e igualmente prov\u00e1veis1.4 Conjuntos limite e continuidade da probabilidade Cap\u00edtulo 2: Probabilidade Condicional2.1 Probabilidade condicional2.2 Regra da multiplica\u00e7\u00e3o2.3 Teorema da probabilidade total e teorema de Bayes2.4 Independ\u00eancia [&hellip;]<\/p>\n","protected":false},"author":240,"featured_media":0,"parent":0,"menu_order":0,"comment_status":"closed","ping_status":"closed","template":"","meta":{"_et_pb_use_builder":"on","_et_pb_old_content":"","_et_gb_content_width":"","_exactmetrics_skip_tracking":false,"_exactmetrics_sitenote_active":false,"_exactmetrics_sitenote_note":"","_exactmetrics_sitenote_category":0,"footnotes":""},"categories":[],"tags":[],"class_list":["post-114","page","type-page","status-publish","hentry"],"_links":{"self":[{"href":"https:\/\/www.professores.uff.br\/anafarias\/wp-json\/wp\/v2\/pages\/114","targetHints":{"allow":["GET"]}}],"collection":[{"href":"https:\/\/www.professores.uff.br\/anafarias\/wp-json\/wp\/v2\/pages"}],"about":[{"href":"https:\/\/www.professores.uff.br\/anafarias\/wp-json\/wp\/v2\/types\/page"}],"author":[{"embeddable":true,"href":"https:\/\/www.professores.uff.br\/anafarias\/wp-json\/wp\/v2\/users\/240"}],"replies":[{"embeddable":true,"href":"https:\/\/www.professores.uff.br\/anafarias\/wp-json\/wp\/v2\/comments?post=114"}],"version-history":[{"count":17,"href":"https:\/\/www.professores.uff.br\/anafarias\/wp-json\/wp\/v2\/pages\/114\/revisions"}],"predecessor-version":[{"id":188,"href":"https:\/\/www.professores.uff.br\/anafarias\/wp-json\/wp\/v2\/pages\/114\/revisions\/188"}],"wp:attachment":[{"href":"https:\/\/www.professores.uff.br\/anafarias\/wp-json\/wp\/v2\/media?parent=114"}],"wp:term":[{"taxonomy":"category","embeddable":true,"href":"https:\/\/www.professores.uff.br\/anafarias\/wp-json\/wp\/v2\/categories?post=114"},{"taxonomy":"post_tag","embeddable":true,"href":"https:\/\/www.professores.uff.br\/anafarias\/wp-json\/wp\/v2\/tags?post=114"}],"curies":[{"name":"wp","href":"https:\/\/api.w.org\/{rel}","templated":true}]}}