{"id":169,"date":"2023-06-15T12:05:58","date_gmt":"2023-06-15T15:05:58","guid":{"rendered":"http:\/\/www.professores.uff.br\/anafarias\/?page_id=169"},"modified":"2023-06-15T12:15:52","modified_gmt":"2023-06-15T15:15:52","slug":"direcao-do-ime","status":"publish","type":"page","link":"https:\/\/www.professores.uff.br\/anafarias\/direcao-do-ime\/","title":{"rendered":"Dire\u00e7\u00e3o do IME"},"content":{"rendered":"<p>[et_pb_section fb_built=&#8221;1&#8243; _builder_version=&#8221;4.16&#8243; _module_preset=&#8221;default&#8221; global_colors_info=&#8221;{}&#8221;][et_pb_row _builder_version=&#8221;4.16&#8243; _module_preset=&#8221;default&#8221; global_colors_info=&#8221;{}&#8221;][et_pb_column type=&#8221;4_4&#8243; _builder_version=&#8221;4.16&#8243; _module_preset=&#8221;default&#8221; global_colors_info=&#8221;{}&#8221;][et_pb_cta title=&#8221;Posse na Dire\u00e7\u00e3o do IME&#8221; button_text=&#8221;Cliques&#8221; _builder_version=&#8221;4.17.6&#8243; _module_preset=&#8221;default&#8221; header_font=&#8221;|700|||||||&#8221; header_text_align=&#8221;left&#8221; header_text_color=&#8221;#e09900&#8243; body_font=&#8221;|600|||||||&#8221; body_text_color=&#8221;#E09900&#8243; body_font_size=&#8221;14px&#8221; background_color=&#8221;#EBDBB8&#8243; min_height=&#8221;150px&#8221; hover_enabled=&#8221;0&#8243; global_colors_info=&#8221;{}&#8221; sticky_enabled=&#8221;0&#8243;]<\/p>\n<p style=\"text-align: left\">\u00c9 com enorme prazer que assumo a Dire\u00e7\u00e3o do Instituto de Matem\u00e1tica e Estat\u00edstica da Universidade Federal Fluminense!<\/p>\n<p style=\"text-align: center\"><a href=\"http:\/\/www.professores.uff.br\/anafarias\/wp-content\/uploads\/sites\/210\/2023\/06\/posse-videoAna.mp4\" target=\"_blank\" rel=\"noopener noreferrer\">Discurso de posse<\/a><\/p>\n<p>[\/et_pb_cta][\/et_pb_column][\/et_pb_row][\/et_pb_section]<\/p>\n","protected":false},"excerpt":{"rendered":"<p>\u00c9 com enorme prazer que assumo a Dire\u00e7\u00e3o do Instituto de Matem\u00e1tica e Estat\u00edstica da Universidade Federal Fluminense! Discurso de posse<\/p>\n","protected":false},"author":240,"featured_media":0,"parent":0,"menu_order":0,"comment_status":"closed","ping_status":"closed","template":"","meta":{"_et_pb_use_builder":"on","_et_pb_old_content":"","_et_gb_content_width":"","_exactmetrics_skip_tracking":false,"_exactmetrics_sitenote_active":false,"_exactmetrics_sitenote_note":"","_exactmetrics_sitenote_category":0,"footnotes":""},"categories":[],"tags":[],"class_list":["post-169","page","type-page","status-publish","hentry"],"_links":{"self":[{"href":"https:\/\/www.professores.uff.br\/anafarias\/wp-json\/wp\/v2\/pages\/169","targetHints":{"allow":["GET"]}}],"collection":[{"href":"https:\/\/www.professores.uff.br\/anafarias\/wp-json\/wp\/v2\/pages"}],"about":[{"href":"https:\/\/www.professores.uff.br\/anafarias\/wp-json\/wp\/v2\/types\/page"}],"author":[{"embeddable":true,"href":"https:\/\/www.professores.uff.br\/anafarias\/wp-json\/wp\/v2\/users\/240"}],"replies":[{"embeddable":true,"href":"https:\/\/www.professores.uff.br\/anafarias\/wp-json\/wp\/v2\/comments?post=169"}],"version-history":[{"count":5,"href":"https:\/\/www.professores.uff.br\/anafarias\/wp-json\/wp\/v2\/pages\/169\/revisions"}],"predecessor-version":[{"id":177,"href":"https:\/\/www.professores.uff.br\/anafarias\/wp-json\/wp\/v2\/pages\/169\/revisions\/177"}],"wp:attachment":[{"href":"https:\/\/www.professores.uff.br\/anafarias\/wp-json\/wp\/v2\/media?parent=169"}],"wp:term":[{"taxonomy":"category","embeddable":true,"href":"https:\/\/www.professores.uff.br\/anafarias\/wp-json\/wp\/v2\/categories?post=169"},{"taxonomy":"post_tag","embeddable":true,"href":"https:\/\/www.professores.uff.br\/anafarias\/wp-json\/wp\/v2\/tags?post=169"}],"curies":[{"name":"wp","href":"https:\/\/api.w.org\/{rel}","templated":true}]}}

Direção do IME

<p>[et_pb_section fb_built=&#8221;1&#8243; _builder_version=&#8221;4.16&#8243; _module_preset=&#8221;default&#8221; global_colors_info=&#8221;{}&#8221;][et_pb_row _builder_version=&#8221;4.16&#8243; _module_preset=&#8221;default&#8221; global_colors_info=&#8221;{}&#8221;][et_pb_column type=&#8221;4_4&#8243; _builder_version=&#8221;4.16&#8243; _module_preset=&#8221;default&#8221; global_colors_info=&#8221;{}&#8221;][et_pb_cta title=&#8221;Posse na Direção do IME&#8221; button_text=&#8221;Cliques&#8221; _builder_version=&#8221;4.17.6&#8243; _module_preset=&#8221;default&#8221; header_font=&#8221;|700|||||||&#8221; header_text_align=&#8221;left&#8221; header_text_color=&#8221;#e09900&#8243; body_font=&#8221;|600|||||||&#8221; body_text_color=&#8221;#E09900&#8243; body_font_size=&#8221;14px&#8221; background_color=&#8221;#EBDBB8&#8243; min_height=&#8221;150px&#8221; hover_enabled=&#8221;0&#8243; global_colors_info=&#8221;{}&#8221; sticky_enabled=&#8221;0&#8243;]</p>
<p style="text-align: left">É com enorme prazer que assumo a Direção do Instituto de Matemática e Estatística da Universidade Federal Fluminense!</p>
<p style="text-align: center"><a href="http://www.professores.uff.br/anafarias/wp-content/uploads/sites/210/2023/06/posse-videoAna.mp4" target="_blank" rel="noopener noreferrer">Discurso de posse</a></p>
<p>[/et_pb_cta][/et_pb_column][/et_pb_row][/et_pb_section]</p>

<p>É com enorme prazer que assumo a Direção do Instituto de Matemática e Estatística da Universidade Federal Fluminense! Discurso de posse</p>
