{"id":153,"date":"2017-07-28T12:51:47","date_gmt":"2017-07-28T15:51:47","guid":{"rendered":"http:\/\/www.professores.uff.br\/anamluz\/?page_id=153"},"modified":"2017-07-28T12:56:13","modified_gmt":"2017-07-28T15:56:13","slug":"gpm-algebra-linear-2016-1","status":"publish","type":"page","link":"https:\/\/www.professores.uff.br\/anamluz\/gpm-algebra-linear-2016-1\/","title":{"rendered":"GPM &#8211; \u00c1lgebra Linear &#8211;  2016.1"},"content":{"rendered":"<p><a href=\"http:\/\/www.professores.uff.br\/anamluz\/wp-content\/uploads\/sites\/36\/2017\/07\/ementa-AlgebraLinear.pdf\">Ementa da disciplina<\/a><\/p>\n<hr \/>\n<p><strong>Avisos:<\/strong><\/p>\n<p><strong>Per\u00edodo Letivo<\/strong>: 14\/03\/16 a 15\/07\/2016.<\/p>\n<p>Ver <a href=\"http:\/\/www.pgmat.uff.br\/index.php\/pt\/institucional\/calendarios\/50-calendario-2016\">Calend\u00e1rio da P\u00f3s<\/a><\/p>\n<hr \/>\n<p><strong>Datas das provas:<\/strong><\/p>\n<p>T1: 19\/04\/16<\/p>\n<p>P1: 19\/05\/16<\/p>\n<p>T2: 16\/06\/16<\/p>\n<p>P2: 14\/07\/16<\/p>\n<hr \/>\n<p><strong>Bibliografia:<\/strong><\/p>\n<ul>\n<li><strong>Hoffman, K. e Kunze, R. -Linear Algebra. Prentice Hall.<\/strong><\/li>\n<li><strong>Lima, E. L. -\u00c1lgebra Linear. Cole\u00e7\u00e3o Matem\u00e1tica Universit\u00e1ria, IMPA\/SBM<\/strong><\/li>\n<\/ul>\n<hr \/>\n<p><strong>Atendimento:<\/strong><\/p>\n<p>Agendar por e-mail<br \/>\nLocal: Gab 14 . Departamento de An\u00e1lise \u2013 4\u00ba andar do Instituto de Matem\u00e1tica \u2013 Campus do Valonguinho<\/p>\n<p>&nbsp;<\/p>\n<p style=\"text-align: center;\"><a href=\"http:\/\/www.professores.uff.br\/anamluz\/ensino\/\">Voltar para P\u00e1gina Anterior<\/a><\/p>\n<p style=\"text-align: center;\"><em>\u00daltima atualiza\u00e7\u00e3o em 16\/03\/2016.<\/em><\/p>\n","protected":false},"excerpt":{"rendered":"<p>Ementa da disciplina Avisos: Per\u00edodo Letivo: 14\/03\/16 a 15\/07\/2016. Ver Calend\u00e1rio da P\u00f3s Datas das provas: T1: 19\/04\/16 P1: 19\/05\/16 T2: 16\/06\/16 P2: 14\/07\/16 Bibliografia: Hoffman, K. e Kunze, R. -Linear Algebra. Prentice Hall. Lima, E. L. -\u00c1lgebra Linear. Cole\u00e7\u00e3o Matem\u00e1tica Universit\u00e1ria, IMPA\/SBM Atendimento: Agendar por e-mail Local: Gab 14 . Departamento de An\u00e1lise \u2013 [&hellip;]<\/p>\n","protected":false},"author":2,"featured_media":0,"parent":0,"menu_order":0,"comment_status":"closed","ping_status":"closed","template":"","meta":{"_exactmetrics_skip_tracking":false,"_exactmetrics_sitenote_active":false,"_exactmetrics_sitenote_note":"","_exactmetrics_sitenote_category":0,"footnotes":""},"categories":[],"tags":[],"class_list":["post-153","page","type-page","status-publish","hentry"],"_links":{"self":[{"href":"https:\/\/www.professores.uff.br\/anamluz\/wp-json\/wp\/v2\/pages\/153","targetHints":{"allow":["GET"]}}],"collection":[{"href":"https:\/\/www.professores.uff.br\/anamluz\/wp-json\/wp\/v2\/pages"}],"about":[{"href":"https:\/\/www.professores.uff.br\/anamluz\/wp-json\/wp\/v2\/types\/page"}],"author":[{"embeddable":true,"href":"https:\/\/www.professores.uff.br\/anamluz\/wp-json\/wp\/v2\/users\/2"}],"replies":[{"embeddable":true,"href":"https:\/\/www.professores.uff.br\/anamluz\/wp-json\/wp\/v2\/comments?post=153"}],"version-history":[{"count":5,"href":"https:\/\/www.professores.uff.br\/anamluz\/wp-json\/wp\/v2\/pages\/153\/revisions"}],"predecessor-version":[{"id":161,"href":"https:\/\/www.professores.uff.br\/anamluz\/wp-json\/wp\/v2\/pages\/153\/revisions\/161"}],"wp:attachment":[{"href":"https:\/\/www.professores.uff.br\/anamluz\/wp-json\/wp\/v2\/media?parent=153"}],"wp:term":[{"taxonomy":"category","embeddable":true,"href":"https:\/\/www.professores.uff.br\/anamluz\/wp-json\/wp\/v2\/categories?post=153"},{"taxonomy":"post_tag","embeddable":true,"href":"https:\/\/www.professores.uff.br\/anamluz\/wp-json\/wp\/v2\/tags?post=153"}],"curies":[{"name":"wp","href":"https:\/\/api.w.org\/{rel}","templated":true}]}}