{"id":204,"date":"2017-07-28T15:07:45","date_gmt":"2017-07-28T18:07:45","guid":{"rendered":"http:\/\/www.professores.uff.br\/anamluz\/?page_id=204"},"modified":"2017-07-28T15:07:45","modified_gmt":"2017-07-28T18:07:45","slug":"gma-00109-calculo-ii-a-turma-h1-2014-1","status":"publish","type":"page","link":"https:\/\/www.professores.uff.br\/anamluz\/gma-00109-calculo-ii-a-turma-h1-2014-1\/","title":{"rendered":"GMA 00109 &#8211; C\u00e1lculo II A &#8211; Turma H1 2014.1"},"content":{"rendered":"<p><strong>Avisos: 2014.1<\/strong><br \/>\nAlguns links podem n\u00e3o funcionar no Google Chrome mas funcionam no Internet Explorer.<br \/>\nPrograma da Disciplina (GMA00109)<br \/>\n<strong>Per\u00edodo Letivo:<\/strong> 17\/02\/2014 \u00e0 27\/06\/2014.<\/p>\n<hr \/>\n<p><strong>Datas das provas:<\/strong><br \/>\nT1: 19\/03\/2014 (*)<br \/>\nP1: 14\/04\/2014<br \/>\nT2: 19\/05\/2014 (*)<br \/>\nP2: 04\/06\/2014, NOVA DATA!<br \/>\nVR: 09\/06\/2014 (**) NOVA DATA!<br \/>\nVS: 16\/06\/2014 NOVA DATA!<br \/>\n(*) Testes n\u00e3o tem 2a. chamada! (**)VR somente para quem perdeu P1 ou P2.<br \/>\nNP1=T1+P1 (Peso 2), NP2=T2+P2 (Peso 3), A VR tem o peso da prova que perdeu, M\u00c9DIA=(2*NP1+3*NP2)\/5<\/p>\n<hr \/>\n<p><strong>Atendimento:<\/strong><br \/>\nAgendar por e-mail<br \/>\nLocal: Gab 14 . Departamento de An\u00e1lise \u2013 4\u00ba andar do Instituto de Matem\u00e1tica \u2013 Campus do Valonguinho<br \/>\nDia dispon\u00edvel: Quinta-feira 15:00h as 16:00h<\/p>\n<hr \/>\n<p><strong>Monitoria:<\/strong><br \/>\nTayn\u00e1: 3a. feira &#8211; 11:30\/ 13h , 4a. feira &#8211; 8\/11h, 5a feira 11\/12h30min<br \/>\nPedro Ricardo : 3\u00aa e 5\u00aa &#8211; 7:30\/10h30min<br \/>\nLocal: Departamento de Matem\u00e1tica Aplicada &#8211; 5o andar do Instituto de Matem\u00e1tica. Campus do Valonguinho<\/p>\n<hr \/>\n<p><strong>Refer\u00eancias<\/strong><\/p>\n<ul>\n<li><strong>Stewart, James; C\u00e1lculo; Vol. 1; Editora Pioneira Thomson Learning, 4\u00aaedi\u00e7\u00e3o,2001.<\/strong><\/li>\n<li><strong>Equa\u00e7\u00f5es Diferenciais Elementares e Problemas de Valores de Contorno Boyce e Di Prima.<\/strong><br \/>\n<strong> Outras refer\u00eancias utilizadas:<\/strong><\/li>\n<li><strong>Figueiredo, Djairo Guedes de;Neves, A. Freiria.Equa\u00e7\u00f5es Diferenciais Aplicadas, Cole\u00e7\u00e3o Projeto Euclides, IMPA, 1997.<\/strong><\/li>\n<li><strong>Guidorizzi,H.L., Um Curso de C\u00e1lculo, vol.1 e vol.2, Editora Ao Livro T\u00e9cnico S.A., 1986.<\/strong><\/li>\n<\/ul>\n<hr \/>\n<p><strong>Material dispon\u00edvel para download:<\/strong><\/p>\n<ul>\n<li>Listas e textos de 2013.2<\/li>\n<li>Provas 2012.1: <a href=\"http:\/\/www.professores.uff.br\/anamluz\/wp-content\/uploads\/sites\/36\/2017\/07\/81.pdf\">VE1<\/a> , <a href=\"http:\/\/www.professores.uff.br\/anamluz\/wp-content\/uploads\/sites\/36\/2017\/07\/82.pdf\">VE2<\/a> , <a href=\"http:\/\/www.professores.uff.br\/anamluz\/wp-content\/uploads\/sites\/36\/2017\/07\/83.pdf\">VR<\/a> , <a href=\"http:\/\/www.professores.uff.br\/anamluz\/wp-content\/uploads\/sites\/36\/2017\/07\/84.pdf\">VS<\/a><\/li>\n<li><a href=\"http:\/\/www.professores.uff.br\/anamluz\/wp-content\/uploads\/sites\/36\/2017\/07\/85.pdf\">Lista de Aplica\u00e7\u00f5es de Integral<\/a> \/ (<a href=\"http:\/\/www.professores.uff.br\/anamluz\/wp-content\/uploads\/sites\/36\/2017\/07\/86.pdf\">GAB<\/a>)<\/li>\n<li><a href=\"https:\/\/www.youtube.com\/watch?v=yBH5ezzY_-0\">V\u00eddeo Isto \u00e9 Matem\u00e1tica T04E09 A Caten\u00e1ria<\/a><\/li>\n<li><a href=\"http:\/\/www.professores.uff.br\/anamluz\/wp-content\/uploads\/sites\/36\/2017\/07\/87.pdf\">Lista EDO1<\/a> \/ <a href=\"http:\/\/www.professores.uff.br\/anamluz\/wp-content\/uploads\/sites\/36\/2017\/07\/88.pdf\">Lista EDO2<\/a> \/ <a href=\"http:\/\/www.professores.uff.br\/anamluz\/wp-content\/uploads\/sites\/36\/2017\/07\/89.pdf\">Lista EDO3<\/a><\/li>\n<li><a href=\"http:\/\/www.professores.uff.br\/anamluz\/wp-content\/uploads\/sites\/36\/2017\/07\/90.pdf\">Exerc\u00edcios sugeridos<\/a> (Boyce)<\/li>\n<li><a href=\"http:\/\/www.professores.uff.br\/anamluz\/wp-content\/uploads\/sites\/36\/2017\/07\/EDO_2a_ordem_Linear_12_05.pps\">Slides aula 12\/05<\/a><\/li>\n<li><a href=\"http:\/\/www.professores.uff.br\/anamluz\/wp-content\/uploads\/sites\/36\/2017\/07\/EDO_2a_ordem_Linear_14_05.pps\">Slides aula 14\/05<\/a><\/li>\n<li><a href=\"http:\/\/www.professores.uff.br\/anamluz\/wp-content\/uploads\/sites\/36\/2017\/07\/EDO_2a_ordem_Linear_19_05.pps\">Slides aula 19\/05<\/a><\/li>\n<li><a href=\"http:\/\/www.professores.uff.br\/anamluz\/wp-content\/uploads\/sites\/36\/2017\/07\/91.pdf\">Lista EDO4 <\/a>( <a href=\"http:\/\/www.professores.uff.br\/anamluz\/wp-content\/uploads\/sites\/36\/2017\/07\/92.pdf\">GAB<\/a>)\/<a href=\"http:\/\/www.professores.uff.br\/anamluz\/wp-content\/uploads\/sites\/36\/2017\/07\/93.pdf\">Lista EDO5<\/a><\/li>\n<\/ul>\n<p style=\"text-align: center;\"><a href=\"http:\/\/www.professores.uff.br\/anamluz\/ensino\/\">Voltar para P\u00e1gina Anterior<\/a><br \/>\n<em>\u00daltima atualiza\u00e7\u00e3o em 21\/05\/2014.<\/em><\/p>\n","protected":false},"excerpt":{"rendered":"<p>Avisos: 2014.1 Alguns links podem n\u00e3o funcionar no Google Chrome mas funcionam no Internet Explorer. Programa da Disciplina (GMA00109) Per\u00edodo Letivo: 17\/02\/2014 \u00e0 27\/06\/2014. Datas das provas: T1: 19\/03\/2014 (*) P1: 14\/04\/2014 T2: 19\/05\/2014 (*) P2: 04\/06\/2014, NOVA DATA! VR: 09\/06\/2014 (**) NOVA DATA! VS: 16\/06\/2014 NOVA DATA! (*) Testes n\u00e3o tem 2a. chamada! (**)VR [&hellip;]<\/p>\n","protected":false},"author":2,"featured_media":0,"parent":0,"menu_order":0,"comment_status":"closed","ping_status":"closed","template":"","meta":{"_exactmetrics_skip_tracking":false,"_exactmetrics_sitenote_active":false,"_exactmetrics_sitenote_note":"","_exactmetrics_sitenote_category":0,"footnotes":""},"categories":[],"tags":[],"class_list":["post-204","page","type-page","status-publish","hentry"],"_links":{"self":[{"href":"https:\/\/www.professores.uff.br\/anamluz\/wp-json\/wp\/v2\/pages\/204","targetHints":{"allow":["GET"]}}],"collection":[{"href":"https:\/\/www.professores.uff.br\/anamluz\/wp-json\/wp\/v2\/pages"}],"about":[{"href":"https:\/\/www.professores.uff.br\/anamluz\/wp-json\/wp\/v2\/types\/page"}],"author":[{"embeddable":true,"href":"https:\/\/www.professores.uff.br\/anamluz\/wp-json\/wp\/v2\/users\/2"}],"replies":[{"embeddable":true,"href":"https:\/\/www.professores.uff.br\/anamluz\/wp-json\/wp\/v2\/comments?post=204"}],"version-history":[{"count":1,"href":"https:\/\/www.professores.uff.br\/anamluz\/wp-json\/wp\/v2\/pages\/204\/revisions"}],"predecessor-version":[{"id":221,"href":"https:\/\/www.professores.uff.br\/anamluz\/wp-json\/wp\/v2\/pages\/204\/revisions\/221"}],"wp:attachment":[{"href":"https:\/\/www.professores.uff.br\/anamluz\/wp-json\/wp\/v2\/media?parent=204"}],"wp:term":[{"taxonomy":"category","embeddable":true,"href":"https:\/\/www.professores.uff.br\/anamluz\/wp-json\/wp\/v2\/categories?post=204"},{"taxonomy":"post_tag","embeddable":true,"href":"https:\/\/www.professores.uff.br\/anamluz\/wp-json\/wp\/v2\/tags?post=204"}],"curies":[{"name":"wp","href":"https:\/\/api.w.org\/{rel}","templated":true}]}}