{"id":644,"date":"2019-04-03T17:45:40","date_gmt":"2019-04-03T20:45:40","guid":{"rendered":"http:\/\/www.professores.uff.br\/anamluz\/?page_id=644"},"modified":"2019-07-01T16:37:54","modified_gmt":"2019-07-01T19:37:54","slug":"gan00030-topicos-de-mat-aplicada-a1-2019-1","status":"publish","type":"page","link":"https:\/\/www.professores.uff.br\/anamluz\/gan00030-topicos-de-mat-aplicada-a1-2019-1\/","title":{"rendered":"GAN00030- T\u00f3picos de Mat. Aplicada &#8211; A1 &#8211; 2019.1"},"content":{"rendered":"\n<p><strong>Avisos: 2019.1<\/strong><br><a href=\"http:\/\/www.professores.uff.br\/anamluz\/wp-content\/uploads\/sites\/36\/2019\/04\/ementa_topicos.pdf\">Ementa de T\u00f3picos de Matem\u00e1tica Aplicada<\/a><br><strong>Per\u00edodo Letivo:<\/strong>  18\/08\/19 a 22\/07\/19 <\/p>\n\n\n\n<hr class=\"wp-block-separator\" \/>\n\n\n\n<p><strong> Datas das provas:<\/strong><br><\/p>\n\n\n\n<p>P1: 30\/04\/19 (ter\u00e7a-feira)<\/p>\n\n\n\n<p>P2: 06\/06\/19 (quinta-feira) <\/p>\n\n\n\n<p>P3: 04\/07\/19 (quinta-feira)<\/p>\n\n\n\n<p>VR: 09\/07\/19(*)<\/p>\n\n\n\n<p>VS: 16\/07\/19<\/p>\n\n\n\n<p>(*) VR somente para quem perdeu P1 ou P2 ou P3  e a VR ser\u00e1 correspondente a prova perdida.<\/p>\n\n\n\n<p>Aulas com atividades avaliativas:<\/p>\n\n\n\n<p>Para P1: 16\/04\/2019 &#8211; Para P2: 28\/05\/19 &#8211; Para P3: 27\/06\/2019 (<strong><span style=\"color: red\">CANCELADA!<\/span><\/strong>)<\/p>\n\n\n\n<hr class=\"wp-block-separator\" \/>\n\n\n\n<p><strong>Atendimento:<\/strong><\/p>\n\n\n\n<ul class=\"wp-block-list\"><li>Com a professora: Agendar por e-mail<br>Local: Gab&nbsp;23 &#8211; Bloco G -.5\u00ba andar&nbsp; \u2013 Campus do Gragoat\u00e1<br>Dia dispon\u00edvel: Segunda-feira 15:00h as 16:00h<\/li><li> Monitoria: Aguardando o processo seletivo<\/li><\/ul>\n\n\n\n<hr class=\"wp-block-separator\" \/>\n\n\n\n<p><strong>Monitoria:<\/strong><\/p>\n\n\n\n<ul class=\"wp-block-list\"><li>informa\u00e7\u00f5es foram enviadas por e-mail<\/li><\/ul>\n\n\n\n<hr class=\"wp-block-separator\" \/>\n\n\n\n<p><strong>Atendimento com professora:<\/strong> Agendar por-e-mail<\/p>\n\n\n\n<p><strong>Material de estudo:<\/strong><\/p>\n\n\n\n<p>Apostila de T\u00f3picos de Matem\u00e1tica Aplicada das professoras Carla Nascimento Lopes e Maria Em\u00edlia Neves Cardoso<br>Material de apoio:<br>Stewart, J., C\u00e1lculo. Volume I, 5a Edi\u00e7\u00e3o ou 6a Edi\u00e7\u00e3o, 2006-9. Editora Thomson.<\/p>\n\n\n\n<hr class=\"wp-block-separator\" \/>\n\n\n\n<ul class=\"wp-block-list\"><li><strong>Material dispon\u00edvel para download:<\/strong><\/li><li><a href=\"http:\/\/www.professores.uff.br\/anamluz\/wp-content\/uploads\/sites\/36\/2017\/07\/ApostiladeFarmacia.pdf\">Apostila da disciplina<\/a><\/li><li><a href=\"http:\/\/www.professores.uff.br\/anamluz\/wp-content\/uploads\/sites\/36\/2017\/07\/Lista0_farm.pdf\">Teste Diagn\u00f3tico<\/a><\/li><li><a href=\"http:\/\/www.professores.uff.br\/anamluz\/wp-content\/uploads\/sites\/36\/2019\/04\/aula1_top_mat_aplicada_2019_1.pps\">Aula1<\/a><\/li><li><a href=\"http:\/\/www.professores.uff.br\/anamluz\/wp-content\/uploads\/sites\/36\/2019\/04\/topicos_aula4.pdf\">folha da Aula 4<\/a><\/li><li><a href=\"http:\/\/www.professores.uff.br\/anamluz\/wp-content\/uploads\/sites\/36\/2019\/04\/limites_infinitosAula_5_feita.pdf\">Aula5<\/a><\/li><li><a href=\"http:\/\/www.professores.uff.br\/anamluz\/wp-content\/uploads\/sites\/36\/2019\/05\/trabalho_P2_19_1.pdf\">Trabalho P2<\/a> &#8211; 07\/05\/19<\/li><li><a href=\"http:\/\/www.professores.uff.br\/anamluz\/wp-content\/uploads\/sites\/36\/2019\/05\/aplicacoes_de_derivada_graficos.pdf\">Aplica\u00e7\u00f5es de Derivada &#8211; Gr\u00e1ficos<\/a><\/li><li><a href=\"http:\/\/www.professores.uff.br\/anamluz\/wp-content\/uploads\/sites\/36\/2019\/05\/funcao_duas_variaveis.pdf\">Introdu\u00e7\u00e3o \u00e0 Fun\u00e7\u00f5es de duas vari\u00e1veis<\/a><\/li><li><a href=\"http:\/\/www.professores.uff.br\/anamluz\/wp-content\/uploads\/sites\/36\/2019\/06\/maximos_minimos_duas_variaveis.pdf\">M\u00e1ximos e M\u00ednimos &#8211; fun\u00e7\u00f5es de duas vari\u00e1veis<\/a><\/li><li><a href=\"http:\/\/www.professores.uff.br\/anamluz\/wp-content\/uploads\/sites\/36\/2019\/06\/Multiplicadores_de_Lagrange.pdf\">Multiplicadores de Lagrange<\/a><\/li><\/ul>\n\n\n\n<hr class=\"wp-block-separator\" \/>\n\n\n\n<p><strong>Provas Antigas de Top. de Mat. APlicada (2016.2):<\/strong><br><a href=\"http:\/\/www.professores.uff.br\/anamluz\/wp-content\/uploads\/sites\/36\/2019\/04\/P1_topicos.pdf\">P1<\/a> \/ <a href=\"http:\/\/www.professores.uff.br\/anamluz\/wp-content\/uploads\/sites\/36\/2019\/04\/P2_B.pdf\">P2<\/a> \/ <a href=\"http:\/\/www.professores.uff.br\/anamluz\/wp-content\/uploads\/sites\/36\/2019\/04\/vS.pdf\">VS<\/a><\/p>\n\n\n\n<hr class=\"wp-block-separator\" \/>\n\n\n\n<hr class=\"wp-block-separator\" \/>\n\n\n\n<p><a href=\"http:\/\/www.professores.uff.br\/anamluz\/ensino\/\">Voltar para P\u00e1gina Anterior<\/a><\/p>\n\n\n\n<p>\u00daltima Atualiza\u00e7\u00e3o: 01\/07\/19<\/p>\n","protected":false},"excerpt":{"rendered":"<p>Avisos: 2019.1Ementa de T\u00f3picos de Matem\u00e1tica AplicadaPer\u00edodo Letivo: 18\/08\/19 a 22\/07\/19 Datas das provas: P1: 30\/04\/19 (ter\u00e7a-feira) P2: 06\/06\/19 (quinta-feira) P3: 04\/07\/19 (quinta-feira) VR: 09\/07\/19(*) VS: 16\/07\/19 (*) VR somente para quem perdeu P1 ou P2 ou P3 e a VR ser\u00e1 correspondente a prova perdida. Aulas com atividades avaliativas: Para P1: 16\/04\/2019 &#8211; Para [&hellip;]<\/p>\n","protected":false},"author":38,"featured_media":0,"parent":0,"menu_order":0,"comment_status":"closed","ping_status":"closed","template":"","meta":{"_exactmetrics_skip_tracking":false,"_exactmetrics_sitenote_active":false,"_exactmetrics_sitenote_note":"","_exactmetrics_sitenote_category":0,"footnotes":""},"categories":[],"tags":[],"class_list":["post-644","page","type-page","status-publish","hentry"],"_links":{"self":[{"href":"https:\/\/www.professores.uff.br\/anamluz\/wp-json\/wp\/v2\/pages\/644","targetHints":{"allow":["GET"]}}],"collection":[{"href":"https:\/\/www.professores.uff.br\/anamluz\/wp-json\/wp\/v2\/pages"}],"about":[{"href":"https:\/\/www.professores.uff.br\/anamluz\/wp-json\/wp\/v2\/types\/page"}],"author":[{"embeddable":true,"href":"https:\/\/www.professores.uff.br\/anamluz\/wp-json\/wp\/v2\/users\/38"}],"replies":[{"embeddable":true,"href":"https:\/\/www.professores.uff.br\/anamluz\/wp-json\/wp\/v2\/comments?post=644"}],"version-history":[{"count":8,"href":"https:\/\/www.professores.uff.br\/anamluz\/wp-json\/wp\/v2\/pages\/644\/revisions"}],"predecessor-version":[{"id":730,"href":"https:\/\/www.professores.uff.br\/anamluz\/wp-json\/wp\/v2\/pages\/644\/revisions\/730"}],"wp:attachment":[{"href":"https:\/\/www.professores.uff.br\/anamluz\/wp-json\/wp\/v2\/media?parent=644"}],"wp:term":[{"taxonomy":"category","embeddable":true,"href":"https:\/\/www.professores.uff.br\/anamluz\/wp-json\/wp\/v2\/categories?post=644"},{"taxonomy":"post_tag","embeddable":true,"href":"https:\/\/www.professores.uff.br\/anamluz\/wp-json\/wp\/v2\/tags?post=644"}],"curies":[{"name":"wp","href":"https:\/\/api.w.org\/{rel}","templated":true}]}}