{"id":737,"date":"2019-08-23T16:16:52","date_gmt":"2019-08-23T19:16:52","guid":{"rendered":"http:\/\/www.professores.uff.br\/anamluz\/?page_id=737"},"modified":"2019-10-10T14:22:38","modified_gmt":"2019-10-10T17:22:38","slug":"gan00144-complementos-de-matematica-aplicada-turma-e1-2019-2","status":"publish","type":"page","link":"https:\/\/www.professores.uff.br\/anamluz\/gan00144-complementos-de-matematica-aplicada-turma-e1-2019-2\/","title":{"rendered":"GAN00144 &#8211; Complementos de Matem\u00e1tica Aplicada &#8211; Turma E1 &#8211; 2019.2"},"content":{"rendered":"<p>Ementa da disciplina:<a href=\"http:\/\/www.professores.uff.br\/anamluz\/wp-content\/uploads\/sites\/36\/2019\/08\/gan00144.pdf\">gan00144<\/a><\/p>\n\n\n<p><strong>Per\u00edodo letivo<\/strong>: 12\/08\/19-20\/12\/19<\/p>\n\n\n\n<p>P1: 18\/09\/19 <\/p>\n\n\n\n<p>P2: 04\/11\/19  <strong>NOVA DATA!<\/strong><\/p>\n\n\n\n<p>P3: 02\/12\/19<\/p>\n\n\n\n<p>VR: 09\/12\/19(**)<\/p>\n\n\n\n<p>VS: 16\/12\/19<\/p>\n\n\n\n<ul class=\"wp-block-list\"><li>Possibilidade de Atividades B\u00f4nus para cada prova: valor at\u00e9 1 ponto \u2013 datas a definir <\/li><li> (**) VR somente para quem perdeu P1 ou P2 ou P3 <\/li><\/ul>\n\n\n\n<hr class=\"wp-block-separator\" \/>\n\n\n\n<p><strong>Atendimento:<\/strong><br>Agendar por e-mail<br>Local: Gab&nbsp;23 &#8211; Bloco G -.5\u00ba andar&nbsp; \u2013 Campus do Gragoat\u00e1<br>Dia dispon\u00edvel:   Verificar possibilidades <\/p>\n\n\n\n<p>Monitoria: (Local: Sala 506 do bloco H &#8211; Gragoat\u00e1)<\/p>\n\n\n\n<hr class=\"wp-block-separator\" \/>\n\n\n<p>Material para Download:<\/p>\n<ul id=\"mce_0\" class=\"editor-rich-text__tinymce mce-content-body\" role=\"textbox\" aria-label=\"Escrever lista...\" data-is-placeholder-visible=\"false\">\n<li><a href=\"http:\/\/www.professores.uff.br\/anamluz\/wp-content\/uploads\/sites\/36\/2017\/07\/Lista0_farm.pdf\">Teste Diagn\u00f3tico<\/a><\/li>\n<li><a href=\"http:\/\/www.professores.uff.br\/anamluz\/wp-content\/uploads\/sites\/36\/2019\/08\/teste_verificacao_algebra.pdf\">Teste Verifica\u00e7\u00e3o \u00c1lgebra<\/a><\/li>\n<li><a href=\"http:\/\/www.professores.uff.br\/anamluz\/wp-content\/uploads\/sites\/36\/2019\/08\/teste_verifica\u00e7\u00e3o_funcoes.pdf\">Teste Verifica\u00e7\u00e3o Fun\u00e7\u00f5es<\/a><\/li>\n<li><a href=\"http:\/\/www.professores.uff.br\/anamluz\/wp-content\/uploads\/sites\/36\/2019\/08\/revisao_funcao.pdf\">Revis\u00e3o de Fun\u00e7\u00f5es<\/a><\/li>\n<li><a href=\"http:\/\/www.professores.uff.br\/anamluz\/wp-content\/uploads\/sites\/36\/2019\/08\/complementos_aula4.pdf\">Folha de No\u00e7\u00e3o de Limites (a completar)- Aula 4<\/a><\/li>\n<li><a href=\"http:\/\/www.professores.uff.br\/anamluz\/wp-content\/uploads\/sites\/36\/2019\/08\/Aula_4_feita.pdf\">Slides Aula 4<\/a><\/li>\n<li><a href=\"http:\/\/www.professores.uff.br\/anamluz\/wp-content\/uploads\/sites\/36\/2019\/08\/Aula_5_feita.pdf\">Slides Aula 5<\/a><\/li>\n<li><a href=\"http:\/\/www.professores.uff.br\/anamluz\/wp-content\/uploads\/sites\/36\/2019\/08\/propriedades_limites_infinitos.pdf\">Propriedade dos Limites Infinitos<\/a><\/li>\n<li>\n<p><a href=\"http:\/\/www.professores.uff.br\/anamluz\/wp-content\/uploads\/sites\/36\/2018\/03\/derivacao_implicita.pdf\">derivacao_implicita<\/a><\/p>\n<\/li>\n<li><a href=\"http:\/\/www.professores.uff.br\/anamluz\/wp-content\/uploads\/sites\/36\/2019\/10\/maximo_minimo.pdf\">Aula 16<\/a> (cont. aplica\u00e7\u00f5es de derivada)<\/li>\n<li><a href=\"http:\/\/www.professores.uff.br\/anamluz\/wp-content\/uploads\/sites\/36\/2017\/08\/roteiro_esboco_curva.pdf\">Roteiro para esbo\u00e7o de uma curva<\/a> (do Livro do Stewart)<\/li>\n<li><a href=\"http:\/\/www.professores.uff.br\/anamluz\/wp-content\/uploads\/sites\/36\/2019\/10\/rot_prob_otim2019_2.pdf\">Roteiro para problemas de M\u00e1ximo e M\u00ednimo<\/a><\/li>\n<\/ul>\n<p>\u00a0<\/p>\n\n\n<p><strong>Refer\u00eancias<\/strong><\/p>\n\n\n\n<p> Apostila elaborada pela Profa. Maria Em\u00edlia Neves Cardoso &#8211;  <a href=\"https:\/\/www.dropbox.com\/s\/vvej91gu3dg2gsk\/Notas%20de%20COMPLEMENTOS%20DE%20MATEM%C3%81TICA%20APLICADA.pdf?dl=0\">Complementos de Matem\u00e1tica Aplicada <\/a><\/p>\n\n\n\n<p>Material de apoio:<br>Stewart, J., C\u00e1lculo. Volume I, 5a Edi\u00e7\u00e3o ou 6a Edi\u00e7\u00e3o, 2006-9. Editora Thomson<\/p>\n","protected":false},"excerpt":{"rendered":"<p>Ementa da disciplina:gan00144 Per\u00edodo letivo: 12\/08\/19-20\/12\/19 P1: 18\/09\/19 P2: 04\/11\/19 NOVA DATA! P3: 02\/12\/19 VR: 09\/12\/19(**) VS: 16\/12\/19 Possibilidade de Atividades B\u00f4nus para cada prova: valor at\u00e9 1 ponto \u2013 datas a definir (**) VR somente para quem perdeu P1 ou P2 ou P3 Atendimento:Agendar por e-mailLocal: Gab&nbsp;23 &#8211; Bloco G -.5\u00ba andar&nbsp; \u2013 Campus [&hellip;]<\/p>\n","protected":false},"author":38,"featured_media":0,"parent":0,"menu_order":0,"comment_status":"closed","ping_status":"closed","template":"","meta":{"_exactmetrics_skip_tracking":false,"_exactmetrics_sitenote_active":false,"_exactmetrics_sitenote_note":"","_exactmetrics_sitenote_category":0,"footnotes":""},"categories":[],"tags":[],"class_list":["post-737","page","type-page","status-publish","hentry"],"_links":{"self":[{"href":"https:\/\/www.professores.uff.br\/anamluz\/wp-json\/wp\/v2\/pages\/737","targetHints":{"allow":["GET"]}}],"collection":[{"href":"https:\/\/www.professores.uff.br\/anamluz\/wp-json\/wp\/v2\/pages"}],"about":[{"href":"https:\/\/www.professores.uff.br\/anamluz\/wp-json\/wp\/v2\/types\/page"}],"author":[{"embeddable":true,"href":"https:\/\/www.professores.uff.br\/anamluz\/wp-json\/wp\/v2\/users\/38"}],"replies":[{"embeddable":true,"href":"https:\/\/www.professores.uff.br\/anamluz\/wp-json\/wp\/v2\/comments?post=737"}],"version-history":[{"count":10,"href":"https:\/\/www.professores.uff.br\/anamluz\/wp-json\/wp\/v2\/pages\/737\/revisions"}],"predecessor-version":[{"id":762,"href":"https:\/\/www.professores.uff.br\/anamluz\/wp-json\/wp\/v2\/pages\/737\/revisions\/762"}],"wp:attachment":[{"href":"https:\/\/www.professores.uff.br\/anamluz\/wp-json\/wp\/v2\/media?parent=737"}],"wp:term":[{"taxonomy":"category","embeddable":true,"href":"https:\/\/www.professores.uff.br\/anamluz\/wp-json\/wp\/v2\/categories?post=737"},{"taxonomy":"post_tag","embeddable":true,"href":"https:\/\/www.professores.uff.br\/anamluz\/wp-json\/wp\/v2\/tags?post=737"}],"curies":[{"name":"wp","href":"https:\/\/api.w.org\/{rel}","templated":true}]}}