{"id":780,"date":"2020-09-11T18:41:22","date_gmt":"2020-09-11T21:41:22","guid":{"rendered":"http:\/\/www.professores.uff.br\/anamluz\/?page_id=780"},"modified":"2023-03-15T21:22:56","modified_gmt":"2023-03-16T00:22:56","slug":"extensao","status":"publish","type":"page","link":"https:\/\/www.professores.uff.br\/anamluz\/extensao\/","title":{"rendered":"Extens\u00e3o"},"content":{"rendered":"\n<p>Os pilares que comp\u00f5em uma universidade p\u00fablica s\u00e3o o ensino, a pesquisa e a extens\u00e3o.<\/p>\n\n\n\n<p>O ensino \u00e9 a transmiss\u00e3o de conhecimentos atrav\u00e9s da abstra\u00e7\u00e3o e, quando poss\u00edvel, pr\u00e1tica de determinados assuntos, feitas por um docente.<\/p>\n\n\n\n<p>A pesquisa \u00e9 a oportunidade de aplicar e\/ou desenvolver novos conceitos a partir das bases constru\u00eddas pela etapa do ensino.<\/p>\n\n\n\n<p>A Extens\u00e3o \u00e9 a forma de articula\u00e7\u00e3o entre universidade e sociedade por meio de diversas a\u00e7\u00f5es. Como o pr\u00f3prio nome j\u00e1 diz, \u00e9 estender a universidade para al\u00e9m dos seus muros, interagindo com a comunidade, visando a troca de saberes.<\/p>\n\n\n\n<p>Atividades e extens\u00e3o que participo ou j\u00e1 participei:<\/p>\n\n\n\n<ul class=\"wp-block-list\"><li><strong>Matema.Ativa: Matem\u00e1tica Ativa e Criativa<\/strong><\/li><\/ul>\n\n\n\n<p>Instagram: <a href=\"https:\/\/www.instagram.com\/matema.ativa\/\">https:\/\/www.instagram.com\/matema.ativa\/<\/a><\/p>\n\n\n\n<p>Facebook: <a href=\"https:\/\/www.facebook.com\/matema.ativa\">https:\/\/www.facebook.com\/matema.ativa<\/a><\/p>\n\n\n\n<ul class=\"wp-block-list\"><li><strong>Programa D\u00e1 Licen\u00e7a<\/strong> atrav\u00e9s da A\u00e7\u00e3o:<\/li><\/ul>\n\n\n\n<figure class=\"wp-block-embed-wordpress wp-block-embed is-type-wp-embed is-provider-programa-da-licenca\"><div class=\"wp-block-embed__wrapper\">\nhttps:\/\/dalicenca.uff.br\/acoes\/modelagem-matematica\/\n<\/div><\/figure>\n\n\n\n<p><a href=\"https:\/\/www.instagram.com\/programadalicenca\/\">https:\/\/www.instagram.com\/programadalicenca\/<\/a><\/p>\n\n\n\n<ul class=\"wp-block-list\"><li><strong>Mulheres na Matem\u00e1tica<\/strong> (participei enquanto vice-coordenadora de 2017 a 2022) . <\/li><\/ul>\n\n\n\n<p>Site:  <a href=\"http:\/\/mulheresnamatematica.sites.uff.br\/\">http:\/\/mulheresnamatematica.sites.uff.br\/<\/a> <\/p>\n\n\n\n<p>Facebook:&nbsp;&nbsp;<a rel=\"noreferrer noopener\" href=\"https:\/\/www.facebook.com\/mulheresnamatematica\/\" target=\"_blank\">https:\/\/www.facebook.com\/mulheresnamatematica\/<\/a><\/p>\n\n\n\n<p>Twitter:&nbsp;&nbsp;<a rel=\"noreferrer noopener\" href=\"https:\/\/twitter.com\/Mulheresnamate1\" target=\"_blank\">https:\/\/twitter.com\/Mulheresnamate1<\/a><\/p>\n\n\n\n<p>Instagram:&nbsp;&nbsp;<a rel=\"noreferrer noopener\" href=\"https:\/\/www.instagram.com\/mulheresnamatematica\/\" target=\"_blank\">https:\/\/www.instagram.com\/mulheresnamatematica\/<\/a><\/p>\n\n\n\n<figure class=\"wp-block-image size-large\"><img loading=\"lazy\" decoding=\"async\" width=\"609\" height=\"499\" src=\"http:\/\/www.professores.uff.br\/anamluz\/wp-content\/uploads\/sites\/36\/2020\/09\/copia_WhatsApp-Image-2018-08-24-at-08.29.06.jpeg\" alt=\"\" class=\"wp-image-791\" srcset=\"https:\/\/www.professores.uff.br\/anamluz\/wp-content\/uploads\/sites\/36\/2020\/09\/copia_WhatsApp-Image-2018-08-24-at-08.29.06.jpeg 609w, https:\/\/www.professores.uff.br\/anamluz\/wp-content\/uploads\/sites\/36\/2020\/09\/copia_WhatsApp-Image-2018-08-24-at-08.29.06-300x246.jpeg 300w\" sizes=\"auto, (max-width: 609px) 100vw, 609px\" \/><figcaption>Falando para alunos do 9o ano sobre a matem\u00e1tica Sophie Germain<\/figcaption><\/figure>\n\n\n\n<figure class=\"wp-block-image size-large\"><img loading=\"lazy\" decoding=\"async\" width=\"1024\" height=\"498\" src=\"http:\/\/www.professores.uff.br\/anamluz\/wp-content\/uploads\/sites\/36\/2020\/09\/copia_20180928_083030-1024x498.jpg\" alt=\"\" class=\"wp-image-792\" srcset=\"https:\/\/www.professores.uff.br\/anamluz\/wp-content\/uploads\/sites\/36\/2020\/09\/copia_20180928_083030-1024x498.jpg 1024w, https:\/\/www.professores.uff.br\/anamluz\/wp-content\/uploads\/sites\/36\/2020\/09\/copia_20180928_083030-300x146.jpg 300w, https:\/\/www.professores.uff.br\/anamluz\/wp-content\/uploads\/sites\/36\/2020\/09\/copia_20180928_083030-768x373.jpg 768w, https:\/\/www.professores.uff.br\/anamluz\/wp-content\/uploads\/sites\/36\/2020\/09\/copia_20180928_083030-1536x747.jpg 1536w, https:\/\/www.professores.uff.br\/anamluz\/wp-content\/uploads\/sites\/36\/2020\/09\/copia_20180928_083030-2048x996.jpg 2048w\" sizes=\"auto, (max-width: 1024px) 100vw, 1024px\" \/><figcaption>Apresentamos um jogo para os alunos para introduzir conceitos de estat\u00edstica e sobre fun\u00e7\u00e3o e falamos sobre a trajet\u00f3ria de uma mulher que trabalha com pesquisa em estat\u00edstica atuando nas seguintes \u00e1reas:  An\u00e1lise de Sobreviv\u00eancia e Confiabilidade, Modelos de Risco, An\u00e1lise de Diagn\u00f3sticos, Infer\u00eancia Bayesiana, Modelos N\u00e3o-Lineares. .<\/figcaption><\/figure>\n\n\n\n<p><strong>Algumas Atividades Realizadas no Mulheres na Matem\u00e1tica:<\/strong><\/p>\n\n\n\n<ul class=\"wp-block-list\"><li>Live: Um olhar sobre as mulheres matem\u00e1ticas em Estrelas al\u00e9m do Tempo &#8211; 06\/05\/22 -&#8220;MAES de Gurias&#8221; <a href=\"https:\/\/youtu.be\/g7VN8GZIF1Y\">https:\/\/youtu.be\/g7VN8GZIF1Y<\/a><\/li><li>mesa redonda virtual de \u201cMATEM\u00c1TICA \u00c9 PARA MULHERES? \u2013 13\/05\/2021 \u2013 PIBID MAT\/FIS UFF\u201d &#8211;&nbsp;<a href=\"https:\/\/youtu.be\/uXHoyy6He90\"> https:\/\/youtu.be\/uXHoyy6He90<\/a><\/li><li>Web-Confer\u00eancia &#8220;Mulheres na Matem\u00e1tica&#8221;.<br><a href=\"https:\/\/youtu.be\/Z-SsuhplzCU\">https:\/\/youtu.be\/Z-SsuhplzCU<\/a> &#8211; 30\/09\/21<\/li><li>Palestra: A jornada de uma poetisa dos N\u00fameros: Maryam Mirzakhani (em conjunto com CineClube D\u00e1 Licen\u00e7a) \u2013 Maio 2020 &#8211;<a href=\"https:\/\/youtu.be\/tTb-Odrk5qU\">https:\/\/youtu.be\/tTb-Odrk5qU<\/a><\/li><li>Live no Instagram da SBM: Por que \u00e9 importante falar da Hist\u00f3ria das Mulheres Matem\u00e1ticas? 15\/05\/2020 \u2013 Link: <a href=\"https:\/\/www.instagram.com\/tv\/CAORAv4jvfe\/?utm_source=ig_web_copy_link\">https:\/\/www.instagram.com\/tv\/CAORAv4jvfe\/?utm_source=ig_web_copy_link<\/a><\/li><\/ul>\n\n\n\n<p><strong>Livro fruto do projeto:<\/strong><\/p>\n\n\n\n<p><strong><a rel=\"noreferrer noopener\" href=\"http:\/\/lattes.cnpq.br\/9209134174016221\" target=\"_blank\">LUZ, Ana Maria<\/a><\/strong>; FERNANDEZ, C. S. ; VIANA, I. V. <a href=\"https:\/\/www.sbm.org.br\/wp-content\/uploads\/2019\/05\/ultimo.minicurso_historia_hipatia_muitas_outras_matematicas.pdf\">A hist\u00f3ria de Hip\u00e1tia e de muitas outras matem\u00e1ticas.<\/a> 1. ed. Rio de Janeiro: SBM, 2018. <\/p>\n\n\n\n<figure class=\"wp-block-image size-large\"><img loading=\"lazy\" decoding=\"async\" width=\"535\" height=\"535\" src=\"http:\/\/www.professores.uff.br\/anamluz\/wp-content\/uploads\/sites\/36\/2020\/09\/image.png\" alt=\"\" class=\"wp-image-795\" srcset=\"https:\/\/www.professores.uff.br\/anamluz\/wp-content\/uploads\/sites\/36\/2020\/09\/image.png 535w, https:\/\/www.professores.uff.br\/anamluz\/wp-content\/uploads\/sites\/36\/2020\/09\/image-300x300.png 300w, https:\/\/www.professores.uff.br\/anamluz\/wp-content\/uploads\/sites\/36\/2020\/09\/image-150x150.png 150w\" sizes=\"auto, (max-width: 535px) 100vw, 535px\" \/><\/figure>\n","protected":false},"excerpt":{"rendered":"<p>Os pilares que comp\u00f5em uma universidade p\u00fablica s\u00e3o o ensino, a pesquisa e a extens\u00e3o. O ensino \u00e9 a transmiss\u00e3o de conhecimentos atrav\u00e9s da abstra\u00e7\u00e3o e, quando poss\u00edvel, pr\u00e1tica de determinados assuntos, feitas por um docente. A pesquisa \u00e9 a oportunidade de aplicar e\/ou desenvolver novos conceitos a partir das bases constru\u00eddas pela etapa do [&hellip;]<\/p>\n","protected":false},"author":38,"featured_media":0,"parent":0,"menu_order":0,"comment_status":"closed","ping_status":"closed","template":"","meta":{"_exactmetrics_skip_tracking":false,"_exactmetrics_sitenote_active":false,"_exactmetrics_sitenote_note":"","_exactmetrics_sitenote_category":0,"footnotes":""},"categories":[],"tags":[],"class_list":["post-780","page","type-page","status-publish","hentry"],"_links":{"self":[{"href":"https:\/\/www.professores.uff.br\/anamluz\/wp-json\/wp\/v2\/pages\/780","targetHints":{"allow":["GET"]}}],"collection":[{"href":"https:\/\/www.professores.uff.br\/anamluz\/wp-json\/wp\/v2\/pages"}],"about":[{"href":"https:\/\/www.professores.uff.br\/anamluz\/wp-json\/wp\/v2\/types\/page"}],"author":[{"embeddable":true,"href":"https:\/\/www.professores.uff.br\/anamluz\/wp-json\/wp\/v2\/users\/38"}],"replies":[{"embeddable":true,"href":"https:\/\/www.professores.uff.br\/anamluz\/wp-json\/wp\/v2\/comments?post=780"}],"version-history":[{"count":15,"href":"https:\/\/www.professores.uff.br\/anamluz\/wp-json\/wp\/v2\/pages\/780\/revisions"}],"predecessor-version":[{"id":836,"href":"https:\/\/www.professores.uff.br\/anamluz\/wp-json\/wp\/v2\/pages\/780\/revisions\/836"}],"wp:attachment":[{"href":"https:\/\/www.professores.uff.br\/anamluz\/wp-json\/wp\/v2\/media?parent=780"}],"wp:term":[{"taxonomy":"category","embeddable":true,"href":"https:\/\/www.professores.uff.br\/anamluz\/wp-json\/wp\/v2\/categories?post=780"},{"taxonomy":"post_tag","embeddable":true,"href":"https:\/\/www.professores.uff.br\/anamluz\/wp-json\/wp\/v2\/tags?post=780"}],"curies":[{"name":"wp","href":"https:\/\/api.w.org\/{rel}","templated":true}]}}