{"id":15,"date":"2017-08-01T12:24:28","date_gmt":"2017-08-01T15:24:28","guid":{"rendered":"http:\/\/www.professores.uff.br\/andrenepomuceno\/?page_id=15"},"modified":"2017-08-01T12:24:28","modified_gmt":"2017-08-01T15:24:28","slug":"talks-apresentacoes-em-conferencias","status":"publish","type":"page","link":"https:\/\/www.professores.uff.br\/andrenepomuceno\/talks-apresentacoes-em-conferencias\/","title":{"rendered":"Talks (Apresenta\u00e7\u00f5es em Confer\u00eancias)"},"content":{"rendered":"<p>Search for W&#8217; at 7 TeV with ATLAS (ENFPC 2011)<\/p>\n<p><a href=\"http:\/\/www.professores.uff.br\/andrenepomuceno\/wp-content\/uploads\/sites\/41\/2017\/08\/silafae2012_nepomuceno.pdf\">Search for High-Mass Resonances decaying to Dileptons with ATLAS <\/a>(SILAFAE 2012)<\/p>\n<p><a href=\"http:\/\/www.professores.uff.br\/andrenepomuceno\/wp-content\/uploads\/sites\/41\/2017\/08\/talk_nepomuceno_ef2013.pdf\">Bounds on Z&#8217; from 331 Models at the LHC<\/a> (ENFPC 2013)<\/p>\n<p><a href=\"http:\/\/www.professores.uff.br\/andrenepomuceno\/wp-content\/uploads\/sites\/41\/2017\/08\/talk_nepomuceno_ef2013-1.pdf\">LHC Reloaded &#8211; Em busca da Nova F\u00edsica<\/a> (Encontro Mineiro de F\u00edsica 2014)<\/p>\n","protected":false},"excerpt":{"rendered":"<p>Search for W&#8217; at 7 TeV with ATLAS (ENFPC 2011) Search for High-Mass Resonances decaying to Dileptons with ATLAS (SILAFAE 2012) Bounds on Z&#8217; from 331 Models at the LHC (ENFPC 2013) LHC Reloaded &#8211; Em busca da Nova F\u00edsica (Encontro Mineiro de F\u00edsica 2014)<\/p>\n","protected":false},"author":2,"featured_media":0,"parent":0,"menu_order":0,"comment_status":"closed","ping_status":"closed","template":"","meta":{"_exactmetrics_skip_tracking":false,"_exactmetrics_sitenote_active":false,"_exactmetrics_sitenote_note":"","_exactmetrics_sitenote_category":0,"footnotes":""},"categories":[],"tags":[],"class_list":["post-15","page","type-page","status-publish","hentry"],"_links":{"self":[{"href":"https:\/\/www.professores.uff.br\/andrenepomuceno\/wp-json\/wp\/v2\/pages\/15","targetHints":{"allow":["GET"]}}],"collection":[{"href":"https:\/\/www.professores.uff.br\/andrenepomuceno\/wp-json\/wp\/v2\/pages"}],"about":[{"href":"https:\/\/www.professores.uff.br\/andrenepomuceno\/wp-json\/wp\/v2\/types\/page"}],"author":[{"embeddable":true,"href":"https:\/\/www.professores.uff.br\/andrenepomuceno\/wp-json\/wp\/v2\/users\/2"}],"replies":[{"embeddable":true,"href":"https:\/\/www.professores.uff.br\/andrenepomuceno\/wp-json\/wp\/v2\/comments?post=15"}],"version-history":[{"count":1,"href":"https:\/\/www.professores.uff.br\/andrenepomuceno\/wp-json\/wp\/v2\/pages\/15\/revisions"}],"predecessor-version":[{"id":19,"href":"https:\/\/www.professores.uff.br\/andrenepomuceno\/wp-json\/wp\/v2\/pages\/15\/revisions\/19"}],"wp:attachment":[{"href":"https:\/\/www.professores.uff.br\/andrenepomuceno\/wp-json\/wp\/v2\/media?parent=15"}],"wp:term":[{"taxonomy":"category","embeddable":true,"href":"https:\/\/www.professores.uff.br\/andrenepomuceno\/wp-json\/wp\/v2\/categories?post=15"},{"taxonomy":"post_tag","embeddable":true,"href":"https:\/\/www.professores.uff.br\/andrenepomuceno\/wp-json\/wp\/v2\/tags?post=15"}],"curies":[{"name":"wp","href":"https:\/\/api.w.org\/{rel}","templated":true}]}}