{"id":263,"date":"2022-07-26T17:57:25","date_gmt":"2022-07-26T20:57:25","guid":{"rendered":"http:\/\/www.professores.uff.br\/andrenepomuceno\/?page_id=263"},"modified":"2022-07-26T18:04:44","modified_gmt":"2022-07-26T21:04:44","slug":"metodos-computacionais-da-fisica","status":"publish","type":"page","link":"https:\/\/www.professores.uff.br\/andrenepomuceno\/metodos-computacionais-da-fisica\/","title":{"rendered":"M\u00e9todos Computacionais"},"content":{"rendered":"\n<p class=\"has-medium-font-size\"><strong>M\u00e9todos Computacionais da F\u00edsica<\/strong><\/p>\n\n\n\n<p> <strong>objetivo<\/strong>: introduzir t\u00e9cnicas de computa\u00e7\u00e3o, an\u00e1lise num\u00e9rica e visualiza\u00e7\u00e3o aplicadas \u00e0 f\u00edsica.<\/p>\n\n\n\n<p> <strong>Ementa<\/strong>. Introdu\u00e7\u00e3o ao Python. Modelagem de sistemas mec\u00e2nicos. Modelagem de campos el\u00e9tricos e magn\u00e9ticos. Modelagem de sistemas qu\u00e2nticos. Modelagem de sistemas aleat\u00f3rios.  <\/p>\n\n\n\n<p>\n<strong>Programa<\/strong><\/p>\n\n\n\n<p><strong>1. Introdu\u00e7\u00e3o ao Python<\/strong><\/p>\n\n\n\n<p>1.1\n&#8211; Python B\u00e1sico<\/p>\n\n\n\n<p>1.2\n&#8211; Bibliotecas Numpy, Scipy e Matplotlib<\/p>\n\n\n\n<p><strong>2. Sistemas Mec\u00e2nicos<\/strong><\/p>\n\n\n\n<p>2.1\n&#8211; Movimento real\u00edstico de proj\u00e9teis<\/p>\n\n\n\n<p>2.2\n&#8211; Movimento harm\u00f4nico simples, amortecido e amortecido for\u00e7ado<\/p>\n\n\n\n<p>2.3\n&#8211; P\u00eandulo n\u00e3o-linear e caos<\/p>\n\n\n\n<p>2.4\n&#8211; Mapa log\u00edstico<\/p>\n\n\n\n<p>2.5\n&#8211; O modelo de Lorenz<\/p>\n\n\n\n<p>2.7\n&#8211; Leis de Kepler<\/p>\n\n\n\n<p>2.8\n&#8211; Estabilidade da \u00f3rbita dos planetas<\/p>\n\n\n\n<p><strong>3. Campos El\u00e9tricos e Magn\u00e9ticos<\/strong><\/p>\n\n\n\n<p>3.1\n&#8211; Equa\u00e7\u00e3o de Laplace<\/p>\n\n\n\n<p>3.2\n&#8211; Campos magn\u00e9ticos produzidos por de diferentes configura\u00e7\u00f5es de\ncorrente.<\/p>\n\n\n\n<p><strong>4. Sistemas Qu\u00e2nticos<\/strong><\/p>\n\n\n\n<p>4.1\n&#8211; O M\u00e9todo de Shooting<\/p>\n\n\n\n<p>4.2\n&#8211; Po\u00e7o de potencial quadrado<\/p>\n\n\n\n<p>4.3\n&#8211; Po\u00e7o de potencial quadrado duplo<\/p>\n\n\n\n<p><strong>5. Sistemas Aleat\u00f3rios<\/strong><\/p>\n\n\n\n<p>5.1\n&#8211; M\u00e9todo de Monte Carlo<\/p>\n\n\n\n<p>5.2\n&#8211; Passeio aleat\u00f3rio<\/p>\n\n\n\n<p>5.3 &#8211; Passeio aleat\u00f3rio e difus\u00e3o <\/p>\n","protected":false},"excerpt":{"rendered":"<p>M\u00e9todos Computacionais da F\u00edsica objetivo: introduzir t\u00e9cnicas de computa\u00e7\u00e3o, an\u00e1lise num\u00e9rica e visualiza\u00e7\u00e3o aplicadas \u00e0 f\u00edsica. Ementa. Introdu\u00e7\u00e3o ao Python. Modelagem de sistemas mec\u00e2nicos. Modelagem de campos el\u00e9tricos e magn\u00e9ticos. Modelagem de sistemas qu\u00e2nticos. Modelagem de sistemas aleat\u00f3rios. Programa 1. Introdu\u00e7\u00e3o ao Python 1.1 &#8211; Python B\u00e1sico 1.2 &#8211; Bibliotecas Numpy, Scipy e Matplotlib 2. [&hellip;]<\/p>\n","protected":false},"author":43,"featured_media":0,"parent":0,"menu_order":0,"comment_status":"closed","ping_status":"closed","template":"","meta":{"_exactmetrics_skip_tracking":false,"_exactmetrics_sitenote_active":false,"_exactmetrics_sitenote_note":"","_exactmetrics_sitenote_category":0,"footnotes":""},"categories":[],"tags":[],"class_list":["post-263","page","type-page","status-publish","hentry"],"_links":{"self":[{"href":"https:\/\/www.professores.uff.br\/andrenepomuceno\/wp-json\/wp\/v2\/pages\/263","targetHints":{"allow":["GET"]}}],"collection":[{"href":"https:\/\/www.professores.uff.br\/andrenepomuceno\/wp-json\/wp\/v2\/pages"}],"about":[{"href":"https:\/\/www.professores.uff.br\/andrenepomuceno\/wp-json\/wp\/v2\/types\/page"}],"author":[{"embeddable":true,"href":"https:\/\/www.professores.uff.br\/andrenepomuceno\/wp-json\/wp\/v2\/users\/43"}],"replies":[{"embeddable":true,"href":"https:\/\/www.professores.uff.br\/andrenepomuceno\/wp-json\/wp\/v2\/comments?post=263"}],"version-history":[{"count":4,"href":"https:\/\/www.professores.uff.br\/andrenepomuceno\/wp-json\/wp\/v2\/pages\/263\/revisions"}],"predecessor-version":[{"id":269,"href":"https:\/\/www.professores.uff.br\/andrenepomuceno\/wp-json\/wp\/v2\/pages\/263\/revisions\/269"}],"wp:attachment":[{"href":"https:\/\/www.professores.uff.br\/andrenepomuceno\/wp-json\/wp\/v2\/media?parent=263"}],"wp:term":[{"taxonomy":"category","embeddable":true,"href":"https:\/\/www.professores.uff.br\/andrenepomuceno\/wp-json\/wp\/v2\/categories?post=263"},{"taxonomy":"post_tag","embeddable":true,"href":"https:\/\/www.professores.uff.br\/andrenepomuceno\/wp-json\/wp\/v2\/tags?post=263"}],"curies":[{"name":"wp","href":"https:\/\/api.w.org\/{rel}","templated":true}]}}