{"id":277,"date":"2019-01-22T17:58:38","date_gmt":"2019-01-22T19:58:38","guid":{"rendered":"http:\/\/www.professores.uff.br\/asunjg\/?page_id=277"},"modified":"2019-01-22T17:58:38","modified_gmt":"2019-01-22T19:58:38","slug":"gd2019","status":"publish","type":"page","link":"https:\/\/www.professores.uff.br\/asunjg\/gd2019\/","title":{"rendered":"Grupo de Trabalho GD 2019"},"content":{"rendered":"<h4>O Grupo de Trabalho sobre Geometria Diferencial 2019 faz parte da programa\u00e7\u00e3o do Ver\u00e3o da P\u00f3s-Gradua\u00e7\u00e3o em Matem\u00e1tica.<\/h4>\n<h4>Ele tem como objetivo reunir especialistas em diferentes t\u00f3picos da \u00e1rea, vindos do norte ao sul do pa\u00eds, para compartilhar suas pesquisas e fortalecer la\u00e7os de trabalho.<\/h4>\n<h4><strong>Datas:<\/strong> 25 e 26 de fevereiro de 2019<\/h4>\n<h4><strong>Local:<\/strong> Sala 407, 4\u00ba andar bloco H, Campus do Gragoat\u00e1, IME-UFF<\/h4>\n<h4><strong>Palestrantes Convidados:<\/strong><\/h4>\n<h4>Alexandre Paiva Barreto (UFSCar)<\/h4>\n<h4>\u00c1lvaro Kr\u00fcger Ramos (UFRGS)<\/h4>\n<h4>Ernani de Sousa Ribeiro J\u00fanior (UFC)<\/h4>\n<h4>Graham Andrew Smith (UFRJ)<\/h4>\n<h4>Henrique N. Sa Earp (Unicamp)<\/h4>\n<h4>Jo\u00e3o Paulo dos Santos (UnB)<\/h4>\n<h4>Keti Tenenblat (UnB)<\/h4>\n<h4>Matheus Brioschi H. Vieira (UFES)<\/h4>\n<p>&nbsp;<\/p>\n<h4><a href=\"https:\/\/www.dropbox.com\/s\/j9o0lea3x1eiuyp\/programa%C3%A7%C3%A3o.pdf?dl=0\">PROGRAMA\u00c7\u00c3O<\/a><\/h4>\n<h4><a href=\"https:\/\/www.dropbox.com\/s\/cw82iicxuflzvxv\/resumos.pdf?dl=0\">RESUMOS<\/a><\/h4>\n<h4><strong>Contato: majimenezgrande[at]id.uff.br<\/strong><\/h4>\n<p>&nbsp;<\/p>\n<p>&nbsp;<\/p>\n","protected":false},"excerpt":{"rendered":"<p>O Grupo de Trabalho sobre Geometria Diferencial 2019 faz parte da programa\u00e7\u00e3o do Ver\u00e3o da P\u00f3s-Gradua\u00e7\u00e3o em Matem\u00e1tica. Ele tem como objetivo reunir especialistas em diferentes t\u00f3picos da \u00e1rea, vindos do norte ao sul do pa\u00eds, para compartilhar suas pesquisas e fortalecer la\u00e7os de trabalho. Datas: 25 e 26 de fevereiro de 2019 Local: Sala [&hellip;]<\/p>\n","protected":false},"author":83,"featured_media":0,"parent":0,"menu_order":0,"comment_status":"closed","ping_status":"closed","template":"","meta":{"_exactmetrics_skip_tracking":false,"_exactmetrics_sitenote_active":false,"_exactmetrics_sitenote_note":"","_exactmetrics_sitenote_category":0,"footnotes":""},"categories":[],"tags":[],"class_list":["post-277","page","type-page","status-publish","hentry"],"_links":{"self":[{"href":"https:\/\/www.professores.uff.br\/asunjg\/wp-json\/wp\/v2\/pages\/277","targetHints":{"allow":["GET"]}}],"collection":[{"href":"https:\/\/www.professores.uff.br\/asunjg\/wp-json\/wp\/v2\/pages"}],"about":[{"href":"https:\/\/www.professores.uff.br\/asunjg\/wp-json\/wp\/v2\/types\/page"}],"author":[{"embeddable":true,"href":"https:\/\/www.professores.uff.br\/asunjg\/wp-json\/wp\/v2\/users\/83"}],"replies":[{"embeddable":true,"href":"https:\/\/www.professores.uff.br\/asunjg\/wp-json\/wp\/v2\/comments?post=277"}],"version-history":[{"count":11,"href":"https:\/\/www.professores.uff.br\/asunjg\/wp-json\/wp\/v2\/pages\/277\/revisions"}],"predecessor-version":[{"id":289,"href":"https:\/\/www.professores.uff.br\/asunjg\/wp-json\/wp\/v2\/pages\/277\/revisions\/289"}],"wp:attachment":[{"href":"https:\/\/www.professores.uff.br\/asunjg\/wp-json\/wp\/v2\/media?parent=277"}],"wp:term":[{"taxonomy":"category","embeddable":true,"href":"https:\/\/www.professores.uff.br\/asunjg\/wp-json\/wp\/v2\/categories?post=277"},{"taxonomy":"post_tag","embeddable":true,"href":"https:\/\/www.professores.uff.br\/asunjg\/wp-json\/wp\/v2\/tags?post=277"}],"curies":[{"name":"wp","href":"https:\/\/api.w.org\/{rel}","templated":true}]}}

<h4>O Grupo de Trabalho sobre Geometria Diferencial 2019 faz parte da programação do Verão da Pós-Graduação em Matemática.</h4>
<h4>Ele tem como objetivo reunir especialistas em diferentes tópicos da área, vindos do norte ao sul do país, para compartilhar suas pesquisas e fortalecer laços de trabalho.</h4>
<h4><strong>Datas:</strong> 25 e 26 de fevereiro de 2019</h4>
<h4><strong>Local:</strong> Sala 407, 4º andar bloco H, Campus do Gragoatá, IME-UFF</h4>
<h4><strong>Palestrantes Convidados:</strong></h4>
<h4>Alexandre Paiva Barreto (UFSCar)</h4>
<h4>Álvaro Krüger Ramos (UFRGS)</h4>
<h4>Ernani de Sousa Ribeiro Júnior (UFC)</h4>
<h4>Graham Andrew Smith (UFRJ)</h4>
<h4>Henrique N. Sa Earp (Unicamp)</h4>
<h4>João Paulo dos Santos (UnB)</h4>
<h4>Keti Tenenblat (UnB)</h4>
<h4>Matheus Brioschi H. Vieira (UFES)</h4>
<p>&nbsp;</p>
<h4><a href="https://www.dropbox.com/s/j9o0lea3x1eiuyp/programa%C3%A7%C3%A3o.pdf?dl=0">PROGRAMAÇÃO</a></h4>
<h4><a href="https://www.dropbox.com/s/cw82iicxuflzvxv/resumos.pdf?dl=0">RESUMOS</a></h4>
<h4><strong>Contato: majimenezgrande[at]id.uff.br</strong></h4>
<p>&nbsp;</p>
<p>&nbsp;</p>

<p>O Grupo de Trabalho sobre Geometria Diferencial 2019 faz parte da programação do Verão da Pós-Graduação em Matemática. Ele tem como objetivo reunir especialistas em diferentes tópicos da área, vindos do norte ao sul do país, para compartilhar suas pesquisas e fortalecer laços de trabalho. Datas: 25 e 26 de fevereiro de 2019 Local: Sala [&hellip;]</p>
