{"id":89,"date":"2017-08-15T11:59:52","date_gmt":"2017-08-15T14:59:52","guid":{"rendered":"http:\/\/www.professores.uff.br\/asunjg\/?page_id=89"},"modified":"2017-08-15T11:59:52","modified_gmt":"2017-08-15T14:59:52","slug":"extensao","status":"publish","type":"page","link":"https:\/\/www.professores.uff.br\/asunjg\/extensao\/","title":{"rendered":"Extens\u00e3o"},"content":{"rendered":"<p><strong>-Projetos<\/strong><br \/>\nOs projetos de extens\u00e3o em Geometria tem larga tradi\u00e7\u00e3o na UFF, pois desde 1991 alguns deles v\u00eam sendo desenvolvidos no Laborat\u00f3rio de Ensino da Geometria (<a href=\"http:\/\/www.uff.br\/leg\/index.php.bak\">LEG<\/a>).<br \/>\nBaseiam-se em pesquisas desenvolvidas por sua coordenadora <a href=\"mailto:anakaleff@gmail.com\">Ana Kaleff<\/a> no \u00e2mbito do projeto de pesquisa: Desenvolvimento e An\u00e1lise de Atividades e Recursos para Ensino de Matem\u00e1tica.<br \/>\nPode conferir os projetos vigentes<a href=\"http:\/\/leguff.weebly.com\/extensatildeo.html\"> aqui.<\/a><br \/>\nTudo o que \u00e9 produzido no LEG \u00e9 apresentado a alunos de escolas p\u00fablicas e ao p\u00fablico em geral por meio de exposi\u00e7\u00f5es do Museu Interativo Itinerante de Educa\u00e7\u00e3o Matem\u00e1tica <a href=\"http:\/\/www.sbembrasil.org.br\/files\/Boletim09.pdf\">(LEGI)<\/a>.<\/p>\n<p>-Bolsas Cederj<br \/>\nO programa de Educa\u00e7\u00e3o Superior a Dist\u00e2ncia do Estado do Rio de Janeiro possui um conv\u00eanio na \u00e1rea de Matem\u00e1tica com a UFF e faz anualmente uma sele\u00e7\u00e3o publica destinada \u00e0 concess\u00e3o de bolsas a tutores presenciais e a dist\u00e2ncia para atua\u00e7\u00e3o nos cursos de gradua\u00e7\u00e3o.<br \/>\nPode conferir o tipo de edital <a href=\"http:\/\/cederj.edu.br\/fundacao\/wp-content\/uploads\/2016\/06\/EDITAL-TD-2016.pdf\">aqui.<\/a><\/p>\n<p><a href=\"http:\/\/www.uff.br\/?q=grupo\/extensao\">-Mais informa\u00e7\u00f5es<\/a><\/p>\n<p>&nbsp;<\/p>\n\n<table id=\"tablepress-2\" class=\"tablepress tablepress-id-2\">\n<thead>\n<tr class=\"row-1\">\n\t<th class=\"column-1\"><a href=\"http:\/\/www.professores.uff.br\/asunjg\/\">Principal \/ Home<\/a><br \/>\n<\/th><th class=\"column-2\"><a href=\"http:\/\/www.professores.uff.br\/asunjg\/guia-do-professor-ingressante\/\">Voltar \u00e0 Guia<\/a><\/th>\n<\/tr>\n<\/thead>\n<tbody class=\"row-striping row-hover\">\n<\/tbody>\n<\/table>\n<!-- #tablepress-2 from cache -->\n","protected":false},"excerpt":{"rendered":"<p>-Projetos Os projetos de extens\u00e3o em Geometria tem larga tradi\u00e7\u00e3o na UFF, pois desde 1991 alguns deles v\u00eam sendo desenvolvidos no Laborat\u00f3rio de Ensino da Geometria (LEG). Baseiam-se em pesquisas desenvolvidas por sua coordenadora Ana Kaleff no \u00e2mbito do projeto de pesquisa: Desenvolvimento e An\u00e1lise de Atividades e Recursos para Ensino de Matem\u00e1tica. Pode conferir [&hellip;]<\/p>\n","protected":false},"author":2,"featured_media":0,"parent":0,"menu_order":0,"comment_status":"closed","ping_status":"closed","template":"","meta":{"_exactmetrics_skip_tracking":false,"_exactmetrics_sitenote_active":false,"_exactmetrics_sitenote_note":"","_exactmetrics_sitenote_category":0,"footnotes":""},"categories":[],"tags":[],"class_list":["post-89","page","type-page","status-publish","hentry"],"_links":{"self":[{"href":"https:\/\/www.professores.uff.br\/asunjg\/wp-json\/wp\/v2\/pages\/89","targetHints":{"allow":["GET"]}}],"collection":[{"href":"https:\/\/www.professores.uff.br\/asunjg\/wp-json\/wp\/v2\/pages"}],"about":[{"href":"https:\/\/www.professores.uff.br\/asunjg\/wp-json\/wp\/v2\/types\/page"}],"author":[{"embeddable":true,"href":"https:\/\/www.professores.uff.br\/asunjg\/wp-json\/wp\/v2\/users\/2"}],"replies":[{"embeddable":true,"href":"https:\/\/www.professores.uff.br\/asunjg\/wp-json\/wp\/v2\/comments?post=89"}],"version-history":[{"count":1,"href":"https:\/\/www.professores.uff.br\/asunjg\/wp-json\/wp\/v2\/pages\/89\/revisions"}],"predecessor-version":[{"id":90,"href":"https:\/\/www.professores.uff.br\/asunjg\/wp-json\/wp\/v2\/pages\/89\/revisions\/90"}],"wp:attachment":[{"href":"https:\/\/www.professores.uff.br\/asunjg\/wp-json\/wp\/v2\/media?parent=89"}],"wp:term":[{"taxonomy":"category","embeddable":true,"href":"https:\/\/www.professores.uff.br\/asunjg\/wp-json\/wp\/v2\/categories?post=89"},{"taxonomy":"post_tag","embeddable":true,"href":"https:\/\/www.professores.uff.br\/asunjg\/wp-json\/wp\/v2\/tags?post=89"}],"curies":[{"name":"wp","href":"https:\/\/api.w.org\/{rel}","templated":true}]}}