{"id":159,"date":"2017-08-29T17:24:01","date_gmt":"2017-08-29T20:24:01","guid":{"rendered":"http:\/\/www.professores.uff.br\/balarcon\/?page_id=159"},"modified":"2020-02-21T14:50:51","modified_gmt":"2020-02-21T17:50:51","slug":"inicio","status":"publish","type":"page","link":"https:\/\/www.professores.uff.br\/balarcon\/","title":{"rendered":"Inicio"},"content":{"rendered":"<p>Possui gradua\u00e7\u00e3o, mestrado (Diploma de Estudos Avan\u00e7ados) e doutorado em Matem\u00e1tica pela Universidad de Valencia. Durante o mestrado e o doutorado teve per\u00edodos de sandu\u00edche no Instituto de Ci\u00eancias Matem\u00e1ticas e Computa\u00e7\u00e3o da USP ? S\u00e3o Carlos, sob orienta\u00e7\u00e3o do Professor Carlos Gutierrez. Ap\u00f3s a conclus\u00e3o do doutorado, realizou pesquisas em diferentes institui\u00e7\u00f5es, sendo que em algumas delas permaneceu como pesquisadora por maior per\u00edodo. Esse foi o caso das estadias para pesquisa no London Imperial College, no Centre de Recerca Matem\u00e0tica (Espanha), na Universidad de Granada, no Instituto Nacional de Matem\u00e1tica Pura e Aplicada (IMPA) e na Universidade do Porto. Nessa \u00faltima institui\u00e7\u00e3o, no Centro de Matem\u00e1tica, realizou p\u00f3s-doutorado. Trabalhou como professora na Universidad de Valencia, na Universidad Jaime I, na Universidad de Oviedo (Espanha) e desde 2014-1 \u00e9 professora adjunta na Universidade Federal Fluminense. Possui artigos publicados com pesquisadores do Brasil, Chile, Espanha e Portugal, formando parte atualmente do grupo de pesquisa de Sistemas Din\u00e2micos da Universidade Federal Fluminense e do grupo de Sistemas Din\u00e2micos da Universidad de Oviedo. Atua principalmente em campos vetoriais planares e na din\u00e2mica de homeomorfismos do plano (com e sem simetria), com interesse em suas aplica\u00e7\u00f5es nas equa\u00e7\u00f5es diferenciais.<\/p>\n","protected":false},"excerpt":{"rendered":"<p>Possui gradua\u00e7\u00e3o, mestrado (Diploma de Estudos Avan\u00e7ados) e doutorado em Matem\u00e1tica pela Universidad de Valencia. Durante o mestrado e o doutorado teve per\u00edodos de sandu\u00edche no Instituto de Ci\u00eancias Matem\u00e1ticas e Computa\u00e7\u00e3o da USP ? S\u00e3o Carlos, sob orienta\u00e7\u00e3o do Professor Carlos Gutierrez. Ap\u00f3s a conclus\u00e3o do doutorado, realizou pesquisas em diferentes institui\u00e7\u00f5es, sendo que [&hellip;]<\/p>\n","protected":false},"author":80,"featured_media":0,"parent":0,"menu_order":0,"comment_status":"closed","ping_status":"closed","template":"","meta":{"_exactmetrics_skip_tracking":false,"_exactmetrics_sitenote_active":false,"_exactmetrics_sitenote_note":"","_exactmetrics_sitenote_category":0,"footnotes":""},"categories":[],"tags":[],"class_list":["post-159","page","type-page","status-publish","hentry"],"_links":{"self":[{"href":"https:\/\/www.professores.uff.br\/balarcon\/index.php?rest_route=\/wp\/v2\/pages\/159","targetHints":{"allow":["GET"]}}],"collection":[{"href":"https:\/\/www.professores.uff.br\/balarcon\/index.php?rest_route=\/wp\/v2\/pages"}],"about":[{"href":"https:\/\/www.professores.uff.br\/balarcon\/index.php?rest_route=\/wp\/v2\/types\/page"}],"author":[{"embeddable":true,"href":"https:\/\/www.professores.uff.br\/balarcon\/index.php?rest_route=\/wp\/v2\/users\/80"}],"replies":[{"embeddable":true,"href":"https:\/\/www.professores.uff.br\/balarcon\/index.php?rest_route=%2Fwp%2Fv2%2Fcomments&post=159"}],"version-history":[{"count":2,"href":"https:\/\/www.professores.uff.br\/balarcon\/index.php?rest_route=\/wp\/v2\/pages\/159\/revisions"}],"predecessor-version":[{"id":354,"href":"https:\/\/www.professores.uff.br\/balarcon\/index.php?rest_route=\/wp\/v2\/pages\/159\/revisions\/354"}],"wp:attachment":[{"href":"https:\/\/www.professores.uff.br\/balarcon\/index.php?rest_route=%2Fwp%2Fv2%2Fmedia&parent=159"}],"wp:term":[{"taxonomy":"category","embeddable":true,"href":"https:\/\/www.professores.uff.br\/balarcon\/index.php?rest_route=%2Fwp%2Fv2%2Fcategories&post=159"},{"taxonomy":"post_tag","embeddable":true,"href":"https:\/\/www.professores.uff.br\/balarcon\/index.php?rest_route=%2Fwp%2Fv2%2Ftags&post=159"}],"curies":[{"name":"wp","href":"https:\/\/api.w.org\/{rel}","templated":true}]}}

<p>Possui graduação, mestrado (Diploma de Estudos Avançados) e doutorado em Matemática pela Universidad de Valencia. Durante o mestrado e o doutorado teve períodos de sanduíche no Instituto de Ciências Matemáticas e Computação da USP ? São Carlos, sob orientação do Professor Carlos Gutierrez. Após a conclusão do doutorado, realizou pesquisas em diferentes instituições, sendo que em algumas delas permaneceu como pesquisadora por maior período. Esse foi o caso das estadias para pesquisa no London Imperial College, no Centre de Recerca Matemàtica (Espanha), na Universidad de Granada, no Instituto Nacional de Matemática Pura e Aplicada (IMPA) e na Universidade do Porto. Nessa última instituição, no Centro de Matemática, realizou pós-doutorado. Trabalhou como professora na Universidad de Valencia, na Universidad Jaime I, na Universidad de Oviedo (Espanha) e desde 2014-1 é professora adjunta na Universidade Federal Fluminense. Possui artigos publicados com pesquisadores do Brasil, Chile, Espanha e Portugal, formando parte atualmente do grupo de pesquisa de Sistemas Dinâmicos da Universidade Federal Fluminense e do grupo de Sistemas Dinâmicos da Universidad de Oviedo. Atua principalmente em campos vetoriais planares e na dinâmica de homeomorfismos do plano (com e sem simetria), com interesse em suas aplicações nas equações diferenciais.</p>

<p>Possui graduação, mestrado (Diploma de Estudos Avançados) e doutorado em Matemática pela Universidad de Valencia. Durante o mestrado e o doutorado teve períodos de sanduíche no Instituto de Ciências Matemáticas e Computação da USP ? São Carlos, sob orientação do Professor Carlos Gutierrez. Após a conclusão do doutorado, realizou pesquisas em diferentes instituições, sendo que [&hellip;]</p>
