{"id":15,"date":"2017-08-03T14:52:05","date_gmt":"2017-08-03T17:52:05","guid":{"rendered":"http:\/\/www.professores.uff.br\/beethoven\/?page_id=15"},"modified":"2020-05-28T21:39:07","modified_gmt":"2020-05-29T00:39:07","slug":"poema-nicteroy","status":"publish","type":"page","link":"https:\/\/www.professores.uff.br\/beethoven\/poema-nicteroy\/","title":{"rendered":"POEMA NICTEROY"},"content":{"rendered":"<h3><strong>Projeto de edi\u00e7\u00e3o cr\u00edtica e comentada do poema &#8220;Niter\u00f3i \u2013 Metamorfose do Rio de Janeiro&#8221;, de Januario da Cunha Barbosa, publicado originalmente em 1822<\/strong><\/h3>\n<p>BARBOSA, Januario da Cunha. <em>Nicteroy<\/em>: Metamorphose do Rio de Janeiro. Composta e Anotada por Januario da Cunha Barbosa. Londres: R. Greenlaw, 1822.<\/p>\n<hr \/>\n<p><a href=\"http:\/\/www.professores.uff.br\/beethoven\/wp-content\/uploads\/sites\/56\/2020\/05\/Nicteroy.pdf\">PDF da edi\u00e7\u00e3o de 1822<\/a><\/p>\n<hr \/>\n<p><a href=\"http:\/\/www.professores.uff.br\/beethoven\/nicteroy\/\" target=\"_blank\" rel=\"noopener noreferrer\">Texto digitalizado da edi\u00e7\u00e3o de 1822 com ortografia original<\/a><\/p>\n<hr \/>\n<p><a href=\"http:\/\/www.professores.uff.br\/beethoven\/niteroi\/\" target=\"_blank\" rel=\"noopener noreferrer\">Texto digitalizado com ortografia atualizada<\/a><\/p>\n<hr \/>\n<p><a href=\"http:\/\/www.professores.uff.br\/beethoven\/notas\/\" target=\"_blank\" rel=\"noopener noreferrer\">Texto das notas digitalizado com ortografia original<\/a><\/p>\n<hr \/>\n<p>Artigo\u00a0<a href=\"http:\/\/llp.bibliopolis.info\/confluencia\/rc\/index.php\/rc\/article\/view\/166doi:10.18364\/rc.v1i51.166\">Por uma edi\u00e7\u00e3o cr\u00edtica e um estudo do poema\u00a0<em>Nicteroy<\/em>, de Janu\u00e1rio da Cunha Barbosa<\/a>.\u00a0<em>Conflu\u00eancia<\/em>, Rio de Janeiro, n. 51, p. 92-107, 2016.<\/p>\n<p>\u00a0<\/p>\n\n\n<p><\/p>\n","protected":false},"excerpt":{"rendered":"<p>Projeto de edi\u00e7\u00e3o cr\u00edtica e comentada do poema &#8220;Niter\u00f3i \u2013 Metamorfose do Rio de Janeiro&#8221;, de Januario da Cunha Barbosa, publicado originalmente em 1822 BARBOSA, Januario da Cunha. Nicteroy: Metamorphose do Rio de Janeiro. Composta e Anotada por Januario da Cunha Barbosa. Londres: R. Greenlaw, 1822. PDF da edi\u00e7\u00e3o de 1822 Texto digitalizado da edi\u00e7\u00e3o [&hellip;]<\/p>\n","protected":false},"author":2,"featured_media":0,"parent":0,"menu_order":0,"comment_status":"closed","ping_status":"closed","template":"","meta":{"_exactmetrics_skip_tracking":false,"_exactmetrics_sitenote_active":false,"_exactmetrics_sitenote_note":"","_exactmetrics_sitenote_category":0,"footnotes":""},"categories":[],"tags":[],"class_list":["post-15","page","type-page","status-publish","hentry"],"_links":{"self":[{"href":"https:\/\/www.professores.uff.br\/beethoven\/wp-json\/wp\/v2\/pages\/15","targetHints":{"allow":["GET"]}}],"collection":[{"href":"https:\/\/www.professores.uff.br\/beethoven\/wp-json\/wp\/v2\/pages"}],"about":[{"href":"https:\/\/www.professores.uff.br\/beethoven\/wp-json\/wp\/v2\/types\/page"}],"author":[{"embeddable":true,"href":"https:\/\/www.professores.uff.br\/beethoven\/wp-json\/wp\/v2\/users\/2"}],"replies":[{"embeddable":true,"href":"https:\/\/www.professores.uff.br\/beethoven\/wp-json\/wp\/v2\/comments?post=15"}],"version-history":[{"count":7,"href":"https:\/\/www.professores.uff.br\/beethoven\/wp-json\/wp\/v2\/pages\/15\/revisions"}],"predecessor-version":[{"id":346,"href":"https:\/\/www.professores.uff.br\/beethoven\/wp-json\/wp\/v2\/pages\/15\/revisions\/346"}],"wp:attachment":[{"href":"https:\/\/www.professores.uff.br\/beethoven\/wp-json\/wp\/v2\/media?parent=15"}],"wp:term":[{"taxonomy":"category","embeddable":true,"href":"https:\/\/www.professores.uff.br\/beethoven\/wp-json\/wp\/v2\/categories?post=15"},{"taxonomy":"post_tag","embeddable":true,"href":"https:\/\/www.professores.uff.br\/beethoven\/wp-json\/wp\/v2\/tags?post=15"}],"curies":[{"name":"wp","href":"https:\/\/api.w.org\/{rel}","templated":true}]}}