{"id":175,"date":"2018-02-23T12:07:43","date_gmt":"2018-02-23T15:07:43","guid":{"rendered":"http:\/\/www.professores.uff.br\/brunosantiago\/?page_id=175"},"modified":"2018-07-05T19:30:59","modified_gmt":"2018-07-05T22:30:59","slug":"ensino-2018","status":"publish","type":"page","link":"https:\/\/www.professores.uff.br\/brunosantiago\/ensino-2018\/","title":{"rendered":"Ensino 2018"},"content":{"rendered":"<h1 style=\"text-align: center\"><span style=\"color: #0000ff\">Primeiro Semestre<\/span><\/h1>\n<h2 style=\"text-align: center\"><span style=\"color: #800000\">Algebra Linear I<\/span><\/h2>\n<blockquote>\n<p style=\"text-align: center\"><span style=\"color: #ff9900\">&#8220;De que irei me ocupar no c\u00e9u se n\u00e3o me derem uma infinidade de problemas de matem\u00e1tica para resolver&#8221; A. Cauchy<\/span><\/p>\n<p style=\"text-align: center\"><span style=\"color: #800000\">As aulas ocorrem nas ter\u00e7as e quintas, de 9h as 11h, na sala 304 do Bloco G, Campus do Gragoat\u00e1.<\/span><\/p>\n<p style=\"text-align: center\"><a href=\"http:\/\/www.professores.uff.br\/brunosantiago\/wp-content\/uploads\/sites\/17\/2018\/03\/Lista-de-Exerc\u00edcios.pdf\" target=\"_blank\" rel=\"noopener noreferrer\">Lista de Exerc\u00edcios<\/a><\/p>\n<p style=\"text-align: center\"><a href=\"http:\/\/www.professores.uff.br\/brunosantiago\/wp-content\/uploads\/sites\/17\/2018\/03\/Lista-de-Problemas.pdf\" target=\"_blank\" rel=\"noopener noreferrer\">Lista de Problemas<\/a><\/p>\n<p style=\"text-align: center\"><a href=\"http:\/\/www.professores.uff.br\/brunosantiago\/wp-content\/uploads\/sites\/17\/2018\/04\/Hora\u0301rios-de-monitoria-04_18.pdf\" target=\"_blank\" rel=\"noopener noreferrer\">Hora\u0301rios de monitoria<\/a><\/p>\n<p style=\"text-align: center\"><strong><span style=\"color: #800000\">Datas das Avalia\u00e7\u00f5es Individuais<\/span><\/strong><\/p>\n<p style=\"text-align: center\"><a href=\"http:\/\/www.professores.uff.br\/brunosantiago\/wp-content\/uploads\/sites\/17\/2018\/02\/P1.pdf\" target=\"_blank\" rel=\"noopener noreferrer\">V1: 08 de maio (Solu\u00e7\u00f5es)<\/a><\/p>\n<p style=\"text-align: center\">V2: 28 de junho<\/p>\n<p style=\"text-align: center\">VR: 05 de de julho<\/p>\n<p style=\"text-align: center\">VS: 17 de julho<\/p>\n<p style=\"text-align: center\"><strong><span style=\"color: #800000\">Datas das\u00a0Avalia\u00e7\u00f5es em grupo<\/span><\/strong><\/p>\n<p style=\"text-align: center\">1\u00aa: 19 de abril<\/p>\n<p style=\"text-align: center\">2\u00aa 14 de junho<\/p>\n<p style=\"text-align: center\">3\u00aa 21 de junho<\/p>\n<p style=\"text-align: center\">Reposi\u00e7\u00e3o: 10 de julho<\/p>\n<h3 style=\"text-align: center\"><span style=\"color: #800000\"><strong>Livros Indicados<\/strong><\/span><\/h3>\n<p style=\"text-align: center\"><strong>Elon Lages Lima<\/strong>, <em>\u00c1lgebra Linear<\/em><\/p>\n<p style=\"text-align: center\"><strong>Peter Lax<\/strong>, <em>Linear Algebra<\/em><\/p>\n<p style=\"text-align: center\"><strong>Sheldon Axler<\/strong>, <em>Linear Algebra Done Right<\/em><\/p>\n<p style=\"text-align: center\"><strong>Jos\u00e9 Luis Boldrini<\/strong>, <em>\u00c1lgebra Linear<\/em><\/p>\n<p style=\"text-align: center\"><strong>Howard Anton<\/strong>,\u00a0<em>\u00c1lgebra Linear com Aplica\u00e7\u00f5es<\/em><\/p>\n<\/blockquote>\n<hr \/>\n<h2 style=\"text-align: center\"><span style=\"color: #800000\">Eua\u00e7\u00f5es Diferenciais Ordin\u00e1rias I<\/span><\/h2>\n<blockquote>\n<p style=\"text-align: center\"><span style=\"color: #ff9900\">&#8220;N\u00e3o existe patamar a ser atingindo, apenas o caminho a ser trilhado.&#8221; Picha\u00e7\u00e3o numa avenida de S\u00e3o Paulo<\/span><\/p>\n<p style=\"text-align: center\"><span style=\"color: #800000\">As aulas ocorrem as ter\u00e7as e quintas de 11h \u00e0s 13h, na sala 401 do bloco H, Campus do Gragoat\u00e1.<\/span><\/p>\n<h3 style=\"text-align: center\"><span style=\"color: #800000\"><strong>Datas das Avalia\u00e7\u00f5es<\/strong><\/span><\/h3>\n<p style=\"text-align: center\"><span style=\"color: #993300\">V1:\u00a015\u00a0de maio<\/span><\/p>\n<p style=\"text-align: center\"><span style=\"color: #993300\">V2: 28 de julho<\/span><\/p>\n<p style=\"text-align: center\"><span style=\"color: #993300\">V3: 10 de julho<\/span><\/p>\n<p style=\"text-align: center\"><span style=\"color: #993300\">VS: 12 de julho<\/span><\/p>\n<p style=\"text-align: center\"><a href=\"http:\/\/www.professores.uff.br\/brunosantiago\/wp-content\/uploads\/sites\/17\/2018\/06\/Lista-de-Exerc\u00edcios-III.pdf\" target=\"_blank\" rel=\"noopener noreferrer\">Lista de Exerc\u00edcios III<\/a><\/p>\n<p style=\"text-align: center\"><span style=\"color: #993300\"><a href=\"http:\/\/www.professores.uff.br\/brunosantiago\/wp-content\/uploads\/sites\/17\/2018\/02\/Lista-de-Exerc\u00edcios-II.pdf\">Lista de Exerc\u00edcios II<\/a> <\/span><\/p>\n<p style=\"text-align: center\"><a href=\"http:\/\/www.professores.uff.br\/brunosantiago\/wp-content\/uploads\/sites\/17\/2018\/02\/Lista-de-Exerc\u00edcios-I.pdf\">Lista de Exerc\u00edcios I<\/a><\/p>\n<\/blockquote>\n<hr \/>\n<p>&nbsp;<\/p>\n<p>&nbsp;<\/p>\n","protected":false},"excerpt":{"rendered":"<p>Primeiro Semestre Algebra Linear I &#8220;De que irei me ocupar no c\u00e9u se n\u00e3o me derem uma infinidade de problemas de matem\u00e1tica para resolver&#8221; A. Cauchy As aulas ocorrem nas ter\u00e7as e quintas, de 9h as 11h, na sala 304 do Bloco G, Campus do Gragoat\u00e1. Lista de Exerc\u00edcios Lista de Problemas Hora\u0301rios de monitoria [&hellip;]<\/p>\n","protected":false},"author":19,"featured_media":0,"parent":0,"menu_order":0,"comment_status":"closed","ping_status":"closed","template":"","meta":{"_exactmetrics_skip_tracking":false,"_exactmetrics_sitenote_active":false,"_exactmetrics_sitenote_note":"","_exactmetrics_sitenote_category":0,"footnotes":""},"categories":[],"tags":[],"class_list":["post-175","page","type-page","status-publish","hentry"],"_links":{"self":[{"href":"https:\/\/www.professores.uff.br\/brunosantiago\/wp-json\/wp\/v2\/pages\/175","targetHints":{"allow":["GET"]}}],"collection":[{"href":"https:\/\/www.professores.uff.br\/brunosantiago\/wp-json\/wp\/v2\/pages"}],"about":[{"href":"https:\/\/www.professores.uff.br\/brunosantiago\/wp-json\/wp\/v2\/types\/page"}],"author":[{"embeddable":true,"href":"https:\/\/www.professores.uff.br\/brunosantiago\/wp-json\/wp\/v2\/users\/19"}],"replies":[{"embeddable":true,"href":"https:\/\/www.professores.uff.br\/brunosantiago\/wp-json\/wp\/v2\/comments?post=175"}],"version-history":[{"count":17,"href":"https:\/\/www.professores.uff.br\/brunosantiago\/wp-json\/wp\/v2\/pages\/175\/revisions"}],"predecessor-version":[{"id":222,"href":"https:\/\/www.professores.uff.br\/brunosantiago\/wp-json\/wp\/v2\/pages\/175\/revisions\/222"}],"wp:attachment":[{"href":"https:\/\/www.professores.uff.br\/brunosantiago\/wp-json\/wp\/v2\/media?parent=175"}],"wp:term":[{"taxonomy":"category","embeddable":true,"href":"https:\/\/www.professores.uff.br\/brunosantiago\/wp-json\/wp\/v2\/categories?post=175"},{"taxonomy":"post_tag","embeddable":true,"href":"https:\/\/www.professores.uff.br\/brunosantiago\/wp-json\/wp\/v2\/tags?post=175"}],"curies":[{"name":"wp","href":"https:\/\/api.w.org\/{rel}","templated":true}]}}

<h1 style="text-align: center"><span style="color: #0000ff">Primeiro Semestre</span></h1>
<h2 style="text-align: center"><span style="color: #800000">Algebra Linear I</span></h2>
<blockquote>
<p style="text-align: center"><span style="color: #ff9900">&#8220;De que irei me ocupar no céu se não me derem uma infinidade de problemas de matemática para resolver&#8221; A. Cauchy</span></p>
<p style="text-align: center"><span style="color: #800000">As aulas ocorrem nas terças e quintas, de 9h as 11h, na sala 304 do Bloco G, Campus do Gragoatá.</span></p>
<p style="text-align: center"><a href="http://www.professores.uff.br/brunosantiago/wp-content/uploads/sites/17/2018/03/Lista-de-Exercícios.pdf" target="_blank" rel="noopener noreferrer">Lista de Exercícios</a></p>
<p style="text-align: center"><a href="http://www.professores.uff.br/brunosantiago/wp-content/uploads/sites/17/2018/03/Lista-de-Problemas.pdf" target="_blank" rel="noopener noreferrer">Lista de Problemas</a></p>
<p style="text-align: center"><a href="http://www.professores.uff.br/brunosantiago/wp-content/uploads/sites/17/2018/04/Horários-de-monitoria-04_18.pdf" target="_blank" rel="noopener noreferrer">Horários de monitoria</a></p>
<p style="text-align: center"><strong><span style="color: #800000">Datas das Avaliações Individuais</span></strong></p>
<p style="text-align: center"><a href="http://www.professores.uff.br/brunosantiago/wp-content/uploads/sites/17/2018/02/P1.pdf" target="_blank" rel="noopener noreferrer">V1: 08 de maio (Soluções)</a></p>
<p style="text-align: center">V2: 28 de junho</p>
<p style="text-align: center">VR: 05 de de julho</p>
<p style="text-align: center">VS: 17 de julho</p>
<p style="text-align: center"><strong><span style="color: #800000">Datas das Avaliações em grupo</span></strong></p>
<p style="text-align: center">1ª: 19 de abril</p>
<p style="text-align: center">2ª 14 de junho</p>
<p style="text-align: center">3ª 21 de junho</p>
<p style="text-align: center">Reposição: 10 de julho</p>
<h3 style="text-align: center"><span style="color: #800000"><strong>Livros Indicados</strong></span></h3>
<p style="text-align: center"><strong>Elon Lages Lima</strong>, <em>Álgebra Linear</em></p>
<p style="text-align: center"><strong>Peter Lax</strong>, <em>Linear Algebra</em></p>
<p style="text-align: center"><strong>Sheldon Axler</strong>, <em>Linear Algebra Done Right</em></p>
<p style="text-align: center"><strong>José Luis Boldrini</strong>, <em>Álgebra Linear</em></p>
<p style="text-align: center"><strong>Howard Anton</strong>, <em>Álgebra Linear com Aplicações</em></p>
</blockquote>
<hr />
<h2 style="text-align: center"><span style="color: #800000">Euações Diferenciais Ordinárias I</span></h2>
<blockquote>
<p style="text-align: center"><span style="color: #ff9900">&#8220;Não existe patamar a ser atingindo, apenas o caminho a ser trilhado.&#8221; Pichação numa avenida de São Paulo</span></p>
<p style="text-align: center"><span style="color: #800000">As aulas ocorrem as terças e quintas de 11h às 13h, na sala 401 do bloco H, Campus do Gragoatá.</span></p>
<h3 style="text-align: center"><span style="color: #800000"><strong>Datas das Avaliações</strong></span></h3>
<p style="text-align: center"><span style="color: #993300">V1: 15 de maio</span></p>
<p style="text-align: center"><span style="color: #993300">V2: 28 de julho</span></p>
<p style="text-align: center"><span style="color: #993300">V3: 10 de julho</span></p>
<p style="text-align: center"><span style="color: #993300">VS: 12 de julho</span></p>
<p style="text-align: center"><a href="http://www.professores.uff.br/brunosantiago/wp-content/uploads/sites/17/2018/06/Lista-de-Exercícios-III.pdf" target="_blank" rel="noopener noreferrer">Lista de Exercícios III</a></p>
<p style="text-align: center"><span style="color: #993300"><a href="http://www.professores.uff.br/brunosantiago/wp-content/uploads/sites/17/2018/02/Lista-de-Exercícios-II.pdf">Lista de Exercícios II</a> </span></p>
<p style="text-align: center"><a href="http://www.professores.uff.br/brunosantiago/wp-content/uploads/sites/17/2018/02/Lista-de-Exercícios-I.pdf">Lista de Exercícios I</a></p>
</blockquote>
<hr />
<p>&nbsp;</p>
<p>&nbsp;</p>

<p>Primeiro Semestre Algebra Linear I &#8220;De que irei me ocupar no céu se não me derem uma infinidade de problemas de matemática para resolver&#8221; A. Cauchy As aulas ocorrem nas terças e quintas, de 9h as 11h, na sala 304 do Bloco G, Campus do Gragoatá. Lista de Exercícios Lista de Problemas Horários de monitoria [&hellip;]</p>
