{"id":326,"date":"2021-09-15T19:18:23","date_gmt":"2021-09-15T22:18:23","guid":{"rendered":"http:\/\/www.professores.uff.br\/carlosjuvencio\/?page_id=326"},"modified":"2021-12-21T15:24:53","modified_gmt":"2021-12-21T18:24:53","slug":"ciencia-da-informacao-trajetos-e-horizontes-epistemologicos","status":"publish","type":"page","link":"https:\/\/www.professores.uff.br\/carlosjuvencio\/ciencia-da-informacao-trajetos-e-horizontes-epistemologicos\/","title":{"rendered":"Ci\u00eancia da Informa\u00e7\u00e3o: trajetos e horizontes epistemol\u00f3gicos"},"content":{"rendered":"\n<p class=\"has-small-font-size\"><br>Programa de P\u00f3s-Gradua\u00e7\u00e3o em Ci\u00eancia da Informa\u00e7\u00e3o (PPGCI) <br>Disciplina Obrigat\u00f3ria (1\u00ba per\u00edodo)<br>Carga Hor\u00e1ria: 60 horas | 4 cr\u00e9ditos <br><br>As especificidades da hist\u00f3ria social da Ci\u00eancia da Informa\u00e7\u00e3o indicam diversificadas fontes te\u00f3ricas e di\u00e1logos cient\u00edficos e filos\u00f3ficos. Da epistemologia cl\u00e1ssica \u00e0 filosofia da informa\u00e7\u00e3o abrem-se variados horizontes anal\u00edticos \u2013 escolas, correntes ou programas de pesquisa \u2013 constituindo os diferentes objetos e articula\u00e7\u00f5es disciplinares. Tais possibilidades v\u00eam sendo mapeadas e refletidas por importantes autores do campo, permitindo uma maior compreens\u00e3o do atual estado da arte disciplinar. <\/p>\n\n\n\n<hr class=\"wp-block-separator\" \/>\n\n\n\n<h4 class=\"wp-block-heading\"><strong>Conte\u00fado Program\u00e1tico<\/strong><\/h4>\n\n\n\n<p class=\"has-small-font-size\"><strong>Unidade 1: Percurso hist\u00f3rico-disciplinar da CI<\/strong><br>Condi\u00e7\u00f5es hist\u00f3ricas da produ\u00e7\u00e3o disciplinar; hist\u00f3ria social dos campos disciplinares e da CI.<br><br><strong>Unidade 2: Informa\u00e7\u00e3o e Ci\u00eancia da Informa\u00e7\u00e3o<\/strong><br>O objeto de estudo da CI: diferentes enfoques.<br><br><strong>Unidade 3: Novos olhares para a CI<\/strong><br>Abordagens da atual configura\u00e7\u00e3o da CI: correntes, escolas ou programas de pesquisa.<\/p>\n\n\n\n<hr class=\"wp-block-separator\" \/>\n\n\n\n<h4 class=\"wp-block-heading\"><strong>Refer\u00eancias<\/strong><\/h4>\n\n\n\n<p class=\"has-text-align-left has-small-font-size\">ARA\u00daJO, C. A. A. <a href=\"https:\/\/periodicos.ufpb.br\/ojs\/index.php\/pgc\/article\/view\/19120\" target=\"_blank\" rel=\"noreferrer noopener\" aria-label=\"Fundamentos da Ci\u00eancia da Informa\u00e7\u00e3o (abre numa nova aba)\">Fundamentos da Ci\u00eancia da Informa\u00e7\u00e3o<\/a>: correntes te\u00f3ricas e o conceito de informa\u00e7\u00e3o. <strong>Perspectivas em Gest\u00e3o e Conhecimento<\/strong>, v. 4, n. 1, 2014.<br><br>ARA\u00daJO, C. A. \u00c1. <a href=\"https:\/\/www.brapci.inf.br\/index.php\/res\/v\/80719\" target=\"_blank\" rel=\"noreferrer noopener\" aria-label=\"Uma hist\u00f3ria intelectual da Ci\u00eancia da Informa\u00e7\u00e3o em tr\u00eas tempos (abre numa nova aba)\">Uma hist\u00f3ria intelectual da Ci\u00eancia da Informa\u00e7\u00e3o em tr\u00eas tempos<\/a>. <strong>Revista Analisando em Ci\u00eancia da Informa\u00e7\u00e3o<\/strong>, n. 2, v. 5, 2017.<br><br>BORKO, H. <a href=\"https:\/\/www.marilia.unesp.br\/Home\/Instituicao\/Docentes\/EdbertoFerneda\/mri-01---information-science---what-is-it.pdf\" target=\"_blank\" rel=\"noreferrer noopener\" aria-label=\"Information science: what is it? (abre numa nova aba)\">Information science: what is it?<\/a> <strong>American Documentation<\/strong>, v. 19, n. 1, 1968.<br><br>BRIET, S. <strong><a href=\"https:\/\/edisciplinas.usp.br\/pluginfile.php\/5389052\/mod_resource\/content\/1\/O_que_%C3%A9_a_documenta%C3%A7%C3%A3o_Parapublicar.pdf\" target=\"_blank\" rel=\"noreferrer noopener\" aria-label=\"O que \u00e9 a Documenta\u00e7\u00e3o? (abre numa nova aba)\">O que \u00e9 a Documenta\u00e7\u00e3o?<\/a><\/strong>. Bras\u00edlia: Briquet de Lemos, 2016.<br><br>BUCKLAND, M. K. Information as thing.<strong> Journal of the American Society for information Science<\/strong>, v. 42. n. 5. p. 351- 360, 1991.<br><br>BUSH, V.. As we may think?. <strong>The Atlantic<\/strong>, n. 10, July 1945<br><br>CI\u00caNCIA, <a href=\"http:\/\/www.gr.unicamp.br\/ceav\/revistaensinosuperior\/ed02_novembro2010\/pdf\/Ed02_novembro2010_historias.pdf\" target=\"_blank\" rel=\"noreferrer noopener\" aria-label=\"a Fronteira Sem Fim (abre numa nova aba)\">a Fronteira Sem Fim<\/a>: o documento que ajudou a moldar a pesquisa na 2\u00aa metade do s\u00e9culo XX. <strong>Revista Ensino Superior Unicamp<\/strong>, ano 1, n. 2, nov. 2010.<br><br>CRUZ, C. H. B. <a href=\"https:\/\/www.scielo.br\/j\/rlpf\/a\/4cfGFz5ss7W8p56ZLtFQg7j\/?lang=pt\" target=\"_blank\" rel=\"noreferrer noopener\" aria-label=\"Vannevar Bush (abre numa nova aba)\">Vannevar Bush<\/a>: uma apresenta\u00e7\u00e3o. <strong>Rev. Latinoam. Psicopatol. Fundam.<\/strong>, v. 14, n. 1, p. 11-13, mar. 2011. <br><br>DAY, R. E. Information Theory, Cybernetics, and the Discourse of \u201cMan\u201d. In: DAY, R. E. <strong>The modern invention of information<\/strong>: discourse, history, and power. Illinois: Southern Illinois University Press, 2008. <br><br>FAYET-SCRIBE, S. <a href=\"https:\/\/periodicos.unb.br\/index.php\/RICI\/article\/view\/10365\" target=\"_blank\" rel=\"noreferrer noopener\" aria-label=\"Voc\u00ea conhece Suzanne Briet? (abre numa nova aba)\">Voc\u00ea conhece Suzanne Briet?<\/a>. <strong>Revista Ibero-Americana de Ci\u00eancia da Informa\u00e7\u00e3o<\/strong>, ano 11, n. 3, p. 805-815, 2018.<br><br>FREITAS, L. S. de. <a href=\"http:\/\/www.seer.unirio.br\/morpheus\/article\/view\/4085\" target=\"_blank\" rel=\"noreferrer noopener\" aria-label=\"Sentidos da hist\u00f3ria e hist\u00f3ria dos sentidos da Ci\u00eancia da Informa\u00e7\u00e3o (abre numa nova aba)\">Sentidos da hist\u00f3ria e hist\u00f3ria dos sentidos da Ci\u00eancia da Informa\u00e7\u00e3o<\/a>: um esbo\u00e7o arqueol\u00f3gico. <strong>Morpheus<\/strong>, vol. 2, n. 2, 2003.<br><br>FREITAS, L. S. de; MORAES, R. P. T. de. <a href=\"http:\/\/revista.ibict.br\/liinc\/article\/view\/4309\" target=\"_blank\" rel=\"noreferrer noopener\" aria-label=\"Mevil Dewey - entre o dito e n\u00e3o dito (abre numa nova aba)\">Mevil Dewey &#8211; entre o dito e n\u00e3o dito<\/a>: sujeito e historicidade do campo informacional. Liinc em Revista, v. 14, n. 2, o. 213-225, nov. 2018. <br><br>JUV\u00caNCIO, C. H. <a href=\"https:\/\/periodicos.ufsc.br\/index.php\/eb\/article\/view\/73450\" target=\"_blank\" rel=\"noreferrer noopener\" aria-label=\"Arquitetura das ideias (abre numa nova aba)\">Arquitetura das ideias<\/a>: Paul Otlet, o objeto, o livro e o documento. <strong>Encontros Bibli<\/strong>: revista eletr\u00f4nica de biblioteconomia e ci\u00eancia da informa\u00e7\u00e3o, v. 26, p. 01-17, 2021. Dispon\u00edvel em: https:\/\/periodicos.ufsc.br\/index.php\/eb\/article\/view\/73450. Acesso em: 22 abr. 2021.<br> <br>L\u2019HOMME qui voulait classer le monde. Dire\u00e7\u00e3o: Fran\u00e7oise Levie. B\u00e9lgica: Memento Production, 2002. 1 DVD (60 min.).<br><br>LARA, M. L. G. de. Documento e signfica\u00e7\u00e3o na trajet\u00f3ria epistemol\u00f3gica da Ci\u00eancia da Informa\u00e7\u00e3o. In: FREITAS, L. S.; MARCONDES, C. H.; RODRIGUES, A. C. <a href=\"http:\/\/ppgci.uff.br\/wp-content\/uploads\/sites\/86\/2019\/11\/PPGCI-ISEI-livro1.pdf\" target=\"_blank\" rel=\"noreferrer noopener\" aria-label=\"Documento: g\u00eanese e contexto de uso (abre numa nova aba)\"><strong>Documento<\/strong>: g\u00eanese e contexto de uso<\/a>. Niter\u00f3i: EDUFF, 2010.<br> <br>LOPEZ YEPES, J. <strong>La Documentacion como disciplina<\/strong>: teoria e hist\u00f3ria. Pamplona: Ediciones Universidad de Navarra, 1995. <br><br>MATTELART, A. <strong>Hist\u00f3ria da utopia planet\u00e1ria<\/strong>: da cidade prof\u00e9tica \u00e0 sociedade global. Porto Alegre: Sulina, 2002.<br><br>NHACUONGUE, J. A.; FERNEDA, E.. <a href=\"http:\/\/portaldeperiodicos.eci.ufmg.br\/index.php\/pci\/article\/view\/1932\" target=\"_blank\" rel=\"noreferrer noopener\" aria-label=\"O Campo da Ci\u00eancia da Informa\u00e7\u00e3o (abre numa nova aba)\">O Campo da Ci\u00eancia da Informa\u00e7\u00e3o<\/a>: contribui\u00e7\u00f5es, desafios e perspectivas. <strong>Perspectivas em Ci\u00eancia da Informa\u00e7\u00e3o<\/strong>, v. 20, n. 2, p. 3-18, jun. 2015.<br><br>O JOGO da imita\u00e7\u00e3o. Dire\u00e7\u00e3o: Morten Tyldum. Reino Unido: Paris Filmes, 2015.<br><br>ORWELL, G. 1984. S\u00e3o Paulo: Companhia das Letras, 2009.<br><br>ORTEGA, C. D. Sobre a configura\u00e7\u00e3o hist\u00f3rica da no\u00e7\u00e3o de documento em Ci\u00eancia da Informa\u00e7\u00e3o. In: FREITAS, L. S.; MARCONDES, C. H.; RODRIGUES, A. C. <a href=\"http:\/\/ppgci.uff.br\/wp-content\/uploads\/sites\/86\/2019\/11\/PPGCI-ISEI-livro1.pdf\" target=\"_blank\" rel=\"noreferrer noopener\" aria-label=\"Documento: g\u00eanese e contexto de uso (abre numa nova aba)\"><strong>Documento<\/strong>: g\u00eanese e contexto de uso<\/a>. Niter\u00f3i: EDUFF, 2010.<br><br>OTLET, P. L\u2019Office International de Bibliographie. In: LE MOUVEMENT scientifique en Belgique : 1830-1905: tomo II. Bruxelas: Soci\u00e9t\u00e9 Belge de Librairie, 1908. p. 358-374. Dispon\u00edvel em: &lt;http:\/\/ia701200.us.archive.org\/1\/items\/lemouvementscien02over\/lemouvementscien02over.pdf&gt;. Acesso em: 13 jan. 2012. <br><br>OTLET, Paul. Fundamentos. In: OTLET, P. <strong><a href=\"https:\/\/repositorio.unb.br\/bitstream\/10482\/32627\/1\/LIVRO_TratadoDeDocumenta%C3%A7%C3%A3o.pdf\" target=\"_blank\" rel=\"noreferrer noopener\" aria-label=\"Tratado de Documenta\u00e7\u00e3o (abre numa nova aba)\">Tratado de Documenta\u00e7\u00e3o<\/a><\/strong>: Tratado de documenta\u00e7\u00e3o: o livro sobre o livro: teoria e pr\u00e1tica. Bras\u00edlia: Briquet de Lemos, 2018.<br><br>RAYWARD, W. B. The History and Historiography of Information Science: some reflections. <strong>Information Processing &amp; Management<\/strong>, v. 32, n. 1, p. 3-17, 1996. <br><br>STAII, A. R\u00e9flexions sur les recherches et le champ des sciences de l&#8217;information. <strong>Les Enjeux de l&#8217;information et de la communication<\/strong>, v. 1, p. 50-62, 2004.<br><br>TAUILE, J. R. <a href=\"https:\/\/revistas.dee.spgg.rs.gov.br\/index.php\/ensaios\/article\/view\/135\" target=\"_blank\" rel=\"noreferrer noopener\" aria-label=\"Uma introdu\u00e7\u00e3o \u00e0 Economia Pol\u00edtica da informa\u00e7\u00e3o (abre numa nova aba)\">Uma introdu\u00e7\u00e3o \u00e0 Economia Pol\u00edtica da informa\u00e7\u00e3o<\/a>. <strong>Ensaios FEE<\/strong>, Porto Alegre, v. 2, n. 2, p. 89-108, 1981. <br><br><\/p>\n","protected":false},"excerpt":{"rendered":"<p>Programa de P\u00f3s-Gradua\u00e7\u00e3o em Ci\u00eancia da Informa\u00e7\u00e3o (PPGCI) Disciplina Obrigat\u00f3ria (1\u00ba per\u00edodo)Carga Hor\u00e1ria: 60 horas | 4 cr\u00e9ditos As especificidades da hist\u00f3ria social da Ci\u00eancia da Informa\u00e7\u00e3o indicam diversificadas fontes te\u00f3ricas e di\u00e1logos cient\u00edficos e filos\u00f3ficos. Da epistemologia cl\u00e1ssica \u00e0 filosofia da informa\u00e7\u00e3o abrem-se variados horizontes anal\u00edticos \u2013 escolas, correntes ou programas de pesquisa \u2013 [&hellip;]<\/p>\n","protected":false},"author":194,"featured_media":0,"parent":0,"menu_order":0,"comment_status":"closed","ping_status":"closed","template":"","meta":{"_exactmetrics_skip_tracking":false,"_exactmetrics_sitenote_active":false,"_exactmetrics_sitenote_note":"","_exactmetrics_sitenote_category":0,"footnotes":""},"categories":[10],"tags":[],"class_list":["post-326","page","type-page","status-publish","hentry","category-disciplinas"],"_links":{"self":[{"href":"https:\/\/www.professores.uff.br\/carlosjuvencio\/wp-json\/wp\/v2\/pages\/326","targetHints":{"allow":["GET"]}}],"collection":[{"href":"https:\/\/www.professores.uff.br\/carlosjuvencio\/wp-json\/wp\/v2\/pages"}],"about":[{"href":"https:\/\/www.professores.uff.br\/carlosjuvencio\/wp-json\/wp\/v2\/types\/page"}],"author":[{"embeddable":true,"href":"https:\/\/www.professores.uff.br\/carlosjuvencio\/wp-json\/wp\/v2\/users\/194"}],"replies":[{"embeddable":true,"href":"https:\/\/www.professores.uff.br\/carlosjuvencio\/wp-json\/wp\/v2\/comments?post=326"}],"version-history":[{"count":8,"href":"https:\/\/www.professores.uff.br\/carlosjuvencio\/wp-json\/wp\/v2\/pages\/326\/revisions"}],"predecessor-version":[{"id":496,"href":"https:\/\/www.professores.uff.br\/carlosjuvencio\/wp-json\/wp\/v2\/pages\/326\/revisions\/496"}],"wp:attachment":[{"href":"https:\/\/www.professores.uff.br\/carlosjuvencio\/wp-json\/wp\/v2\/media?parent=326"}],"wp:term":[{"taxonomy":"category","embeddable":true,"href":"https:\/\/www.professores.uff.br\/carlosjuvencio\/wp-json\/wp\/v2\/categories?post=326"},{"taxonomy":"post_tag","embeddable":true,"href":"https:\/\/www.professores.uff.br\/carlosjuvencio\/wp-json\/wp\/v2\/tags?post=326"}],"curies":[{"name":"wp","href":"https:\/\/api.w.org\/{rel}","templated":true}]}}