{"id":117,"date":"2018-04-08T19:02:26","date_gmt":"2018-04-08T22:02:26","guid":{"rendered":"http:\/\/www.professores.uff.br\/cristhabel\/?page_id=117"},"modified":"2018-04-08T23:48:07","modified_gmt":"2018-04-09T02:48:07","slug":"seminarios","status":"publish","type":"page","link":"https:\/\/www.professores.uff.br\/cristhabel\/seminarios\/","title":{"rendered":"SEMIN\u00c1RIOS GD"},"content":{"rendered":"<p>Os semin\u00e1rios de Geometria Diferencial vem-se realizando periodicamente na p\u00f3s gradua\u00e7\u00e3o de Matem\u00e1tica do IME-UFF<\/p>\n<p>Maiores informes:\u00a0<a href=\"https:\/\/sites.google.com\/site\/geometriadiferencialuff\/\">https:\/\/sites.google.com\/site\/geometriadiferencialuff\/<\/a><\/p>\n<p>&nbsp;<\/p>\n","protected":false},"excerpt":{"rendered":"<p>Os semin\u00e1rios de Geometria Diferencial vem-se realizando periodicamente na p\u00f3s gradua\u00e7\u00e3o de Matem\u00e1tica do IME-UFF Maiores informes:\u00a0https:\/\/sites.google.com\/site\/geometriadiferencialuff\/ &nbsp;<\/p>\n","protected":false},"author":185,"featured_media":0,"parent":0,"menu_order":0,"comment_status":"closed","ping_status":"closed","template":"","meta":{"_exactmetrics_skip_tracking":false,"_exactmetrics_sitenote_active":false,"_exactmetrics_sitenote_note":"","_exactmetrics_sitenote_category":0,"footnotes":""},"categories":[1],"tags":[],"class_list":["post-117","page","type-page","status-publish","hentry","category-seminarios"],"_links":{"self":[{"href":"https:\/\/www.professores.uff.br\/cristhabel\/wp-json\/wp\/v2\/pages\/117","targetHints":{"allow":["GET"]}}],"collection":[{"href":"https:\/\/www.professores.uff.br\/cristhabel\/wp-json\/wp\/v2\/pages"}],"about":[{"href":"https:\/\/www.professores.uff.br\/cristhabel\/wp-json\/wp\/v2\/types\/page"}],"author":[{"embeddable":true,"href":"https:\/\/www.professores.uff.br\/cristhabel\/wp-json\/wp\/v2\/users\/185"}],"replies":[{"embeddable":true,"href":"https:\/\/www.professores.uff.br\/cristhabel\/wp-json\/wp\/v2\/comments?post=117"}],"version-history":[{"count":4,"href":"https:\/\/www.professores.uff.br\/cristhabel\/wp-json\/wp\/v2\/pages\/117\/revisions"}],"predecessor-version":[{"id":162,"href":"https:\/\/www.professores.uff.br\/cristhabel\/wp-json\/wp\/v2\/pages\/117\/revisions\/162"}],"wp:attachment":[{"href":"https:\/\/www.professores.uff.br\/cristhabel\/wp-json\/wp\/v2\/media?parent=117"}],"wp:term":[{"taxonomy":"category","embeddable":true,"href":"https:\/\/www.professores.uff.br\/cristhabel\/wp-json\/wp\/v2\/categories?post=117"},{"taxonomy":"post_tag","embeddable":true,"href":"https:\/\/www.professores.uff.br\/cristhabel\/wp-json\/wp\/v2\/tags?post=117"}],"curies":[{"name":"wp","href":"https:\/\/api.w.org\/{rel}","templated":true}]}}