{"id":216,"date":"2017-07-21T15:51:32","date_gmt":"2017-07-21T18:51:32","guid":{"rendered":"http:\/\/www.professores.uff.br\/cristiane\/?page_id=216"},"modified":"2017-08-21T10:11:55","modified_gmt":"2017-08-21T13:11:55","slug":"pratica","status":"publish","type":"page","link":"https:\/\/www.professores.uff.br\/cristiane\/pratica\/","title":{"rendered":"Pr\u00e1tica"},"content":{"rendered":"<h3 style=\"text-align: center;\"><span style=\"font-size: large;\"><strong>Instru\u00e7\u00f5es<\/strong><\/span><\/h3>\n<p style=\"text-align: left;\">A parte pr\u00e1tica do Estudo Dirigido \u00e9 composta por Exerc\u00edcios de Cartografia, onde s\u00e3o praticados os conceitos expostos na parte Conceitual, e por Estudos de Caso, onde s\u00e3o praticadas as opera\u00e7\u00f5es de SIG aplicadas a estudos ambientais. Tanto os Exerc\u00edcios quanto os Estudos de Caso devem ser praticados diretamente no SIG TerraView,\u00a0 desenvolvido pelo INPE e <strong>disponibilizado<\/strong>\u00a0sem custos pela Internet. Na vers\u00e3o do Estudo Dirigido em CD, o programa est\u00e1 incluso na pasta TerraView.<\/p>\n<p style=\"text-align: left;\">Os Exerc\u00edcios e os Estudos de Caso s\u00e3o constitu\u00eddos de um passo a passo que o aluno dever\u00e1 seguir para alcan\u00e7ar o objetivo proposto no in\u00edcio de cada t\u00f3pico. O passo a passo corresponde \u00e0s opera\u00e7\u00f5es que devem ser executadas no TerraView.\u00a0 Para cada opera\u00e7\u00e3o solicitada h\u00e1 um hiperlink vinculando ao Manual do TerraView descrevendo como a opera\u00e7\u00e3o deve ser executada.<\/p>\n<p style=\"text-align: left;\">Para execu\u00e7\u00e3o dos Exerc\u00edcios de Cartografia, ser\u00e3o disponibilizados bancos de dados em formato do TerraView. As bases de dados dos Estudos de Casos est\u00e3o em formato shapefile e necessitam de importa\u00e7\u00e3o, conforme instru\u00e7\u00f5es em cada Estudo de Caso. Os arquivos encontram-se na pasta do CD denominada como Base de Dados. Para baixar pela Internet, clique sobre o nome do arquivo.<\/p>\n<p style=\"text-align: left;\">Nos itens finais dos Exerc\u00edcios e Estudos de Caso, est\u00e3o expostas quest\u00f5es em m\u00faltipla escolha que devem ser respondidas pelo aluno. Ao clicar na op\u00e7\u00e3o correta de cada quest\u00e3o, esta ser\u00e1 re-exibida:<\/p>\n<table style=\"width: 487px; height: 67px;\">\n<tbody>\n<tr style=\"border: 1px solid #FF0000; padding: 8px;\">\n<th style=\"border: 1px solid #ff0000; padding: 8px; text-align: center;\"><span style=\"color: #ff0000;\">em uma fonte maior com moldura na cor vermelha<\/span><\/th>\n<\/tr>\n<\/tbody>\n<\/table>\n<p style=\"text-align: left;\">Se o aluno n\u00e3o \u00e9 usu\u00e1rio do TerraView, \u00e9 aconselh\u00e1vel obter informa\u00e7\u00f5es sobre o sistema clicando no bot\u00e3o <img decoding=\"async\" src=\"http:\/\/www.professores.uff.br\/cristiane\/wp-content\/uploads\/sites\/18\/2017\/07\/image001-1.gif\" \/> dispon\u00edvel no in\u00edcio de cada p\u00e1gina do Estudo Dirigido.<\/p>\n<p style=\"text-align: center;\"><span style=\"font-size: large;\">Exerc\u00edcios de Cartografia<\/span><a name=\"Exerc_ProjCart\"><\/a><\/p>\n<ul>\n<li><strong>Proje\u00e7\u00e3o Cartogr\u00e1fica<\/strong><\/li>\n<li style=\"text-align: left;\"><a href=\"http:\/\/www.professores.uff.br\/cristiane\/exercicio-projecoes-cartograficas\/\">Atividade 1<\/a><\/li>\n<li style=\"text-align: left;\"><a href=\"http:\/\/www.professores.uff.br\/cristiane\/exercicio2-projecoes-cartograficas\/\">Atividade 2<\/a><\/li>\n<li style=\"text-align: left;\"><strong>Escala<\/strong><\/li>\n<li style=\"text-align: left;\"><a href=\"http:\/\/www.professores.uff.br\/cristiane\/exercicio-escala\/\">Atividade 1<\/a><\/li>\n<li style=\"text-align: left;\"><a href=\"http:\/\/www.professores.uff.br\/cristiane\/exercicio-2-escala\/\">Atividade 2<\/a><\/li>\n<li style=\"text-align: left;\"><strong>Coordenadas Geogr\u00e1ficas<\/strong><\/li>\n<li style=\"text-align: left;\"><a href=\"http:\/\/www.professores.uff.br\/cristiane\/exercicio-sistemas-de-coordenadas\/\">Atividade 1<\/a><\/li>\n<li style=\"text-align: left;\"><a href=\"http:\/\/www.professores.uff.br\/cristiane\/exercicio-2-sistemas-de-coordenadas\/\">Atividade 2<\/a><\/li>\n<li style=\"text-align: left;\"><strong>Datum Horizontal<\/strong><\/li>\n<li style=\"text-align: left;\"><a href=\"http:\/\/www.professores.uff.br\/cristiane\/exercicio-datum-horizontal\/\">Atividade 1<\/a><\/li>\n<li style=\"text-align: left;\"><strong>Sistema de Proje\u00e7\u00e3o UTM<\/strong><\/li>\n<li style=\"text-align: left;\"><a href=\"http:\/\/www.professores.uff.br\/cristiane\/exercicio-sistema-utm\/\">Atividade 1<\/a><\/li>\n<li style=\"text-align: left;\"><a href=\"http:\/\/www.professores.uff.br\/cristiane\/exercicio-2-sistema-utm\/\">Atividade 2<\/a><\/li>\n<\/ul>\n<p style=\"text-align: center;\"><span style=\"font-size: large;\">Estudos de caso de SIG<\/span><\/p>\n<ul>\n<li style=\"text-align: left;\"><a href=\"http:\/\/www.professores.uff.br\/cristiane\/calculo-de-indicador-deflorestamento-de-bacias-hidrograficas\/\">C\u00e1lculo de Indicador Deflorestamento de Bacias Hidrogr\u00e1ficas<\/a><\/li>\n<li style=\"text-align: left;\"><a href=\"http:\/\/www.professores.uff.br\/cristiane\/calculo-da-densidade-de-drenagem-de-bacias-hidrograficas\/\">C\u00e1lculo de Densidade de Drenagem de Bacias Hidrogr\u00e1ficas<\/a><\/li>\n<li style=\"text-align: left;\"><a href=\"http:\/\/www.professores.uff.br\/cristiane\/consulta-em-uma-base-de-indicadores-socio-economicos\/\">Consulta em uma Base de Indicadores S\u00f3cio-Econ\u00f4micos<\/a><\/li>\n<li style=\"text-align: left;\"><a href=\"http:\/\/www.professores.uff.br\/cristiane\/geocodificacao-por-enderecos\/\">Geocodifica\u00e7\u00e3o por endere\u00e7os<\/a><\/li>\n<li style=\"text-align: left;\"><a href=\"http:\/\/www.professores.uff.br\/cristiane\/monitoramento-do-uso-e-cobertura-do-solo\/\">Monitoramento do Uso e Cobertura do Solo<\/a><\/li>\n<li style=\"text-align: left;\"><a href=\"http:\/\/www.professores.uff.br\/cristiane\/avaliacao-das-restricoes-legais-a-ocupacao-urbana\/\">Avalia\u00e7\u00e3o das Restri\u00e7\u00f5es Legais \u00e0 Ocupa\u00e7\u00e3o<\/a><\/li>\n<li style=\"text-align: left;\"><a href=\"http:\/\/www.professores.uff.br\/cristiane\/consulta-sobre-ocorrencia-de-terremotos\/\">Consulta sobre Ocorr\u00eancia de Terremotos<\/a><\/li>\n<li style=\"text-align: left;\"><a href=\"http:\/\/www.professores.uff.br\/cristiane\/contagem-das-ocorrencias-de-terremotos\/\">Contagem das ocorr\u00eancias de terremotos<\/a><\/li>\n<li style=\"text-align: left;\"><a href=\"http:\/\/www.professores.uff.br\/cristiane\/localizacao-de-empreendimentos-economicos\/\">Avalia\u00e7\u00e3o de Locais para Implanta\u00e7\u00e3o de Empreendimentos Econ\u00f4micos<\/a><\/li>\n<\/ul>\n","protected":false},"excerpt":{"rendered":"<p>Instru\u00e7\u00f5es A parte pr\u00e1tica do Estudo Dirigido \u00e9 composta por Exerc\u00edcios de Cartografia, onde s\u00e3o praticados os conceitos expostos na parte Conceitual, e por Estudos de Caso, onde s\u00e3o praticadas as opera\u00e7\u00f5es de SIG aplicadas a estudos ambientais. Tanto os Exerc\u00edcios quanto os Estudos de Caso devem ser praticados diretamente no SIG TerraView,\u00a0 desenvolvido pelo [&hellip;]<\/p>\n","protected":false},"author":20,"featured_media":0,"parent":0,"menu_order":0,"comment_status":"closed","ping_status":"closed","template":"","meta":{"_exactmetrics_skip_tracking":false,"_exactmetrics_sitenote_active":false,"_exactmetrics_sitenote_note":"","_exactmetrics_sitenote_category":0,"footnotes":""},"categories":[],"tags":[],"class_list":["post-216","page","type-page","status-publish","hentry"],"_links":{"self":[{"href":"https:\/\/www.professores.uff.br\/cristiane\/wp-json\/wp\/v2\/pages\/216","targetHints":{"allow":["GET"]}}],"collection":[{"href":"https:\/\/www.professores.uff.br\/cristiane\/wp-json\/wp\/v2\/pages"}],"about":[{"href":"https:\/\/www.professores.uff.br\/cristiane\/wp-json\/wp\/v2\/types\/page"}],"author":[{"embeddable":true,"href":"https:\/\/www.professores.uff.br\/cristiane\/wp-json\/wp\/v2\/users\/20"}],"replies":[{"embeddable":true,"href":"https:\/\/www.professores.uff.br\/cristiane\/wp-json\/wp\/v2\/comments?post=216"}],"version-history":[{"count":22,"href":"https:\/\/www.professores.uff.br\/cristiane\/wp-json\/wp\/v2\/pages\/216\/revisions"}],"predecessor-version":[{"id":555,"href":"https:\/\/www.professores.uff.br\/cristiane\/wp-json\/wp\/v2\/pages\/216\/revisions\/555"}],"wp:attachment":[{"href":"https:\/\/www.professores.uff.br\/cristiane\/wp-json\/wp\/v2\/media?parent=216"}],"wp:term":[{"taxonomy":"category","embeddable":true,"href":"https:\/\/www.professores.uff.br\/cristiane\/wp-json\/wp\/v2\/categories?post=216"},{"taxonomy":"post_tag","embeddable":true,"href":"https:\/\/www.professores.uff.br\/cristiane\/wp-json\/wp\/v2\/tags?post=216"}],"curies":[{"name":"wp","href":"https:\/\/api.w.org\/{rel}","templated":true}]}}