{"id":474,"date":"2017-08-18T10:54:13","date_gmt":"2017-08-18T13:54:13","guid":{"rendered":"http:\/\/www.professores.uff.br\/cristiane\/?page_id=474"},"modified":"2017-08-18T10:54:13","modified_gmt":"2017-08-18T13:54:13","slug":"exercicio-2-escala","status":"publish","type":"page","link":"https:\/\/www.professores.uff.br\/cristiane\/exercicio-2-escala\/","title":{"rendered":"Exerc\u00edcio 2: Escala"},"content":{"rendered":"<p><strong>Atividade 2: Comparar temas elaborados em diferentes escalas.<\/strong><br \/>\n2.1 Alterar a visualiza\u00e7\u00e3o dos temas<br \/>\n<a href=\"http:\/\/www.professores.uff.br\/cristiane\/manual\/\">Abrir banco de dados<\/a> <a href=\"http:\/\/www.professores.uff.br\/cristiane\/wp-content\/uploads\/sites\/18\/2017\/08\/Escala.zip\">Escala.mdb<\/a> no programa TerraView.<br \/>\n<a href=\"http:\/\/www.professores.uff.br\/cristiane\/manual\/\">Ativar e desenhar<\/a> tema munic\u00edpio do Rio de Janeiro.<br \/>\n<a href=\"http:\/\/www.professores.uff.br\/cristiane\/manual\/\">Ativar e desenhar<\/a> tema estado do Rio de Janeiro.<br \/>\nCom a ferramenta , aumente a escala de visualiza\u00e7\u00e3o sobre o litoral munic\u00edpio do Rio de Janeiro at\u00e9 escala pr\u00f3xima a 1:50.000, dispon\u00edvel na <a href=\"http:\/\/www.professores.uff.br\/cristiane\/terraview\/\">barra de Ferramentas.<\/a><br \/>\nResponder:<br \/>\nEntre as diferen\u00e7as encontradas no litoral do Rio de Janeiro entre os dois temas, destaca-se maior sinuosidade da linha de costa no tema do munic\u00edpio. Esta diferen\u00e7a pode ser explicada pela seguinte afirmativa:<br \/>\n( ) Os temas foram gerados por originais de escalas diferentes. O tema do munic\u00edpio foi elaborado em escala menor j\u00e1 que a linha de \u00e9 mais sinuosa.<br \/>\n( ) Os temas foram gerados por originais de escalas diferentes. O tema do estado foi elaborado em escala menor j\u00e1 que a linha de \u00e9 menos sinuosa.<br \/>\n( ) Os temas foram gerados por originais de escalas diferentes. O tema do estado foi elaborado em escala maior j\u00e1 que a linha de \u00e9 menos sinuosa.<\/p>\n","protected":false},"excerpt":{"rendered":"<p>Atividade 2: Comparar temas elaborados em diferentes escalas. 2.1 Alterar a visualiza\u00e7\u00e3o dos temas Abrir banco de dados Escala.mdb no programa TerraView. Ativar e desenhar tema munic\u00edpio do Rio de Janeiro. Ativar e desenhar tema estado do Rio de Janeiro. Com a ferramenta , aumente a escala de visualiza\u00e7\u00e3o sobre o litoral munic\u00edpio do Rio [&hellip;]<\/p>\n","protected":false},"author":22,"featured_media":0,"parent":0,"menu_order":0,"comment_status":"closed","ping_status":"closed","template":"","meta":{"_exactmetrics_skip_tracking":false,"_exactmetrics_sitenote_active":false,"_exactmetrics_sitenote_note":"","_exactmetrics_sitenote_category":0,"footnotes":""},"categories":[],"tags":[],"class_list":["post-474","page","type-page","status-publish","hentry"],"_links":{"self":[{"href":"https:\/\/www.professores.uff.br\/cristiane\/wp-json\/wp\/v2\/pages\/474","targetHints":{"allow":["GET"]}}],"collection":[{"href":"https:\/\/www.professores.uff.br\/cristiane\/wp-json\/wp\/v2\/pages"}],"about":[{"href":"https:\/\/www.professores.uff.br\/cristiane\/wp-json\/wp\/v2\/types\/page"}],"author":[{"embeddable":true,"href":"https:\/\/www.professores.uff.br\/cristiane\/wp-json\/wp\/v2\/users\/22"}],"replies":[{"embeddable":true,"href":"https:\/\/www.professores.uff.br\/cristiane\/wp-json\/wp\/v2\/comments?post=474"}],"version-history":[{"count":1,"href":"https:\/\/www.professores.uff.br\/cristiane\/wp-json\/wp\/v2\/pages\/474\/revisions"}],"predecessor-version":[{"id":475,"href":"https:\/\/www.professores.uff.br\/cristiane\/wp-json\/wp\/v2\/pages\/474\/revisions\/475"}],"wp:attachment":[{"href":"https:\/\/www.professores.uff.br\/cristiane\/wp-json\/wp\/v2\/media?parent=474"}],"wp:term":[{"taxonomy":"category","embeddable":true,"href":"https:\/\/www.professores.uff.br\/cristiane\/wp-json\/wp\/v2\/categories?post=474"},{"taxonomy":"post_tag","embeddable":true,"href":"https:\/\/www.professores.uff.br\/cristiane\/wp-json\/wp\/v2\/tags?post=474"}],"curies":[{"name":"wp","href":"https:\/\/api.w.org\/{rel}","templated":true}]}}

Exercício 2: Escala

<p><strong>Atividade 2: Comparar temas elaborados em diferentes escalas.</strong><br />
2.1 Alterar a visualização dos temas<br />
<a href="http://www.professores.uff.br/cristiane/manual/">Abrir banco de dados</a> <a href="http://www.professores.uff.br/cristiane/wp-content/uploads/sites/18/2017/08/Escala.zip">Escala.mdb</a> no programa TerraView.<br />
<a href="http://www.professores.uff.br/cristiane/manual/">Ativar e desenhar</a> tema município do Rio de Janeiro.<br />
<a href="http://www.professores.uff.br/cristiane/manual/">Ativar e desenhar</a> tema estado do Rio de Janeiro.<br />
Com a ferramenta , aumente a escala de visualização sobre o litoral município do Rio de Janeiro até escala próxima a 1:50.000, disponível na <a href="http://www.professores.uff.br/cristiane/terraview/">barra de Ferramentas.</a><br />
Responder:<br />
Entre as diferenças encontradas no litoral do Rio de Janeiro entre os dois temas, destaca-se maior sinuosidade da linha de costa no tema do município. Esta diferença pode ser explicada pela seguinte afirmativa:<br />
( ) Os temas foram gerados por originais de escalas diferentes. O tema do município foi elaborado em escala menor já que a linha de é mais sinuosa.<br />
( ) Os temas foram gerados por originais de escalas diferentes. O tema do estado foi elaborado em escala menor já que a linha de é menos sinuosa.<br />
( ) Os temas foram gerados por originais de escalas diferentes. O tema do estado foi elaborado em escala maior já que a linha de é menos sinuosa.</p>

<p>Atividade 2: Comparar temas elaborados em diferentes escalas. 2.1 Alterar a visualização dos temas Abrir banco de dados Escala.mdb no programa TerraView. Ativar e desenhar tema município do Rio de Janeiro. Ativar e desenhar tema estado do Rio de Janeiro. Com a ferramenta , aumente a escala de visualização sobre o litoral município do Rio [&hellip;]</p>
