{"id":480,"date":"2017-08-18T10:59:40","date_gmt":"2017-08-18T13:59:40","guid":{"rendered":"http:\/\/www.professores.uff.br\/cristiane\/?page_id=480"},"modified":"2017-08-18T10:59:40","modified_gmt":"2017-08-18T13:59:40","slug":"exercicio-2-sistemas-de-coordenadas","status":"publish","type":"page","link":"https:\/\/www.professores.uff.br\/cristiane\/exercicio-2-sistemas-de-coordenadas\/","title":{"rendered":"Exerc\u00edcio 2: Sistemas de Coordenadas"},"content":{"rendered":"<p><strong>Atividade 2: Utilizar temas em diferentes sistemas de coordenadas num mesmo banco de dados.<\/strong><br \/>\n2.1 Visualizar os temas de pa\u00edses na proje\u00e7\u00e3o Mercator.<br \/>\n<a href=\"http:\/\/www.professores.uff.br\/cristiane\/manual\/\">Abrir banco de dados<\/a> <a href=\"http:\/\/www.professores.uff.br\/cristiane\/wp-content\/uploads\/sites\/18\/2017\/08\/Coordenadas.zip\">coordenadas.mdb<\/a> no programa TerraView.<br \/>\n<a href=\"http:\/\/www.professores.uff.br\/cristiane\/manual\/\">Desativar o tema<\/a> pa\u00edses_m e cidades_m da vista Mercator.<br \/>\n<a href=\"http:\/\/www.professores.uff.br\/cristiane\/manual\/\">Ativar o tema <\/a>pa\u00edses_km da vista Mercator.<br \/>\n<a href=\"http:\/\/www.professores.uff.br\/cristiane\/manual\/\">Desenhar o tema<\/a> pa\u00edses_km da vista Mercator.<br \/>\nNa <a href=\"http:\/\/www.professores.uff.br\/cristiane\/terraview\/\">barra de ferramentas<\/a>, verificar a escala da tela de visualiza\u00e7\u00e3o.<\/p>\n<p>Responder<br \/>\nAssinale as alternativas incorretas:<br \/>\n( A ) N\u00e3o h\u00e1 nenhum objeto sendo visualizado na tela.<br \/>\n( B ) O tema pa\u00edses_km est\u00e1 na tela, por\u00e9m n\u00e3o \u00e9 poss\u00edvel identific\u00e1-lo, pois a escala da tela de visualiza\u00e7\u00e3o \u00e9 muito reduzida para o sistema de coordenadas do tema em quest\u00e3o.<br \/>\n( C ) O pequeno ponto que est\u00e1 vis\u00edvel no centro da tela de visualiza\u00e7\u00e3o, corresponde a origem do sistema de coordenadas, ou seja, Linha do Equador e Meridiano de Greenwich.<\/p>\n<p>Com o tema pa\u00edses_m ativo, clique na ferramenta\u00a0<img decoding=\"async\" src=\"http:\/\/www.meusiteantigo.uff.br\/cristiane\/Estudodirigido\/Exercicio%20Coordenadas2_arquivos\/image002.jpg\" \/> para recompor o tema. Verificar a mudan\u00e7a de escala da tela de visualiza\u00e7\u00e3o.<\/p>\n<p>Responder<br \/>\nAssinale as alternativas incorretas:<br \/>\n( A ) O tema pa\u00edses_m n\u00e3o est\u00e1 sendo visualizado.<br \/>\n( B ) O tema pa\u00edses_m est\u00e1 sendo visualizado completamente na tela, pois a escala est\u00e1 ampliada mil vezes em rela\u00e7\u00e3o a escala anterior.<br \/>\n( C ) N\u00e3o \u00e9 poss\u00edvel visualizar os dois temas simultaneamente pois eles est\u00e3o em proje\u00e7\u00f5es cartogr\u00e1ficas diferentes.<br \/>\n( D ) N\u00e3o \u00e9 poss\u00edvel visualizar os dois temas simultaneamente, pois, apesar de ambos estarem sob a mesma proje\u00e7\u00e3o cartogr\u00e1fica, as suas coordenadas est\u00e3o em unidades diferentes.<br \/>\n( E ) Ambos os temas est\u00e3o na proje\u00e7\u00e3o de Mercator, por\u00e9m um apresenta as unidades das coordenadas em metro e o outro em quil\u00f4metro.<\/p>\n","protected":false},"excerpt":{"rendered":"<p>Atividade 2: Utilizar temas em diferentes sistemas de coordenadas num mesmo banco de dados. 2.1 Visualizar os temas de pa\u00edses na proje\u00e7\u00e3o Mercator. Abrir banco de dados coordenadas.mdb no programa TerraView. Desativar o tema pa\u00edses_m e cidades_m da vista Mercator. Ativar o tema pa\u00edses_km da vista Mercator. Desenhar o tema pa\u00edses_km da vista Mercator. Na [&hellip;]<\/p>\n","protected":false},"author":22,"featured_media":0,"parent":0,"menu_order":0,"comment_status":"closed","ping_status":"closed","template":"","meta":{"_exactmetrics_skip_tracking":false,"_exactmetrics_sitenote_active":false,"_exactmetrics_sitenote_note":"","_exactmetrics_sitenote_category":0,"footnotes":""},"categories":[],"tags":[],"class_list":["post-480","page","type-page","status-publish","hentry"],"_links":{"self":[{"href":"https:\/\/www.professores.uff.br\/cristiane\/wp-json\/wp\/v2\/pages\/480","targetHints":{"allow":["GET"]}}],"collection":[{"href":"https:\/\/www.professores.uff.br\/cristiane\/wp-json\/wp\/v2\/pages"}],"about":[{"href":"https:\/\/www.professores.uff.br\/cristiane\/wp-json\/wp\/v2\/types\/page"}],"author":[{"embeddable":true,"href":"https:\/\/www.professores.uff.br\/cristiane\/wp-json\/wp\/v2\/users\/22"}],"replies":[{"embeddable":true,"href":"https:\/\/www.professores.uff.br\/cristiane\/wp-json\/wp\/v2\/comments?post=480"}],"version-history":[{"count":1,"href":"https:\/\/www.professores.uff.br\/cristiane\/wp-json\/wp\/v2\/pages\/480\/revisions"}],"predecessor-version":[{"id":481,"href":"https:\/\/www.professores.uff.br\/cristiane\/wp-json\/wp\/v2\/pages\/480\/revisions\/481"}],"wp:attachment":[{"href":"https:\/\/www.professores.uff.br\/cristiane\/wp-json\/wp\/v2\/media?parent=480"}],"wp:term":[{"taxonomy":"category","embeddable":true,"href":"https:\/\/www.professores.uff.br\/cristiane\/wp-json\/wp\/v2\/categories?post=480"},{"taxonomy":"post_tag","embeddable":true,"href":"https:\/\/www.professores.uff.br\/cristiane\/wp-json\/wp\/v2\/tags?post=480"}],"curies":[{"name":"wp","href":"https:\/\/api.w.org\/{rel}","templated":true}]}}

Exercício 2: Sistemas de Coordenadas

<p><strong>Atividade 2: Utilizar temas em diferentes sistemas de coordenadas num mesmo banco de dados.</strong><br />
2.1 Visualizar os temas de países na projeção Mercator.<br />
<a href="http://www.professores.uff.br/cristiane/manual/">Abrir banco de dados</a> <a href="http://www.professores.uff.br/cristiane/wp-content/uploads/sites/18/2017/08/Coordenadas.zip">coordenadas.mdb</a> no programa TerraView.<br />
<a href="http://www.professores.uff.br/cristiane/manual/">Desativar o tema</a> países_m e cidades_m da vista Mercator.<br />
<a href="http://www.professores.uff.br/cristiane/manual/">Ativar o tema </a>países_km da vista Mercator.<br />
<a href="http://www.professores.uff.br/cristiane/manual/">Desenhar o tema</a> países_km da vista Mercator.<br />
Na <a href="http://www.professores.uff.br/cristiane/terraview/">barra de ferramentas</a>, verificar a escala da tela de visualização.</p>
<p>Responder<br />
Assinale as alternativas incorretas:<br />
( A ) Não há nenhum objeto sendo visualizado na tela.<br />
( B ) O tema países_km está na tela, porém não é possível identificá-lo, pois a escala da tela de visualização é muito reduzida para o sistema de coordenadas do tema em questão.<br />
( C ) O pequeno ponto que está visível no centro da tela de visualização, corresponde a origem do sistema de coordenadas, ou seja, Linha do Equador e Meridiano de Greenwich.</p>
<p>Com o tema países_m ativo, clique na ferramenta <img decoding="async" src="http://www.meusiteantigo.uff.br/cristiane/Estudodirigido/Exercicio%20Coordenadas2_arquivos/image002.jpg" /> para recompor o tema. Verificar a mudança de escala da tela de visualização.</p>
<p>Responder<br />
Assinale as alternativas incorretas:<br />
( A ) O tema países_m não está sendo visualizado.<br />
( B ) O tema países_m está sendo visualizado completamente na tela, pois a escala está ampliada mil vezes em relação a escala anterior.<br />
( C ) Não é possível visualizar os dois temas simultaneamente pois eles estão em projeções cartográficas diferentes.<br />
( D ) Não é possível visualizar os dois temas simultaneamente, pois, apesar de ambos estarem sob a mesma projeção cartográfica, as suas coordenadas estão em unidades diferentes.<br />
( E ) Ambos os temas estão na projeção de Mercator, porém um apresenta as unidades das coordenadas em metro e o outro em quilômetro.</p>

<p>Atividade 2: Utilizar temas em diferentes sistemas de coordenadas num mesmo banco de dados. 2.1 Visualizar os temas de países na projeção Mercator. Abrir banco de dados coordenadas.mdb no programa TerraView. Desativar o tema países_m e cidades_m da vista Mercator. Ativar o tema países_km da vista Mercator. Desenhar o tema países_km da vista Mercator. Na [&hellip;]</p>
