{"id":483,"date":"2017-08-18T11:11:03","date_gmt":"2017-08-18T14:11:03","guid":{"rendered":"http:\/\/www.professores.uff.br\/cristiane\/?page_id=483"},"modified":"2017-08-18T11:11:03","modified_gmt":"2017-08-18T14:11:03","slug":"exercicio-datum-horizontal","status":"publish","type":"page","link":"https:\/\/www.professores.uff.br\/cristiane\/exercicio-datum-horizontal\/","title":{"rendered":"Exerc\u00edcio: Datum Horizontal"},"content":{"rendered":"<p><strong>Atividade 1: Verificar a diferen\u00e7a de posicionamento entre data horizontais.<\/strong><br \/>\n1.1 Medir a dist\u00e2ncia entre malha UTM de dois temas:<br \/>\n<a href=\"http:\/\/www.professores.uff.br\/cristiane\/manual\/\">Abrir banco de dados <\/a>Datum.mdb no programa TerraView.<br \/>\n<a href=\"http:\/\/www.professores.uff.br\/cristiane\/manual\/\">Ativar e desenhar<\/a> tema CordeiroCA e CordeiroSAD.<br \/>\nCom a <a href=\"http:\/\/www.professores.uff.br\/cristiane\/terraview\/\">ferramenta<\/a>\u00a0<img decoding=\"async\" src=\"http:\/\/www.meusiteantigo.uff.br\/cristiane\/Estudodirigido\/images\/Exerci1.gif\" \/>\u00a0, ampliar a visualiza\u00e7\u00e3o dos temas at\u00e9 que seja vis\u00edvel as duas linhas (azul e vermelha) pertencentes a cada tema. A escala adequada para o desenvolvimento desta atividade \u00e9 pr\u00f3xima a escala 1:200, verificar este valor na <a href=\"http:\/\/www.professores.uff.br\/cristiane\/terraview\/\">barra de Ferramentas.<\/a><br \/>\nMedir a dist\u00e2ncia perpendicular \u00e0s duas linhas paralelas (vermelha e azul) de cada tema.<br \/>\nResponder:<br \/>\nAs dist\u00e2ncias entre as linhas na dire\u00e7\u00e3o norte-sul e leste-oeste s\u00e3o, respectivamente, pr\u00f3ximas a:<br \/>\n( ) 19 m e 23 m<br \/>\n( ) 30 m e 23 m<br \/>\n( ) 19 m e 30 m<\/p>\n<p>Estas diferen\u00e7as ocorrem devido ao fato:<br \/>\n( ) Dos temas estarem localizados em fusos UTM distintos.<br \/>\n( ) Dos temas apresentarem data distintos, ou seja, um est\u00e1 no datum C\u00f3rrego Alegre e outro no SAD-69.<br \/>\n( ) Dos originais dos temas apresentarem escalas diferentes.<\/p>\n<p>Considerando que o original dos temas foi constru\u00eddo na escala 1:100.000, assinale a alternativa correta:<br \/>\n( ) Independente da escala original, a diferen\u00e7a entre os dois arquivos \u00e9 inadmiss\u00edvel sob o ponto de vista de exatid\u00e3o cartogr\u00e1fica.<br \/>\n( ) Quanto maior a escala, maior o erro que pode ser admitido como padr\u00e3o de exatid\u00e3o cartogr\u00e1fica.<br \/>\n( ) Segundo as Normas T\u00e9cnicas da Cartografia Nacional, o padr\u00e3o de exatid\u00e3o cartogr\u00e1fica para as cartas Classe A \u00e9 de 0,5 mm, o que na escala 1:100.000 corresponderia 50 m. Logo a diferen\u00e7a entre os dois tema pode ser considerado desprez\u00edvel nesta escala.<\/p>\n","protected":false},"excerpt":{"rendered":"<p>Atividade 1: Verificar a diferen\u00e7a de posicionamento entre data horizontais. 1.1 Medir a dist\u00e2ncia entre malha UTM de dois temas: Abrir banco de dados Datum.mdb no programa TerraView. Ativar e desenhar tema CordeiroCA e CordeiroSAD. Com a ferramenta\u00a0\u00a0, ampliar a visualiza\u00e7\u00e3o dos temas at\u00e9 que seja vis\u00edvel as duas linhas (azul e vermelha) pertencentes a [&hellip;]<\/p>\n","protected":false},"author":22,"featured_media":0,"parent":0,"menu_order":0,"comment_status":"closed","ping_status":"closed","template":"","meta":{"_exactmetrics_skip_tracking":false,"_exactmetrics_sitenote_active":false,"_exactmetrics_sitenote_note":"","_exactmetrics_sitenote_category":0,"footnotes":""},"categories":[],"tags":[],"class_list":["post-483","page","type-page","status-publish","hentry"],"_links":{"self":[{"href":"https:\/\/www.professores.uff.br\/cristiane\/wp-json\/wp\/v2\/pages\/483","targetHints":{"allow":["GET"]}}],"collection":[{"href":"https:\/\/www.professores.uff.br\/cristiane\/wp-json\/wp\/v2\/pages"}],"about":[{"href":"https:\/\/www.professores.uff.br\/cristiane\/wp-json\/wp\/v2\/types\/page"}],"author":[{"embeddable":true,"href":"https:\/\/www.professores.uff.br\/cristiane\/wp-json\/wp\/v2\/users\/22"}],"replies":[{"embeddable":true,"href":"https:\/\/www.professores.uff.br\/cristiane\/wp-json\/wp\/v2\/comments?post=483"}],"version-history":[{"count":1,"href":"https:\/\/www.professores.uff.br\/cristiane\/wp-json\/wp\/v2\/pages\/483\/revisions"}],"predecessor-version":[{"id":484,"href":"https:\/\/www.professores.uff.br\/cristiane\/wp-json\/wp\/v2\/pages\/483\/revisions\/484"}],"wp:attachment":[{"href":"https:\/\/www.professores.uff.br\/cristiane\/wp-json\/wp\/v2\/media?parent=483"}],"wp:term":[{"taxonomy":"category","embeddable":true,"href":"https:\/\/www.professores.uff.br\/cristiane\/wp-json\/wp\/v2\/categories?post=483"},{"taxonomy":"post_tag","embeddable":true,"href":"https:\/\/www.professores.uff.br\/cristiane\/wp-json\/wp\/v2\/tags?post=483"}],"curies":[{"name":"wp","href":"https:\/\/api.w.org\/{rel}","templated":true}]}}

Exercício: Datum Horizontal

<p><strong>Atividade 1: Verificar a diferença de posicionamento entre data horizontais.</strong><br />
1.1 Medir a distância entre malha UTM de dois temas:<br />
<a href="http://www.professores.uff.br/cristiane/manual/">Abrir banco de dados </a>Datum.mdb no programa TerraView.<br />
<a href="http://www.professores.uff.br/cristiane/manual/">Ativar e desenhar</a> tema CordeiroCA e CordeiroSAD.<br />
Com a <a href="http://www.professores.uff.br/cristiane/terraview/">ferramenta</a> <img decoding="async" src="http://www.meusiteantigo.uff.br/cristiane/Estudodirigido/images/Exerci1.gif" /> , ampliar a visualização dos temas até que seja visível as duas linhas (azul e vermelha) pertencentes a cada tema. A escala adequada para o desenvolvimento desta atividade é próxima a escala 1:200, verificar este valor na <a href="http://www.professores.uff.br/cristiane/terraview/">barra de Ferramentas.</a><br />
Medir a distância perpendicular às duas linhas paralelas (vermelha e azul) de cada tema.<br />
Responder:<br />
As distâncias entre as linhas na direção norte-sul e leste-oeste são, respectivamente, próximas a:<br />
( ) 19 m e 23 m<br />
( ) 30 m e 23 m<br />
( ) 19 m e 30 m</p>
<p>Estas diferenças ocorrem devido ao fato:<br />
( ) Dos temas estarem localizados em fusos UTM distintos.<br />
( ) Dos temas apresentarem data distintos, ou seja, um está no datum Córrego Alegre e outro no SAD-69.<br />
( ) Dos originais dos temas apresentarem escalas diferentes.</p>
<p>Considerando que o original dos temas foi construído na escala 1:100.000, assinale a alternativa correta:<br />
( ) Independente da escala original, a diferença entre os dois arquivos é inadmissível sob o ponto de vista de exatidão cartográfica.<br />
( ) Quanto maior a escala, maior o erro que pode ser admitido como padrão de exatidão cartográfica.<br />
( ) Segundo as Normas Técnicas da Cartografia Nacional, o padrão de exatidão cartográfica para as cartas Classe A é de 0,5 mm, o que na escala 1:100.000 corresponderia 50 m. Logo a diferença entre os dois tema pode ser considerado desprezível nesta escala.</p>

<p>Atividade 1: Verificar a diferença de posicionamento entre data horizontais. 1.1 Medir a distância entre malha UTM de dois temas: Abrir banco de dados Datum.mdb no programa TerraView. Ativar e desenhar tema CordeiroCA e CordeiroSAD. Com a ferramenta  , ampliar a visualização dos temas até que seja visível as duas linhas (azul e vermelha) pertencentes a [&hellip;]</p>
