{"id":485,"date":"2017-08-18T11:15:07","date_gmt":"2017-08-18T14:15:07","guid":{"rendered":"http:\/\/www.professores.uff.br\/cristiane\/?page_id=485"},"modified":"2017-08-18T11:24:48","modified_gmt":"2017-08-18T14:24:48","slug":"exercicio-sistema-utm","status":"publish","type":"page","link":"https:\/\/www.professores.uff.br\/cristiane\/exercicio-sistema-utm\/","title":{"rendered":"Exerc\u00edcio: Sistema UTM"},"content":{"rendered":"<p><strong>Atividade 1: Conhecer os fusos UTM.<\/strong><br \/>\n1.1 Quantos fusos UTM que cruzam o territ\u00f3rio brasileiro?<br \/>\n<a href=\"http:\/\/www.professores.uff.br\/cristiane\/manual\/\">Abrir banco de dados <\/a>\u00a0<a href=\"http:\/\/www.professores.uff.br\/cristiane\/wp-content\/uploads\/sites\/18\/2017\/08\/UTM.zip\">UTM.mdb<\/a> no programa TerraView.<br \/>\n<a href=\"http:\/\/www.professores.uff.br\/cristiane\/manual\/\">Ativar e desenhar <\/a>tema fusos UTM e pa\u00edses.<br \/>\n<a href=\"http:\/\/www.professores.uff.br\/cristiane\/manual\/\">Selecionar <\/a>o Brasil.<br \/>\n<a href=\"http:\/\/www.professores.uff.br\/cristiane\/manual\/\">Selecionar <\/a>os fusos que atravessam o Brasil, utilizando o comando <a href=\"http:\/\/www.professores.uff.br\/cristiane\/manual\/\">Consulta<\/a> espacial com o tema pa\u00edses ativo. Na Janela Consulta Espacial, marcar a op\u00e7\u00e3o Tema vis\u00edvel e selecionar o tema fusos UTM (Tema sele\u00e7\u00e3o). Para selecionar os fusos que atravessam o Brasil, clicar no bot\u00e3o\u00a0<img decoding=\"async\" src=\"http:\/\/www.meusiteantigo.uff.br\/cristiane\/Estudodirigido\/images\/Exerci2.gif\" \/> e depois no Filtrar. Veja o n\u00famero de elementos consultados na barra de status, passando o mouse sobre a tabela e anote.<br \/>\nResponder:<br \/>\nQuantos fusos atravessam o territ\u00f3rio brasileiro?<br \/>\n( ) 8<br \/>\n( ) 60<br \/>\n( ) 4<\/p>\n<p>Utilizando a ferramenta\u00a0<img decoding=\"async\" src=\"http:\/\/www.meusiteantigo.uff.br\/cristiane\/Estudodirigido\/images\/Exerci3.gif\" \/>\u00a0, clique sobre o fuso que apresenta maior extens\u00e3o no territ\u00f3rio brasileiro e selecione a op\u00e7\u00e3o correta a seguir.<br \/>\n( ) 21<br \/>\n( ) 22<br \/>\n( ) 23<\/p>\n<p>1.2 Qual o fuso UTM onde a cidade do Rio de Janeiro est\u00e1 localizada?<br \/>\nSelecionar a cidade do Rio de Janeiro, com o comando <a href=\"http:\/\/www.professores.uff.br\/cristiane\/manual\/\">Consultar por Atributos<\/a> e utilizando a express\u00e3o CIDADE = &#8216;Rio de Janeiro&#8217;.<br \/>\nUtilizando a ferramenta<img decoding=\"async\" src=\"http:\/\/www.meusiteantigo.uff.br\/cristiane\/Estudodirigido\/images\/Exerci4.gif\" \/>, clicar sobre o fuso onde a cidade do Rio de Janeiro est\u00e1 situada.<br \/>\nResponder:<br \/>\n( ) 21<br \/>\n( ) 22<br \/>\n( ) 23<\/p>\n<p>Na tabela de atributos dos fusos UTM, verificar quais s\u00e3o os limites (east_value e west_value) e o meridiano central (cm_value) do fuso onde a cidade do Rio de Janeiro est\u00e1 situada. Os valores s\u00e3o respectivamente:<br \/>\n( ) 42\u00ba O, 48\u00ba O e 45\u00ba O<br \/>\n( ) 42\u00ba O, 45\u00ba O e 48\u00ba O<br \/>\n( ) 45\u00ba O, 48\u00ba O e 42\u00ba O<\/p>\n","protected":false},"excerpt":{"rendered":"<p>Atividade 1: Conhecer os fusos UTM. 1.1 Quantos fusos UTM que cruzam o territ\u00f3rio brasileiro? Abrir banco de dados \u00a0UTM.mdb no programa TerraView. Ativar e desenhar tema fusos UTM e pa\u00edses. Selecionar o Brasil. Selecionar os fusos que atravessam o Brasil, utilizando o comando Consulta espacial com o tema pa\u00edses ativo. Na Janela Consulta Espacial, [&hellip;]<\/p>\n","protected":false},"author":22,"featured_media":0,"parent":0,"menu_order":0,"comment_status":"closed","ping_status":"closed","template":"","meta":{"_exactmetrics_skip_tracking":false,"_exactmetrics_sitenote_active":false,"_exactmetrics_sitenote_note":"","_exactmetrics_sitenote_category":0,"footnotes":""},"categories":[],"tags":[],"class_list":["post-485","page","type-page","status-publish","hentry"],"_links":{"self":[{"href":"https:\/\/www.professores.uff.br\/cristiane\/wp-json\/wp\/v2\/pages\/485","targetHints":{"allow":["GET"]}}],"collection":[{"href":"https:\/\/www.professores.uff.br\/cristiane\/wp-json\/wp\/v2\/pages"}],"about":[{"href":"https:\/\/www.professores.uff.br\/cristiane\/wp-json\/wp\/v2\/types\/page"}],"author":[{"embeddable":true,"href":"https:\/\/www.professores.uff.br\/cristiane\/wp-json\/wp\/v2\/users\/22"}],"replies":[{"embeddable":true,"href":"https:\/\/www.professores.uff.br\/cristiane\/wp-json\/wp\/v2\/comments?post=485"}],"version-history":[{"count":2,"href":"https:\/\/www.professores.uff.br\/cristiane\/wp-json\/wp\/v2\/pages\/485\/revisions"}],"predecessor-version":[{"id":491,"href":"https:\/\/www.professores.uff.br\/cristiane\/wp-json\/wp\/v2\/pages\/485\/revisions\/491"}],"wp:attachment":[{"href":"https:\/\/www.professores.uff.br\/cristiane\/wp-json\/wp\/v2\/media?parent=485"}],"wp:term":[{"taxonomy":"category","embeddable":true,"href":"https:\/\/www.professores.uff.br\/cristiane\/wp-json\/wp\/v2\/categories?post=485"},{"taxonomy":"post_tag","embeddable":true,"href":"https:\/\/www.professores.uff.br\/cristiane\/wp-json\/wp\/v2\/tags?post=485"}],"curies":[{"name":"wp","href":"https:\/\/api.w.org\/{rel}","templated":true}]}}