{"id":492,"date":"2017-08-18T11:42:41","date_gmt":"2017-08-18T14:42:41","guid":{"rendered":"http:\/\/www.professores.uff.br\/cristiane\/?page_id=492"},"modified":"2017-08-18T11:42:41","modified_gmt":"2017-08-18T14:42:41","slug":"calculo-de-indicador-deflorestamento-de-bacias-hidrograficas","status":"publish","type":"page","link":"https:\/\/www.professores.uff.br\/cristiane\/calculo-de-indicador-deflorestamento-de-bacias-hidrograficas\/","title":{"rendered":"C\u00e1lculo de Indicador Deflorestamento de Bacias Hidrogr\u00e1ficas"},"content":{"rendered":"<h5><strong>Objetivo<\/strong><\/h5>\n<ul>\n<li>Calcular o indicador de deflorestamento de bacias hidrogr\u00e1ficas.<\/li>\n<\/ul>\n<h5><strong>\u00c1rea de estudo<\/strong><\/h5>\n<ul>\n<li>Bacia hidrogr\u00e1fica do Japu\u00edba, Angra dos Reis, RJ.<\/li>\n<\/ul>\n<h5><strong>Base de dados<\/strong><\/h5>\n<ul>\n<li>Limite da bacia hidrogr\u00e1fica \u2013 bh_angra.shp<\/li>\n<li>Uso e cobertura do solo \u2013 usolo_angra.shp<\/li>\n<\/ul>\n<hr \/>\n<p><img loading=\"lazy\" decoding=\"async\" class=\"alignnone size-full wp-image-493\" src=\"http:\/\/www.professores.uff.br\/cristiane\/wp-content\/uploads\/sites\/18\/2017\/08\/image001.gif\" alt=\"\" width=\"843\" height=\"511\" \/><\/p>\n<h4>\n<strong>Passo a Passo<\/strong><\/h4>\n<p>1- <a href=\"http:\/\/www.professores.uff.br\/cristiane\/manual\/\">Criar um banco de dados<\/a><br \/>\n<a href=\"http:\/\/www.professores.uff.br\/cristiane\/manual\/\">Criar banco de dados <\/a>BH_Deflorestamento.mdb.<br \/>\nImportar o arquivo bh_angra.shp com as seguintes configura\u00e7\u00f5es:<\/p>\n<ul>\n<li>Na janela Proje\u00e7\u00e3o, entre com os valores UTM (Universal Transverso de Mercator), SAD69 e Zona 23.<\/li>\n<li>Como liga\u00e7\u00e3o entre tabelas, escolha Selecionar colunas. Como Coluna de Liga\u00e7\u00e3o, selecione o campo BACIA_.<\/li>\n<li>Quando perguntar se deseja visualizar os dados, responda N\u00e3o.<\/li>\n<li><a href=\"http:\/\/www.professores.uff.br\/cristiane\/manual\/\">Importar<\/a> o arquivo uso_angra.shp com as seguintes configura\u00e7\u00f5es:<\/li>\n<li>Na janela Proje\u00e7\u00e3o, entre com os valores UTM (Universal Transverso de Mercator), SAD69 e Zona 23.<\/li>\n<li>Como liga\u00e7\u00e3o entre tabelas, escolha Autom\u00e1tica.<\/li>\n<li>Quando perguntar se deseja visualizar os dados, responda N\u00e3o.<\/li>\n<\/ul>\n<p>2- Visualizar o tema<\/p>\n<ul>\n<li><a href=\"http:\/\/www.professores.uff.br\/cristiane\/manual\/\">Criar<\/a> uma vista e denomin\u00e1-la como Deflorestamento_BH.<\/li>\n<li><a href=\"http:\/\/www.professores.uff.br\/cristiane\/manual\/\">Adicionar um tema<\/a> bh_angra e denomin\u00e1-lo como bacia hidrogr\u00e1fica.<\/li>\n<li><a href=\"http:\/\/www.professores.uff.br\/cristiane\/manual\/\">Adicionar um tema<\/a> uso_angra e denomin\u00e1-lo como uso e cobertura do solo.<\/li>\n<li><a href=\"http:\/\/www.professores.uff.br\/cristiane\/manual\/\">Desenhar tema <\/a>bacia hidrogr\u00e1fica e uso e cobertura do solo.<\/li>\n<\/ul>\n<p>3- Cruzar os temas por interse\u00e7\u00e3o<\/p>\n<p><a href=\"http:\/\/www.professores.uff.br\/cristiane\/manual\/\">Fazer uma intersec\u00e7\u00e3o <\/a>entre os temas bacia hidrogr\u00e1fica e uso e cobertura do solo, com as seguintes configura\u00e7\u00f5es:<\/p>\n<ul>\n<li>Tema de entrada uso e cobertura do solo.<\/li>\n<li>Tema de superposi\u00e7\u00e3o bacia hidrogr\u00e1fica.<\/li>\n<li>Marcar a op\u00e7\u00e3o Selecionar os atributos do tema de overlay.<\/li>\n<li>Plano de sa\u00edda bhxuso.<\/li>\n<\/ul>\n<p>4- Calcular \u00e1rea<br \/>\n<a href=\"http:\/\/www.professores.uff.br\/cristiane\/manual\/\">Ativar o tema<\/a> bhxuso.<br \/>\n<a href=\"http:\/\/www.professores.uff.br\/cristiane\/manual\/\">Calcular a \u00e1rea <\/a>dos elementos de bhxuso.<\/p>\n<p>5- Consultar por atributo<br \/>\n<a href=\"http:\/\/www.professores.uff.br\/cristiane\/manual\/\">Selecionar<\/a> os elementos florestas do tema bhxuso com a express\u00e3o: CLASSE = &#8216;Floresta&#8217;<\/p>\n<p>6- Agregar por atributo<br \/>\n<a href=\"http:\/\/www.professores.uff.br\/cristiane\/manual\/\">Agregar<\/a> os elementos florestas selecionados do tema bhxuso pela bacia hidrogr\u00e1fica. Na janela Criar Plano Agregando Por Atributo, defina:<\/p>\n<ul>\n<li>O tema de entrada como bhxuso. Selecione a op\u00e7\u00e3o Consultados.<\/li>\n<li>Atributos de Agrega\u00e7\u00e3o como BACIA;<\/li>\n<li>Nome do Plano de Sa\u00edda como bh_floresta;<\/li>\n<li>Como Atributos de Sa\u00edda a AREA:SUM<\/li>\n<\/ul>\n<p>7- Associa\u00e7\u00e3o espacial*<br \/>\n<a href=\"http:\/\/www.professores.uff.br\/cristiane\/manual\/\">Atribuir dado por localiza\u00e7\u00e3o<\/a> | Distribuir, ou seja, estabelecer uma associa\u00e7\u00e3o espacial entre pa\u00edses e terremotos. Escolher o tema bacia hidrogr\u00e1fica, na lista Selecionar Tema para Atribuir Dados para e, o tema bh_floresta, na lista Selecionar Tema para Atribuir Dados de.<\/p>\n<p>* Como este comando n\u00e3o est\u00e1 trabalhando eficientemente com temas de pol\u00edgonos, sugere-se substituir a associa\u00e7\u00e3o espacial pela associa\u00e7\u00e3o entre tabelas, para isto \u00e9 necess\u00e1rio exportar o arquivo vetorial em formato shapefile e, posteriormente, importar a tabela *.dbf, gerada pela exporta\u00e7\u00e3o, para o banco de dados. Esta tabela ser\u00e1 vinculada ao tema bacias hidrogr\u00e1ficas para o c\u00e1lculo do indicador. Estes passos est\u00e3o descritos a seguir.<\/p>\n<p>8- Vincular tabelas<br \/>\n<a href=\"http:\/\/www.professores.uff.br\/cristiane\/manual\/\">Renomear<\/a> o campo Bacia_ do tema bh_floresta para Chave.<br \/>\n<a href=\"http:\/\/www.professores.uff.br\/cristiane\/manual\/\">Renomear<\/a> o campo \u00c1rea para \u00c1rea_floresta.<br \/>\n(Aten\u00e7\u00e3o: esta etapa \u00e9 necess\u00e1ria para evitar erro quando do c\u00e1lculo do indicador, pois n\u00e3o podem existir dois campos com mesmo nome, o que acontecer\u00e1 com as tabelas vinculadas).<br \/>\n<a href=\"http:\/\/www.professores.uff.br\/cristiane\/manual\/\">Exportar<\/a> o tema bh_floresta como um shapefile atribuindo ao arquivo de sa\u00edda o mesmo nome de entrada.<br \/>\n<a href=\"http:\/\/www.professores.uff.br\/cristiane\/manual\/\">Importar tabela<\/a> bh_floresta_pol.dbf gerada pela exporta\u00e7\u00e3o. Na caixa Tabela de Destino da janela Importar Tabela, configurar:<br \/>\nTipo: Est\u00e1tico<br \/>\nChave Prim\u00e1ria: CHAVE.<br \/>\nPlano: bacia hidrogr\u00e1fica.<br \/>\nNome: bh_floresta2.<br \/>\nAtivar o tema bacia hidrogr\u00e1fica.<br \/>\nSelecionar tabela bh_floresta2 para ser vinculada ao tema bacia hidrogr\u00e1fica.<\/p>\n<p>9- Calcular indicador de deflorestamento<br \/>\n<a href=\"http:\/\/www.professores.uff.br\/cristiane\/manual\/\">Calcular \u00e1rea<\/a> do tema bacia hidrogr\u00e1fica.<br \/>\n<a href=\"http:\/\/www.professores.uff.br\/cristiane\/manual\/\">Adicionar coluna<\/a>, denomin\u00e1-la como Indicador e especificar o tipo como real.<br \/>\n<a href=\"http:\/\/www.professores.uff.br\/cristiane\/manual\/\">Calcular<\/a> indicador de deflorestamento por bacia hidrogr\u00e1fica com a express\u00e3o: Area_floresta \/ AREA * 100.<\/p>\n<p>Responder:<br \/>\nQual \u00e9 a bacia que apresenta menor percentual de floresta?<br \/>\n( A ) Ambr\u00f3sio<br \/>\n( B ) Frade<br \/>\n( C ) Grata\u00fa<\/p>\n<p>Qual \u00e9 o maior percentual de floresta nas tr\u00eas bacias analisadas?<br \/>\n( A ) 45,0%<br \/>\n( B ) 95,8%<br \/>\n( C ) 91,7%<\/p>\n","protected":false},"excerpt":{"rendered":"<p>Objetivo Calcular o indicador de deflorestamento de bacias hidrogr\u00e1ficas. \u00c1rea de estudo Bacia hidrogr\u00e1fica do Japu\u00edba, Angra dos Reis, RJ. Base de dados Limite da bacia hidrogr\u00e1fica \u2013 bh_angra.shp Uso e cobertura do solo \u2013 usolo_angra.shp Passo a Passo 1- Criar um banco de dados Criar banco de dados BH_Deflorestamento.mdb. Importar o arquivo bh_angra.shp com [&hellip;]<\/p>\n","protected":false},"author":22,"featured_media":0,"parent":0,"menu_order":0,"comment_status":"closed","ping_status":"closed","template":"","meta":{"_exactmetrics_skip_tracking":false,"_exactmetrics_sitenote_active":false,"_exactmetrics_sitenote_note":"","_exactmetrics_sitenote_category":0,"footnotes":""},"categories":[],"tags":[],"class_list":["post-492","page","type-page","status-publish","hentry"],"_links":{"self":[{"href":"https:\/\/www.professores.uff.br\/cristiane\/wp-json\/wp\/v2\/pages\/492","targetHints":{"allow":["GET"]}}],"collection":[{"href":"https:\/\/www.professores.uff.br\/cristiane\/wp-json\/wp\/v2\/pages"}],"about":[{"href":"https:\/\/www.professores.uff.br\/cristiane\/wp-json\/wp\/v2\/types\/page"}],"author":[{"embeddable":true,"href":"https:\/\/www.professores.uff.br\/cristiane\/wp-json\/wp\/v2\/users\/22"}],"replies":[{"embeddable":true,"href":"https:\/\/www.professores.uff.br\/cristiane\/wp-json\/wp\/v2\/comments?post=492"}],"version-history":[{"count":1,"href":"https:\/\/www.professores.uff.br\/cristiane\/wp-json\/wp\/v2\/pages\/492\/revisions"}],"predecessor-version":[{"id":494,"href":"https:\/\/www.professores.uff.br\/cristiane\/wp-json\/wp\/v2\/pages\/492\/revisions\/494"}],"wp:attachment":[{"href":"https:\/\/www.professores.uff.br\/cristiane\/wp-json\/wp\/v2\/media?parent=492"}],"wp:term":[{"taxonomy":"category","embeddable":true,"href":"https:\/\/www.professores.uff.br\/cristiane\/wp-json\/wp\/v2\/categories?post=492"},{"taxonomy":"post_tag","embeddable":true,"href":"https:\/\/www.professores.uff.br\/cristiane\/wp-json\/wp\/v2\/tags?post=492"}],"curies":[{"name":"wp","href":"https:\/\/api.w.org\/{rel}","templated":true}]}}