{"id":498,"date":"2017-08-18T11:50:42","date_gmt":"2017-08-18T14:50:42","guid":{"rendered":"http:\/\/www.professores.uff.br\/cristiane\/?page_id=498"},"modified":"2017-08-18T11:50:42","modified_gmt":"2017-08-18T14:50:42","slug":"calculo-da-densidade-de-drenagem-de-bacias-hidrograficas","status":"publish","type":"page","link":"https:\/\/www.professores.uff.br\/cristiane\/calculo-da-densidade-de-drenagem-de-bacias-hidrograficas\/","title":{"rendered":"C\u00e1lculo da Densidade de Drenagem de Bacias Hidrogr\u00e1ficas"},"content":{"rendered":"<h5><strong>Objetivo<\/strong><\/h5>\n<ul>\n<li>Calcular a densidade de drenagem de bacias hidrogr\u00e1ficas.<\/li>\n<\/ul>\n<h5><strong>\u00c1rea de estudo<\/strong><\/h5>\n<ul>\n<li>Bacias hidrogr\u00e1ficas de Angra dos Reis, RJ.<\/li>\n<\/ul>\n<h5><strong>Base de dados<\/strong><\/h5>\n<ul>\n<li>Bacias hidrogr\u00e1ficas \u2013<a href=\"http:\/\/www.professores.uff.br\/cristiane\/wp-content\/uploads\/sites\/18\/2017\/08\/bh_angra.zip\"> bh_big.shp<\/a><\/li>\n<li>Drenagem \u2013 <a href=\"http:\/\/www.professores.uff.br\/cristiane\/wp-content\/uploads\/sites\/18\/2017\/08\/usoloangra.zip\">hd_big.shp<\/a><\/li>\n<\/ul>\n<p>&nbsp;<\/p>\n<p><a href=\"http:\/\/www.professores.uff.br\/cristiane\/wp-content\/uploads\/sites\/18\/2017\/08\/usoloangra.zip\"><img loading=\"lazy\" decoding=\"async\" class=\"alignnone size-full wp-image-501\" src=\"http:\/\/www.professores.uff.br\/cristiane\/wp-content\/uploads\/sites\/18\/2017\/08\/image001-1.gif\" alt=\"\" width=\"718\" height=\"117\" \/><\/a><\/p>\n<h4><strong>Passo a passo<\/strong><\/h4>\n<p>1- Criar um banco de dados<br \/>\n<a href=\"http:\/\/www.professores.uff.br\/cristiane\/manual\/\">Criar banco de dados<\/a> BH_BIG.mdb.<br \/>\n<a href=\"http:\/\/www.professores.uff.br\/cristiane\/manual\/\">Importar<\/a> o arquivo bh_big.shp com as seguintes configura\u00e7\u00f5es:<\/p>\n<ul>\n<li>Na janela Proje\u00e7\u00e3o, entre com os valores UTM (Universal Transverso de Mercator), SAD69 e Zona 23.<\/li>\n<li>Como liga\u00e7\u00e3o entre tabelas, escolha Selecionar colunas. Como Coluna de Liga\u00e7\u00e3o, selecione o campo BACIA.<\/li>\n<li>Quando perguntar se deseja visualizar os dados, responda N\u00e3o.<\/li>\n<li><a href=\"http:\/\/www.professores.uff.br\/cristiane\/manual\/\">Importar<\/a> o arquivo hd_big.shp com as seguintes configura\u00e7\u00f5es:<\/li>\n<li>Na janela Proje\u00e7\u00e3o, entre com os valores UTM (Universal Transverso de Mercator), SAD69 e Zona 23.<\/li>\n<li>Como liga\u00e7\u00e3o entre tabelas, escolha Autom\u00e1tica.<\/li>\n<li>Quando perguntar se deseja visualizar os dados, responda N\u00e3o.<\/li>\n<\/ul>\n<p>2- Visualizar o tema<br \/>\n<a href=\"http:\/\/www.professores.uff.br\/cristiane\/manual\/\">Criar uma vista<\/a> e denomin\u00e1-la como Indicadores_BH.<br \/>\n<a href=\"http:\/\/www.professores.uff.br\/cristiane\/manual\/\">Adicionar um tema<\/a> bh_big e denomin\u00e1-lo como bacia hidrogr\u00e1fica.<br \/>\n<a href=\"http:\/\/www.professores.uff.br\/cristiane\/manual\/\">Adicionar um tema<\/a> hd_big e denomin\u00e1-lo como hidrografia.<br \/>\n<a href=\"http:\/\/www.professores.uff.br\/cristiane\/manual\/\">Desenhar tema<\/a> bacia hidrogr\u00e1fica e hidrografia.<\/p>\n<p>3- Calcular \u00e1rea e comprimento<br \/>\n<a href=\"http:\/\/www.professores.uff.br\/cristiane\/manual\/\">Ativar o tema<\/a> bacia hidrogr\u00e1fica.<br \/>\n<a href=\"http:\/\/www.professores.uff.br\/cristiane\/manual\/\">Calcular<\/a> a \u00e1rea das bacias hidrogr\u00e1ficas.<br \/>\n<a href=\"http:\/\/www.professores.uff.br\/cristiane\/manual\/\">Ativar o tema<\/a> hidrografia.<br \/>\n<a href=\"http:\/\/www.professores.uff.br\/cristiane\/manual\/\">Calcular<\/a> a extens\u00e3o da hidrografia.<br \/>\n<a href=\"http:\/\/www.professores.uff.br\/cristiane\/manual\/\">Modificar o nome da coluna<\/a> de per\u00edmetro para extens\u00e3o.<\/p>\n<p>4- Associa\u00e7\u00e3o espacial<br \/>\n<a href=\"http:\/\/www.professores.uff.br\/cristiane\/manual\/\">Atribuir dado por localiza\u00e7\u00e3o <\/a>| Coletar, ou seja, estabelecer uma associa\u00e7\u00e3o espacial entre bacias hidrogr\u00e1ficas e hidrografia. Escolher o tema bacia hidrogr\u00e1fica, na lista Selecionar Tema para Atribuir Dados para e, o tema hidrografia, na lista Selecionar Tema para Atribuir Dados de. Como rela\u00e7\u00e3o espacial deve ser selecionada a op\u00e7\u00e3o Dentro. Na caixa Atributos de Sa\u00edda selecione a seguinte op\u00e7\u00e3o: hidrografia.Extens\u00e3o:SUM. Este atributo ser\u00e1 vinculado ao tema bacia hidrogr\u00e1fica e corresponde \u00e0 soma da extens\u00e3o dos cursos d\u2019\u00e1gua localizados dentro das bacias hidrogr\u00e1ficas.<\/p>\n<p>5- C\u00e1lculo da densidade de drenagem<br \/>\n<a href=\"http:\/\/www.professores.uff.br\/cristiane\/manual\/\">Criar <\/a>um novo campo na tabela bacia hidrogr\u00e1fica com dado do tipo Real e denomin\u00e1-lo como de DensDren.<br \/>\n<a href=\"http:\/\/www.professores.uff.br\/cristiane\/manual\/\">Calcular<\/a> a densidade de drenagem a seguinte a express\u00e3o: (hidrografia_Extens\u00e3o_SUM \/ AREA)*1000.<\/p>\n<p>6- Consulta por atributo<br \/>\n<a href=\"http:\/\/www.professores.uff.br\/cristiane\/manual\/\">Ativar o tema<\/a> bacia hidrogr\u00e1fica.<br \/>\n<a href=\"http:\/\/www.professores.uff.br\/cristiane\/manual\/\">Classificar<\/a> em ordem descendente a coluna DensDren do tema bacia hidrogr\u00e1fica. Anotar a bacia e a densidade de drenagem classificada na primeira posi\u00e7\u00e3o.<\/p>\n<p>Responder:<br \/>\n( A ) Rio Florest\u00e3o, 2.41<br \/>\n( B ) Bacia do Rio Mambucaba, 2.51<br \/>\n( C ) Praia de Maciel, 0.12<\/p>\n","protected":false},"excerpt":{"rendered":"<p>Objetivo Calcular a densidade de drenagem de bacias hidrogr\u00e1ficas. \u00c1rea de estudo Bacias hidrogr\u00e1ficas de Angra dos Reis, RJ. Base de dados Bacias hidrogr\u00e1ficas \u2013 bh_big.shp Drenagem \u2013 hd_big.shp &nbsp; Passo a passo 1- Criar um banco de dados Criar banco de dados BH_BIG.mdb. Importar o arquivo bh_big.shp com as seguintes configura\u00e7\u00f5es: Na janela Proje\u00e7\u00e3o, [&hellip;]<\/p>\n","protected":false},"author":22,"featured_media":0,"parent":0,"menu_order":0,"comment_status":"closed","ping_status":"closed","template":"","meta":{"_exactmetrics_skip_tracking":false,"_exactmetrics_sitenote_active":false,"_exactmetrics_sitenote_note":"","_exactmetrics_sitenote_category":0,"footnotes":""},"categories":[],"tags":[],"class_list":["post-498","page","type-page","status-publish","hentry"],"_links":{"self":[{"href":"https:\/\/www.professores.uff.br\/cristiane\/wp-json\/wp\/v2\/pages\/498","targetHints":{"allow":["GET"]}}],"collection":[{"href":"https:\/\/www.professores.uff.br\/cristiane\/wp-json\/wp\/v2\/pages"}],"about":[{"href":"https:\/\/www.professores.uff.br\/cristiane\/wp-json\/wp\/v2\/types\/page"}],"author":[{"embeddable":true,"href":"https:\/\/www.professores.uff.br\/cristiane\/wp-json\/wp\/v2\/users\/22"}],"replies":[{"embeddable":true,"href":"https:\/\/www.professores.uff.br\/cristiane\/wp-json\/wp\/v2\/comments?post=498"}],"version-history":[{"count":1,"href":"https:\/\/www.professores.uff.br\/cristiane\/wp-json\/wp\/v2\/pages\/498\/revisions"}],"predecessor-version":[{"id":502,"href":"https:\/\/www.professores.uff.br\/cristiane\/wp-json\/wp\/v2\/pages\/498\/revisions\/502"}],"wp:attachment":[{"href":"https:\/\/www.professores.uff.br\/cristiane\/wp-json\/wp\/v2\/media?parent=498"}],"wp:term":[{"taxonomy":"category","embeddable":true,"href":"https:\/\/www.professores.uff.br\/cristiane\/wp-json\/wp\/v2\/categories?post=498"},{"taxonomy":"post_tag","embeddable":true,"href":"https:\/\/www.professores.uff.br\/cristiane\/wp-json\/wp\/v2\/tags?post=498"}],"curies":[{"name":"wp","href":"https:\/\/api.w.org\/{rel}","templated":true}]}}