{"id":503,"date":"2017-08-18T12:08:22","date_gmt":"2017-08-18T15:08:22","guid":{"rendered":"http:\/\/www.professores.uff.br\/cristiane\/?page_id=503"},"modified":"2017-08-18T12:17:13","modified_gmt":"2017-08-18T15:17:13","slug":"consulta-em-uma-base-de-indicadores-socio-economicos","status":"publish","type":"page","link":"https:\/\/www.professores.uff.br\/cristiane\/consulta-em-uma-base-de-indicadores-socio-economicos\/","title":{"rendered":"Consulta em uma Base de Indicadores S\u00f3cio-Econ\u00f4micos"},"content":{"rendered":"<h5><strong>Objetivo<\/strong><\/h5>\n<ul>\n<li>Selecionar pa\u00edses subdesenvolvidos com base em indicadores s\u00f3cio-econ\u00f4micos.<\/li>\n<\/ul>\n<h5><strong>\u00c1rea de estudo<\/strong><\/h5>\n<ul>\n<li>Pa\u00edses.<\/li>\n<\/ul>\n<h5><strong>Base de dados<\/strong><\/h5>\n<ul>\n<li>Limite pol\u00edtico-administrativo dos pa\u00edses \u2013 <a href=\"http:\/\/www.professores.uff.br\/cristiane\/wp-content\/uploads\/sites\/18\/2017\/08\/paises.zip\">paises.shp<\/a><\/li>\n<li>Tabela com indicadores s\u00f3cio-econ\u00f4micos \u2013 indicadores.dbf<\/li>\n<\/ul>\n<h5>Modelo de An\u00e1lise<img loading=\"lazy\" decoding=\"async\" class=\"alignnone size-full wp-image-506\" src=\"http:\/\/www.professores.uff.br\/cristiane\/wp-content\/uploads\/sites\/18\/2017\/08\/image001-2.gif\" alt=\"\" width=\"718\" height=\"117\" \/><\/h5>\n<h5><strong>Passo a Passo<\/strong><\/h5>\n<p>1- Criar um banco de dados<br \/>\n<a href=\"http:\/\/www.professores.uff.br\/cristiane\/manual\/\">Criar banco de dados<\/a> indicadores.mdb.<br \/>\n<a href=\"http:\/\/www.professores.uff.br\/cristiane\/manual\/\">Importar<\/a> o arquivo paises.shp com as seguintes configura\u00e7\u00f5es:<\/p>\n<ul>\n<li>Na janela Proje\u00e7\u00e3o, selecione a proje\u00e7\u00e3o LatLong e datum WGS.<\/li>\n<li>Como liga\u00e7\u00e3o entre tabelas, escolha Selecionar colunas. Como Coluna de Liga\u00e7\u00e3o, selecione o campo FIPS_CODE.<\/li>\n<li>Quando perguntar se deseja visualizar os dados, responda N\u00e3o.<\/li>\n<\/ul>\n<p><a href=\"http:\/\/www.professores.uff.br\/cristiane\/manual\/\">Importar tabela<\/a> indicadores.dbf. Na caixa Tabela de Destino configurar:<\/p>\n<ul>\n<li>Tipo: Est\u00e1tica<\/li>\n<li>Chave Prim\u00e1ria: FIPS_CODE.<\/li>\n<li>Plano: pa\u00edses.<\/li>\n<li>Nome: Indicadores.<\/li>\n<\/ul>\n<p>2- Visualizar o tema<\/p>\n<ul>\n<li><a href=\"http:\/\/www.professores.uff.br\/cristiane\/manual\/\">Criar uma vista<\/a> e denomin\u00e1-la como Indicadores.<\/li>\n<li><a href=\"http:\/\/www.professores.uff.br\/cristiane\/manual\/\">Adicionar <\/a>um tema pa\u00edses e denomin\u00e1-lo como o mesmo nome.<\/li>\n<li><a href=\"http:\/\/www.professores.uff.br\/cristiane\/manual\/\">Desenhar tema <\/a>pa\u00edses.<\/li>\n<li><a href=\"http:\/\/www.professores.uff.br\/cristiane\/manual\/\">Visualizar a tabela<\/a> indicadores vinculada ao tema pa\u00edses.<\/li>\n<\/ul>\n<p>3. Selecionar elementos<br \/>\n3.1 Calculando a m\u00e9dia dos indicadores s\u00f3cio-econ\u00f4micos.<br \/>\nSelecionar registros sem valor nulo no campo DTH_RATE (taxa de mortalidade) <a href=\"http:\/\/www.professores.uff.br\/cristiane\/manual\/\">consultando por atributos<\/a> com a express\u00e3o DTH_RATE &lt;&gt; -99<br \/>\n<a href=\"http:\/\/www.professores.uff.br\/cristiane\/manual\/\">Visualizar o sum\u00e1rio<\/a> estat\u00edstico do campo DTH_RATE. No campo Objetos, selecionar a op\u00e7\u00e3o Consultados. Anotar a m\u00e9dia da taxa de mortalidade.<br \/>\nRepetir as opera\u00e7\u00f5es para os seguintes indicadores: LIFE_EXP (expectativa de vida) e GNP_CAP (renda per capita).<br \/>\nResponder: A m\u00e9dia da taxa de mortalidade, da expectativa de vida e da renda per capita dos pa\u00edses s\u00e3o, respectivamente:<br \/>\n( A )10,8%; 62,9 anos; 4408 d\u00f3lares\/ano.<br \/>\n( B ) 4,8%0; 55,2 anos; 14860 d\u00f3lares\/ano.<br \/>\n( C )15,2%0; 72,9 anos; 4291 d\u00f3lares\/ano.<\/p>\n<p>3.2 Quantos pa\u00edses possuem indicadores s\u00f3cio-econ\u00f4micos caracter\u00edsticos de subdesenvolvimento?<br \/>\nSelecionar os pa\u00edses com taxa de mortalidade acima da m\u00e9dia, <a href=\"http:\/\/www.professores.uff.br\/cristiane\/manual\/\">consultando por atributos<\/a> e utilizando a express\u00e3o: DTH_RATE &gt; 10.8. Anote o n\u00famero de pa\u00edses selecionados que aparece na barra de status.<br \/>\nResponder: Quantos pa\u00edses foram selecionados?<br \/>\n( A ) 50<br \/>\n( B ) 59<br \/>\n( C ) 25<\/p>\n<p>Selecionar os pa\u00edses com expectativa de vida abaixo da m\u00e9dia, <a href=\"http:\/\/www.professores.uff.br\/cristiane\/manual\/\">consultando por atributos<\/a> e utilizando a express\u00e3o: LIFE_EXP &lt; 62.9 AND LIFE_EXP &lt;&gt;-99. Clique no bot\u00e3o Filtrar. Anote o n\u00famero de pa\u00edses selecionados que aparece na barra de status.<br \/>\nResponder: Quantos pa\u00edses foram selecionados?<br \/>\n( A ) 50<br \/>\n( B ) 59<br \/>\n( C ) 25<\/p>\n<p>Selecionar os pa\u00edses com renda per capita abaixo da m\u00e9dia,<a href=\"http:\/\/www.professores.uff.br\/cristiane\/manual\/\"> consultando por atributos<\/a> e utilizando a express\u00e3o: GNP_CAP &lt; 4291 AND GNP_CAP &lt;&gt;-99. Clique no bot\u00e3o Filtrar. Anote o n\u00famero de pa\u00edses selecionados que aparece na barra de status.<br \/>\nResponder: Quantos pa\u00edses foram selecionados?<br \/>\n( A ) 50<br \/>\n( B ) 59<br \/>\n( C ) 25<\/p>\n<p>3.3 Quantos pa\u00edses possuem indicadores s\u00f3cio-econ\u00f4micos caracter\u00edsticos de desenvolvimento?<br \/>\nSelecionar os pa\u00edses com taxa de mortalidade abaixo da m\u00e9dia, <a href=\"http:\/\/www.professores.uff.br\/cristiane\/manual\/\">consultando por atributos<\/a> e utilizando a express\u00e3o: DTH_RATE &lt; 10.8 AND DTH_RATE&lt;&gt;-99. Anote o n\u00famero de pa\u00edses selecionados que aparece na barra de status.<br \/>\nResponder: Quantos pa\u00edses foram selecionados?<br \/>\n( A ) 80<br \/>\n( B ) 28<br \/>\n( C ) 71<\/p>\n<p>Selecionar os pa\u00edses com expectativa de vida abaixo da m\u00e9dia,<a href=\"http:\/\/www.professores.uff.br\/cristiane\/manual\/\"> consultando por atributos<\/a> e utilizando a express\u00e3o: LIFE_EXP &gt; 62.9. Clique no bot\u00e3o Filtrar. Anote o n\u00famero de pa\u00edses selecionados que aparece na barra de status.<br \/>\nResponder: Quantos pa\u00edses foram selecionados?<br \/>\n( A ) 80<br \/>\n( B ) 28<br \/>\n( C ) 71<\/p>\n<p>Selecionar os pa\u00edses com renda per capita abaixo da m\u00e9dia, <a href=\"http:\/\/www.professores.uff.br\/cristiane\/manual\/\">consultando por atributos <\/a>e utilizando a express\u00e3o: GNP_CAP &gt; 4291. Clique no bot\u00e3o Filtrar. Anote o n\u00famero de pa\u00edses selecionados que aparece na barra de status.<br \/>\nResponder: Quantos pa\u00edses foram selecionados?<br \/>\n( A ) 80<br \/>\n( B ) 28<br \/>\n( C ) 71<\/p>\n","protected":false},"excerpt":{"rendered":"<p>Objetivo Selecionar pa\u00edses subdesenvolvidos com base em indicadores s\u00f3cio-econ\u00f4micos. \u00c1rea de estudo Pa\u00edses. Base de dados Limite pol\u00edtico-administrativo dos pa\u00edses \u2013 paises.shp Tabela com indicadores s\u00f3cio-econ\u00f4micos \u2013 indicadores.dbf Modelo de An\u00e1lise Passo a Passo 1- Criar um banco de dados Criar banco de dados indicadores.mdb. Importar o arquivo paises.shp com as seguintes configura\u00e7\u00f5es: Na janela [&hellip;]<\/p>\n","protected":false},"author":22,"featured_media":0,"parent":0,"menu_order":0,"comment_status":"closed","ping_status":"closed","template":"","meta":{"_exactmetrics_skip_tracking":false,"_exactmetrics_sitenote_active":false,"_exactmetrics_sitenote_note":"","_exactmetrics_sitenote_category":0,"footnotes":""},"categories":[],"tags":[],"class_list":["post-503","page","type-page","status-publish","hentry"],"_links":{"self":[{"href":"https:\/\/www.professores.uff.br\/cristiane\/wp-json\/wp\/v2\/pages\/503","targetHints":{"allow":["GET"]}}],"collection":[{"href":"https:\/\/www.professores.uff.br\/cristiane\/wp-json\/wp\/v2\/pages"}],"about":[{"href":"https:\/\/www.professores.uff.br\/cristiane\/wp-json\/wp\/v2\/types\/page"}],"author":[{"embeddable":true,"href":"https:\/\/www.professores.uff.br\/cristiane\/wp-json\/wp\/v2\/users\/22"}],"replies":[{"embeddable":true,"href":"https:\/\/www.professores.uff.br\/cristiane\/wp-json\/wp\/v2\/comments?post=503"}],"version-history":[{"count":3,"href":"https:\/\/www.professores.uff.br\/cristiane\/wp-json\/wp\/v2\/pages\/503\/revisions"}],"predecessor-version":[{"id":508,"href":"https:\/\/www.professores.uff.br\/cristiane\/wp-json\/wp\/v2\/pages\/503\/revisions\/508"}],"wp:attachment":[{"href":"https:\/\/www.professores.uff.br\/cristiane\/wp-json\/wp\/v2\/media?parent=503"}],"wp:term":[{"taxonomy":"category","embeddable":true,"href":"https:\/\/www.professores.uff.br\/cristiane\/wp-json\/wp\/v2\/categories?post=503"},{"taxonomy":"post_tag","embeddable":true,"href":"https:\/\/www.professores.uff.br\/cristiane\/wp-json\/wp\/v2\/tags?post=503"}],"curies":[{"name":"wp","href":"https:\/\/api.w.org\/{rel}","templated":true}]}}