{"id":529,"date":"2017-08-21T09:31:57","date_gmt":"2017-08-21T12:31:57","guid":{"rendered":"http:\/\/www.professores.uff.br\/cristiane\/?page_id=529"},"modified":"2017-08-21T09:31:57","modified_gmt":"2017-08-21T12:31:57","slug":"monitoramento-do-uso-e-cobertura-do-solo","status":"publish","type":"page","link":"https:\/\/www.professores.uff.br\/cristiane\/monitoramento-do-uso-e-cobertura-do-solo\/","title":{"rendered":"Monitoramento do Uso e Cobertura do Solo"},"content":{"rendered":"<h5><strong>Objetivo<\/strong><\/h5>\n<ul>\n<li>Avaliar as transforma\u00e7\u00f5es do uso e cobertura do solo no per\u00edodo entre 1970 e 1990.<\/li>\n<\/ul>\n<h5><strong>\u00c1rea de estudo<\/strong><\/h5>\n<ul>\n<li>Alto e m\u00e9dio e curso da bacia do rio Maracan\u00e3, Rio de Janeiro.<\/li>\n<\/ul>\n<h5><strong>Base de dados<\/strong><\/h5>\n<ul>\n<li>Imagem Landsat \u2013 <a href=\"#\">Maracana.tif<\/a><\/li>\n<li>Uso e cobertura do solo 1970 \u2013 <a href=\"http:\/\/www.professores.uff.br\/cristiane\/wp-content\/uploads\/sites\/18\/2017\/08\/Maracana70.zip\">Maracana70.shp<\/a><\/li>\n<li>Uso e cobertura do solo 1990 \u2013 <a href=\"http:\/\/www.professores.uff.br\/cristiane\/wp-content\/uploads\/sites\/18\/2017\/08\/Maracana90.zip\">Maracana90.shp<\/a><\/li>\n<li>Interse\u00e7\u00e3o entre Uso e cobertura do solo 1970 e Uso e cobertura do solo 1990 \u2013 <a href=\"http:\/\/www.professores.uff.br\/cristiane\/wp-content\/uploads\/sites\/18\/2017\/08\/Maracana70x90.zip\">Maracana70x90.shp<\/a><\/li>\n<\/ul>\n<h5><strong>Modelo de An\u00e1lise<\/strong><\/h5>\n<p><img loading=\"lazy\" decoding=\"async\" class=\"alignnone size-full wp-image-533\" src=\"http:\/\/www.professores.uff.br\/cristiane\/wp-content\/uploads\/sites\/18\/2017\/08\/image001-3.gif\" alt=\"\" width=\"812\" height=\"192\" \/><\/p>\n<h5><strong>Passo a passo<\/strong><\/h5>\n<p><strong>1- Criar um banco de dados<\/strong><\/p>\n<p><a href=\"http:\/\/www.professores.uff.br\/cristiane\/manual\/\">Criar banco de dados<\/a> monitoramento.mdb.<br \/>\n<a href=\"http:\/\/www.professores.uff.br\/cristiane\/manual\/\">Importar<\/a> o arquivo Maracana70.shp com as seguintes configura\u00e7\u00f5es:<\/p>\n<ul>\n<li>Na janela Proje\u00e7\u00e3o, entre com os valores UTM (Universal Transverso de Mercator), SAD69 e Zona 23.<\/li>\n<li>Como liga\u00e7\u00e3o entre tabelas, escolha Autom\u00e1tica.<\/li>\n<li>Quando perguntar se deseja visualizar os dados, responda N\u00e3o.<\/li>\n<li>Repetir a opera\u00e7\u00e3o anterior para o arquivo Maracana90.shp.<\/li>\n<li><a href=\"http:\/\/www.professores.uff.br\/cristiane\/manual\/\">Importar raster <\/a>Maracana.tif.<\/li>\n<\/ul>\n<p><strong>2- Visualizar os temas<\/strong><br \/>\n<a href=\"http:\/\/www.professores.uff.br\/cristiane\/manual\/\">Criar uma vista<\/a> e denomin\u00e1-la como Monitora.<br \/>\n<a href=\"http:\/\/www.professores.uff.br\/cristiane\/manual\/\">Adicionar um tema<\/a> Maracana70 e denomin\u00e1-lo como o mesmo nome.<br \/>\nRepetir a opera\u00e7\u00e3o anterior para o arquivo Maracana90.shp e Maracan\u00e3.tif<br \/>\n<a href=\"http:\/\/www.professores.uff.br\/cristiane\/manual\/\">Alterar a visualiza\u00e7\u00e3o<\/a> do tema Maracana70 para transparente.<br \/>\nRepetir a opera\u00e7\u00e3o anterior para o arquivo Maracana90.<br \/>\n<a href=\"http:\/\/www.professores.uff.br\/cristiane\/manual\/\">Desenhar tema<\/a> Maracana70, Maracana90 e Maracana.<br \/>\nA imagem raster deve ficar sob todos os arquivos vetoriais, caso os temas n\u00e3o sejam assim visualizados,<a href=\"http:\/\/www.professores.uff.br\/cristiane\/manual\/\"> alterar a ordem<\/a> dos temas.<\/p>\n<p><strong>3- Cruzar os temas por interse\u00e7\u00e3o*<\/strong><br \/>\n<a href=\"http:\/\/www.professores.uff.br\/cristiane\/manual\/\">Fazer uma intersec\u00e7\u00e3o<\/a> entre os temas Maracana 70 e Maracana 90 com as seguintes configura\u00e7\u00f5es:<\/p>\n<ul>\n<li>Tema de entrada Maracana 70.<\/li>\n<li>Tema de superposi\u00e7\u00e3o Maracana 90.<\/li>\n<li>Plano de sa\u00edda Maracana 70&#215;90.<br \/>\n* Como na vers\u00e3o atual do Terra View 3.0.3 a opera\u00e7\u00e3o de intersec\u00e7\u00e3o n\u00e3o est\u00e1 funcionando eficientemente, recomendamos que est\u00e1 opera\u00e7\u00e3o n\u00e3o seja executada e, em substitui\u00e7\u00e3o, <a href=\"http:\/\/www.professores.uff.br\/cristiane\/manual\/\">importar<\/a> o arquivo Maracana70x90, correspondente ao produto da opera\u00e7\u00e3o de interse\u00e7\u00e3o entre o uso e cobertura do solo de 70 e 90.<\/li>\n<\/ul>\n<p><strong>4. Calcular \u00e1rea dos elementos do tema Maracana70x90<\/strong><br \/>\n<a href=\"http:\/\/www.professores.uff.br\/cristiane\/manual\/\">Ativar o tema<\/a> Maracana70x90.<br \/>\n<a href=\"http:\/\/www.professores.uff.br\/cristiane\/manual\/\">Desenhar o tema<\/a> Maracana70x90.<br \/>\n<a href=\"http:\/\/www.professores.uff.br\/cristiane\/manual\/\">Calcular a \u00e1rea<\/a>\u00a0Maracana70x90.<\/p>\n<p><strong>5. Calcular % da \u00e1rea dos elementos do tema Maracana70x90<\/strong><br \/>\n<a href=\"http:\/\/www.professores.uff.br\/cristiane\/manual\/\">Ativar o tema<\/a> Maracana70x90.<br \/>\n<a href=\"http:\/\/www.professores.uff.br\/cristiane\/manual\/\">Criar um novo<\/a> campo na tabela com dado do tipo Real e denomin\u00e1-lo como de P_AREA.<br \/>\n<a href=\"http:\/\/www.professores.uff.br\/cristiane\/manual\/\">Visualizar a estat\u00edstica<\/a> do campo \u00e1rea. Anotar o valor do registro soma, que corresponde a \u00e1rea total da bacia do Maracan\u00e3, pois este valor ser\u00e1 utilizado para o c\u00e1lculo da porcentagem.<br \/>\n<a href=\"http:\/\/www.professores.uff.br\/cristiane\/manual\/\">Calcular<\/a> % da \u00e1rea real do tema Maracana70x90 com a seguinte a express\u00e3o: AREA \/ 8999040 * 100. O divisor corresponde \u00e0 \u00e1rea total da bacia do Maracan\u00e3.<br \/>\n<strong>6. Avaliar as altera\u00e7\u00f5es entre o uso e cobertura do solo entre 1970 e 1990<\/strong><br \/>\n6.1 \u00c1rea da bacia que onde ocorreram altera\u00e7\u00f5es no uso e cobertura do solo<br \/>\n<a href=\"http:\/\/www.professores.uff.br\/cristiane\/manual\/\">Selecionar<\/a> os elementos onde ocorreram altera\u00e7\u00f5es com a express\u00e3o: CLASSE70 &lt;&gt; CLASSE90.<br \/>\n<a href=\"http:\/\/www.professores.uff.br\/cristiane\/manual\/\">Visualizar a estat\u00edstica<\/a> do campo \u00e1rea. No campo Objetos, selecionar a op\u00e7\u00e3o Consultados. Anotar o valor do registro soma, que corresponde \u00e0 \u00e1rea total alterada.<br \/>\nRepetir a opera\u00e7\u00e3o anterior para o campo P_area. Anotar o valor do registro soma, que corresponde \u00e0 porcentagem da \u00e1rea total alterada.<br \/>\nResponder:<br \/>\nA porcentagem e a \u00e1rea total alterada na bacia do rio Maracan\u00e3 correspodem respectivamente a:<br \/>\n( A ) 9,4% e 8,45 ha<br \/>\n( B ) 8,4% e 9,3 km2<br \/>\n( C ) 19% e 845 m2<\/p>\n<p>6.2 \u00c1rea de floresta desmatada entre 1970 e 1990.<br \/>\n<a href=\"http:\/\/www.professores.uff.br\/cristiane\/manual\/\">Visualizar a estat\u00edstica<\/a> do campo \u00e1rea. No campo Objetos, selecionar a op\u00e7\u00e3o Consultados. No campo Sum\u00e1rio, selecionar a op\u00e7\u00e3o Classe 70. Anotar o valor do registro soma referente a classe 70 Floresta. Este valor corresponde \u00e0 \u00e1rea de floresta desmatada.<br \/>\nRepetir a opera\u00e7\u00e3o anterior para o campo P_area. Anotar o valor do registro soma, que corresponde \u00e0 porcentagem da \u00e1rea de floresta desmatada.<br \/>\nResponder:<br \/>\nA porcentagem e a \u00e1rea total desmatada na bacia do rio Maracan\u00e3 correspondem respectivamente a:<br \/>\n( A ) 9,4% e 8,45 ha<br \/>\n( B ) 6,3% e 5,6 km2<br \/>\n( C ) 6,3% e 5,64 ha<\/p>\n<p>6.3 \u00c1rea de floresta acrescida entre 1970 e 1990.<br \/>\n<a href=\"http:\/\/www.professores.uff.br\/cristiane\/manual\/\">Visualizar a estat\u00edstica<\/a> do campo \u00e1rea. No campo Objetos, selecionar a op\u00e7\u00e3o Consultados. No campo Sum\u00e1rio, selecionar a op\u00e7\u00e3o Classe 90. Anotar o valor do registro soma referente a classe 90 Floresta. Este valor corresponde \u00e0 \u00e1rea de floresta acrescida.<br \/>\nRepetir a opera\u00e7\u00e3o anterior para o campo P_area. Anotar o valor do registro soma, que corresponde \u00e0 porcentagem da \u00e1rea de floresta acrescida.<br \/>\nResponder:<br \/>\nA porcentagem e a \u00e1rea total desmatada na bacia do rio Maracan\u00e3 correspondem respectivamente a:<br \/>\n( A ) 9,4% e 8,45 ha<br \/>\n( B ) 6,3% e 5,64 ha<br \/>\n( C ) 1,5% e 1,37 ha<\/p>\n<p>6.4 \u00c1rea de urbana acrescida entre 1970 e 1990.<br \/>\n<a href=\"http:\/\/www.professores.uff.br\/cristiane\/manual\/\">Visualizar a estat\u00edstica<\/a> do campo \u00e1rea. No campo Objetos, selecionar a op\u00e7\u00e3o Consultados. No campo Sum\u00e1rio, selecionar a op\u00e7\u00e3o Classe 90. Anotar o valor do registro soma referente a classe 90 Urbano. Este valor corresponde \u00e0 \u00e1rea urbana acrescida.<br \/>\nRepetir a opera\u00e7\u00e3o anterior para o campo P_area. Anotar o valor do registro soma, que corresponde \u00e0 porcentagem da \u00e1rea urbana acrescida.<br \/>\nResponder:<br \/>\nA porcentagem e a \u00e1rea total urbanizada na bacia do rio Maracan\u00e3 correspondem respectivamente a:<br \/>\n( A ) 9,4% e 8,45 ha<br \/>\n( B ) 4,6% e 4,17 ha<br \/>\n( C ) 1,5% e 1,37 ha<\/p>\n<p>6.5 \u00c1rea alterada de floresta para uso urbano entre 1970 e 1990.<br \/>\nSelecionar os elementos onde ocorreram altera\u00e7\u00f5es com a express\u00e3o: CLASSE70 = &#8216;Floresta&#8217; AND CLASSE90 = &#8216;Urbano&#8217;<br \/>\n<a href=\"http:\/\/www.professores.uff.br\/cristiane\/manual\/\">Visualizar a estat\u00edstica<\/a> do campo \u00e1rea. No campo Objetos, selecionar a op\u00e7\u00e3o Consultados. Anotar o valor do registro soma, que corresponde \u00e0 \u00e1rea total alterada.<br \/>\nRepetir a opera\u00e7\u00e3o anterior para o campo P_area. Anotar o valor do registro soma, que corresponde \u00e0 porcentagem da \u00e1rea total alterada.<br \/>\nResponder:<br \/>\nA porcentagem e a \u00e1rea total alterada na bacia do rio Maracan\u00e3 correspodem respectivamente a:<br \/>\n( A ) 3,1% e 2,77 ha<br \/>\n( B ) 8,4% e 9,3 km2<br \/>\n( C ) 19% e 845 m2<\/p>\n","protected":false},"excerpt":{"rendered":"<p>Objetivo Avaliar as transforma\u00e7\u00f5es do uso e cobertura do solo no per\u00edodo entre 1970 e 1990. \u00c1rea de estudo Alto e m\u00e9dio e curso da bacia do rio Maracan\u00e3, Rio de Janeiro. Base de dados Imagem Landsat \u2013 Maracana.tif Uso e cobertura do solo 1970 \u2013 Maracana70.shp Uso e cobertura do solo 1990 \u2013 Maracana90.shp [&hellip;]<\/p>\n","protected":false},"author":22,"featured_media":0,"parent":0,"menu_order":0,"comment_status":"closed","ping_status":"closed","template":"","meta":{"_exactmetrics_skip_tracking":false,"_exactmetrics_sitenote_active":false,"_exactmetrics_sitenote_note":"","_exactmetrics_sitenote_category":0,"footnotes":""},"categories":[],"tags":[],"class_list":["post-529","page","type-page","status-publish","hentry"],"_links":{"self":[{"href":"https:\/\/www.professores.uff.br\/cristiane\/wp-json\/wp\/v2\/pages\/529","targetHints":{"allow":["GET"]}}],"collection":[{"href":"https:\/\/www.professores.uff.br\/cristiane\/wp-json\/wp\/v2\/pages"}],"about":[{"href":"https:\/\/www.professores.uff.br\/cristiane\/wp-json\/wp\/v2\/types\/page"}],"author":[{"embeddable":true,"href":"https:\/\/www.professores.uff.br\/cristiane\/wp-json\/wp\/v2\/users\/22"}],"replies":[{"embeddable":true,"href":"https:\/\/www.professores.uff.br\/cristiane\/wp-json\/wp\/v2\/comments?post=529"}],"version-history":[{"count":1,"href":"https:\/\/www.professores.uff.br\/cristiane\/wp-json\/wp\/v2\/pages\/529\/revisions"}],"predecessor-version":[{"id":534,"href":"https:\/\/www.professores.uff.br\/cristiane\/wp-json\/wp\/v2\/pages\/529\/revisions\/534"}],"wp:attachment":[{"href":"https:\/\/www.professores.uff.br\/cristiane\/wp-json\/wp\/v2\/media?parent=529"}],"wp:term":[{"taxonomy":"category","embeddable":true,"href":"https:\/\/www.professores.uff.br\/cristiane\/wp-json\/wp\/v2\/categories?post=529"},{"taxonomy":"post_tag","embeddable":true,"href":"https:\/\/www.professores.uff.br\/cristiane\/wp-json\/wp\/v2\/tags?post=529"}],"curies":[{"name":"wp","href":"https:\/\/api.w.org\/{rel}","templated":true}]}}