{"id":64,"date":"2017-07-19T14:00:47","date_gmt":"2017-07-19T17:00:47","guid":{"rendered":"http:\/\/www.professores.uff.br\/cristiane\/?page_id=64"},"modified":"2017-08-18T09:57:30","modified_gmt":"2017-08-18T12:57:30","slug":"disciplinas","status":"publish","type":"page","link":"https:\/\/www.professores.uff.br\/cristiane\/disciplinas\/","title":{"rendered":"Disciplinas"},"content":{"rendered":"<h5><a href=\"http:\/\/www.professores.uff.br\/cristiane\/2017\/08\/17\/interpretacao-de-imagens\/\"><strong>Interpreta\u00e7\u00e3o de Imagens<\/strong><\/a><\/h5>\n<ul>\n<li>Ementa<\/li>\n<li>Plano de curso &#8211; 01\/2006<\/li>\n<li>Bibliografia<\/li>\n<li>Apresenta\u00e7\u00e3o<\/li>\n<li>Links<\/li>\n<\/ul>\n<hr \/>\n<h5><a href=\"http:\/\/www.professores.uff.br\/cristiane\/2017\/08\/17\/introducao-ao-geoprocessamento\/\"><strong> Introdu\u00e7\u00e3o ao Geoprocessamento<\/strong><\/a><\/h5>\n<ul>\n<li>Ementa<\/li>\n<li>Plano de curso &#8211; 01\/2006<\/li>\n<li>Bibliografia<\/li>\n<li>Apresenta\u00e7\u00e3o<\/li>\n<li>Links<\/li>\n<\/ul>\n<hr \/>\n<h5><a href=\"http:\/\/www.professores.uff.br\/cristiane\/2017\/08\/18\/sensoriamento-remoto\/\"><strong>Sensoriamento Remoto<\/strong><\/a><\/h5>\n<ul>\n<li>Ementa<\/li>\n<li>Plano de curso &#8211; 02\/2005<\/li>\n<li>Bibliografia<\/li>\n<li>Apresenta\u00e7\u00e3o<\/li>\n<li>Links<\/li>\n<\/ul>\n","protected":false},"excerpt":{"rendered":"<p>Interpreta\u00e7\u00e3o de Imagens Ementa Plano de curso &#8211; 01\/2006 Bibliografia Apresenta\u00e7\u00e3o Links Introdu\u00e7\u00e3o ao Geoprocessamento Ementa Plano de curso &#8211; 01\/2006 Bibliografia Apresenta\u00e7\u00e3o Links Sensoriamento Remoto Ementa Plano de curso &#8211; 02\/2005 Bibliografia Apresenta\u00e7\u00e3o Links<\/p>\n","protected":false},"author":20,"featured_media":0,"parent":0,"menu_order":0,"comment_status":"closed","ping_status":"closed","template":"","meta":{"_exactmetrics_skip_tracking":false,"_exactmetrics_sitenote_active":false,"_exactmetrics_sitenote_note":"","_exactmetrics_sitenote_category":0,"footnotes":""},"categories":[],"tags":[],"class_list":["post-64","page","type-page","status-publish","hentry"],"_links":{"self":[{"href":"https:\/\/www.professores.uff.br\/cristiane\/wp-json\/wp\/v2\/pages\/64","targetHints":{"allow":["GET"]}}],"collection":[{"href":"https:\/\/www.professores.uff.br\/cristiane\/wp-json\/wp\/v2\/pages"}],"about":[{"href":"https:\/\/www.professores.uff.br\/cristiane\/wp-json\/wp\/v2\/types\/page"}],"author":[{"embeddable":true,"href":"https:\/\/www.professores.uff.br\/cristiane\/wp-json\/wp\/v2\/users\/20"}],"replies":[{"embeddable":true,"href":"https:\/\/www.professores.uff.br\/cristiane\/wp-json\/wp\/v2\/comments?post=64"}],"version-history":[{"count":12,"href":"https:\/\/www.professores.uff.br\/cristiane\/wp-json\/wp\/v2\/pages\/64\/revisions"}],"predecessor-version":[{"id":434,"href":"https:\/\/www.professores.uff.br\/cristiane\/wp-json\/wp\/v2\/pages\/64\/revisions\/434"}],"wp:attachment":[{"href":"https:\/\/www.professores.uff.br\/cristiane\/wp-json\/wp\/v2\/media?parent=64"}],"wp:term":[{"taxonomy":"category","embeddable":true,"href":"https:\/\/www.professores.uff.br\/cristiane\/wp-json\/wp\/v2\/categories?post=64"},{"taxonomy":"post_tag","embeddable":true,"href":"https:\/\/www.professores.uff.br\/cristiane\/wp-json\/wp\/v2\/tags?post=64"}],"curies":[{"name":"wp","href":"https:\/\/api.w.org\/{rel}","templated":true}]}}