{"id":15,"date":"2017-07-26T10:46:22","date_gmt":"2017-07-26T13:46:22","guid":{"rendered":"http:\/\/www.professores.uff.br\/dalessandro\/?page_id=15"},"modified":"2017-07-29T19:38:01","modified_gmt":"2017-07-29T22:38:01","slug":"memorial","status":"publish","type":"page","link":"https:\/\/www.professores.uff.br\/dalessandro\/memorial\/","title":{"rendered":"Memorial"},"content":{"rendered":"<h2><img loading=\"lazy\" decoding=\"async\" class=\"wp-image-163 alignright\" src=\"http:\/\/www.professores.uff.br\/dalessandro\/wp-content\/uploads\/sites\/28\/2017\/07\/memorial-300x193.jpg\" alt=\"\" width=\"177\" height=\"114\" srcset=\"https:\/\/www.professores.uff.br\/dalessandro\/wp-content\/uploads\/sites\/28\/2017\/07\/memorial-300x193.jpg 300w, https:\/\/www.professores.uff.br\/dalessandro\/wp-content\/uploads\/sites\/28\/2017\/07\/memorial.jpg 308w\" sizes=\"auto, (max-width: 177px) 100vw, 177px\" \/><\/h2>\n<h2><\/h2>\n<h2><\/h2>\n<h2><\/h2>\n<h2>Hist\u00f3rico<\/h2>\n<p>Graduei-me em Ci\u00eancia da Computa\u00e7\u00e3o pela <a href=\"http:\/\/www.ic.uff.br\/index.php\/pt\/informacoes-gerais-ciencia-da-computacao\" target=\"_self\">Universidade Federal Fluminense &#8211; UFF<\/a>\u00a0 (1993-1996). Durante minha gradua\u00e7\u00e3o, tive a oportunidade de participar do programa de Inicia\u00e7\u00e3o Cient\u00edfica da UFF (sob a orienta\u00e7\u00e3o do Prof. <a href=\"http:\/\/lattes.cnpq.br\/9171815778534257\" target=\"_blank\" rel=\"noopener noreferrer\">Luiz Satoru Ochi<\/a>), no qual tive o primeiro contato com o ambiente de pesquisa e tamb\u00e9m com a \u00e1rea de otimiza\u00e7\u00e3o combinat\u00f3ria. Minha pesquisa durante a gradua\u00e7\u00e3o rendeu os primeiros artigos em anais de congressos e as primeiras participa\u00e7\u00f5es em eventos.<\/p>\n<p>O interesse pela pesquisa motivou meu ingresso autom\u00e1tico no programa de <a href=\"http:\/\/www.ic.uff.br\/index.php\/pt\/pos-graduacao\" target=\"_self\">Mestrado em Ci\u00eancia da Computa\u00e7\u00e3o da UFF<\/a> (1997-1999), sob a orienta\u00e7\u00e3o do Prof. <a href=\"http:\/\/lattes.cnpq.br\/9171815778534257\" target=\"_blank\" rel=\"noopener noreferrer\">Luiz Satoru Ochi<\/a> e coorienta\u00e7\u00e3o da Profa. <a href=\"http:\/\/lattes.cnpq.br\/9314029648579658\" target=\"_blank\" rel=\"noopener noreferrer\">L\u00facia M. A. Drummond<\/a>. Durante o mestrado, continuei atuando na \u00e1rea de otimiza\u00e7\u00e3o combinat\u00f3ria, mais especificamente em duas das variantes do problema de roteamento de ve\u00edculos: roteamento de ve\u00edculos com frota heterog\u00eanea; e roteamento de ve\u00edculos peri\u00f3dico. A pesquisa realizada gerou, al\u00e9m de artigos em anais de eventos, cinco publica\u00e7\u00f5es em peri\u00f3dicos internacionais (duas no <i><a href=\"http:\/\/www.sciencedirect.com\/science?_ob=ArticleListURL&amp;_method=list&amp;_ArticleListID=-412079253&amp;_sort=r&amp;_st=13&amp;view=c&amp;_acct=C000228598&amp;_version=1&amp;_urlVersion=0&amp;_userid=10&amp;md5=48f89ffceafa29ef3aae4068500fe62d&amp;searchtype=a\" target=\"_blank\" rel=\"noopener noreferrer\">Future Generation Computer Systems<\/a><\/i> e tr\u00eas no <i><a href=\"http:\/\/link.springer.com\/search?query=dalessandro+vianna&amp;facet-series=%22558%22\" target=\"_blank\" rel=\"noopener noreferrer\">Lecture Notes in Computer Science<\/a><\/i>).<\/p>\n<p>Meu doutorado foi cursado no <a href=\"http:\/\/www.inf.puc-rio.br\/\" target=\"_self\">Departamento de Inform\u00e1tica da Pontif\u00edcia Universidade Cat\u00f3lica do Rio de Janeiro &#8211; PUC-Rio<\/a> (1999-2004), sob a orienta\u00e7\u00e3o do Prof. <a href=\"http:\/\/lattes.cnpq.br\/3614186131432854\" target=\"_blank\" rel=\"noopener noreferrer\">Celso Carneiro Ribeiro<\/a>. Atuei na \u00e1rea de otimiza\u00e7\u00e3o combinat\u00f3ria, mas abordando um problema da \u00e1rea de biologia computacional: Problema da Filogenia. Como resultados desta pesquisa, al\u00e9m de artigos em anais de eventos, foram publicados tr\u00eas artigos em peri\u00f3dicos (dois no <i><a href=\"http:\/\/onlinelibrary.wiley.com\/advanced\/search\/results\/reentry?scope=allContent&amp;dateRange=allDates&amp;inTheLastList=6&amp;startYear=&amp;endYear=&amp;queryStringEntered=false&amp;searchRowCriteria[0].queryString=dalessandro+vianna&amp;searchRowCriteria[0].fieldName=author&amp;searchRowCriteria[0].booleanConnector=and&amp;searchRowCriteria[1].fieldName=all-fields&amp;searchRowCriteria[1].booleanConnector=and&amp;searchRowCriteria[2].fieldName=all-fields&amp;searchRowCriteria[2].booleanConnector=and&amp;publicationFacet=journal\" target=\"_blank\" rel=\"noopener noreferrer\">International Transaction in Operational Research<\/a><\/i> e um na <strong>Revista Tecnologia da Informa\u00e7\u00e3o<\/strong>).<\/p>\n<p>Durante o doutorado participei de um projeto, via <a href=\"http:\/\/www.fplf.org.br\/\" target=\"_self\">Funda\u00e7\u00e3o Padre Leonel Franca da PUC-Rio<\/a>, no <a href=\"http:\/\/www.casnav.mar.mil.br\/\" target=\"_self\">Centro de An\u00e1lise de Sistemas Navais (CASNAV) \u2013 Marinha do Brasil<\/a> (1999-2003), no qual foi desenvolvido um sistema computacional em tempo real para a \u00e1rea de Comando e Controle Naval. Neste projeto, gerenciei o M\u00f3dulo de Informa\u00e7\u00f5es Operativas \u2013 MinfOp (2000-2003). Neste mesmo per\u00edodo, tamb\u00e9m lecionei a disciplina de Estrutura de Dados para os cursos de Engenharia da PUC-Rio (2002-2003).<\/p>\n<p>Entre os anos de 2001 e 2003, lecionei e coordenei o curso de gradua\u00e7\u00e3o \u201cTecnologia em Desenvolvimento de Software\u201d da <a href=\"http:\/\/www.apontador.com.br\/local\/rj\/niteroi\/faculdades_e_universidades\/154596104R\/faculdades_pestalozzi.html\" target=\"_self\">Escola Superior Ensino Helena Antipoff (Faculdades Pestalozzi \u2013Niter\u00f3i\/RJ)<\/a>. Participei tamb\u00e9m de um projeto na empresa R2M Sistemas para o desenvolvimento de um sistema computacional para uma grande empresa do ramo de lou\u00e7as\/acabamentos de S\u00e3o Gon\u00e7alo\/Niter\u00f3i. Era o respons\u00e1vel pela administra\u00e7\u00e3o do banco de dados.<\/p>\n<p>Em 2003, iniciei minhas atividades na <a href=\"http:\/\/www.ucam-campos.br\" target=\"_self\">Universidade Candido Mendes &#8211; unidade Campos dos Goytacazes (UCAM-Campos)<\/a>, onde permaneci at\u00e9 2010. Lecionei nas gradua\u00e7\u00f5es de Engenharia de Produ\u00e7\u00e3o, Sistemas de Informa\u00e7\u00e3o e Ci\u00eancia da Computa\u00e7\u00e3o. Entre as disciplinas lecionadas, destacam-se: Pesquisa Operacional; Estrutura de Dados; Banco de Dados; Linguagens Formais e Aut\u00f4matos; e Teoria da Computa\u00e7\u00e3o. Entre os anos de 2003 e 2010, atuei no Mestrado em Pesquisa Operacional e Intelig\u00eancia Computacional (MPOIC), lecionando as disciplinas de Algoritmos e Heur\u00edsticas, Otimiza\u00e7\u00e3o Combinat\u00f3ria, Programa\u00e7\u00e3o Matem\u00e1tica e Programa\u00e7\u00e3o Paralela. A partir de 2010, passei a atuar no MPOIC como colaborador.<\/p>\n<p>No in\u00edcio de 2005, o projeto intitulado &#8220;Projeto e Desenvolvimento de um Sistema Automatizado para a Ger\u00eancia da Opera\u00e7\u00e3o de Suprimentos por Embarca\u00e7\u00f5es na Bacia de Campos&#8221;, coordenado por mim e pelo Professor <a href=\"http:\/\/lattes.cnpq.br\/6368942682378417\" target=\"_blank\" rel=\"noopener noreferrer\">Jos\u00e9 Elias Claudio Arroyo<\/a>, foi aprovado pelo Edital CNPq\/CTPetro. No final de 2005, novos projetos foram sendo desenvolvidos dando origem a um projeto maior denominado &#8220;T\u00e9cnicas de Otimiza\u00e7\u00e3o Combinat\u00f3ria Aplicadas na Resolu\u00e7\u00e3o de Problemas da Regi\u00e3o Norte-Fluminense&#8221;, o qual foi aprovado em 2006 pelo Edital CNPq\/Universal. As publica\u00e7\u00f5es provenientes deste projeto permitiram que no final de 2006 me fosse concedida uma Bolsa de Produtividade em Pesquisa N\u00edvel 2 do CNPq.<\/p>\n<p>Ainda no ano de 2005, passei a coordenar o Mestrado Profissionalizante em Inform\u00e1tica Aplicada (MIA) da UCAM-Campos. No in\u00edcio da minha gest\u00e3o, eu e a minha equipe de professores, ap\u00f3s analisarmos o perfil das publica\u00e7\u00f5es do MIA (\u00eanfase em intelig\u00eancia computacional e otimiza\u00e7\u00e3o combinat\u00f3ria), decidimos, entres outras medidas, alterar o nome do curso para \u201cMestrado Profissionalizante em Pesquisa Operacional e Intelig\u00eancia Computacional\u201d (MPOIC) e ressubmeter o projeto, desta vez, para o Comit\u00ea de Engenharias III (antes era avaliado pelo Comit\u00ea de Ci\u00eancia da Computa\u00e7\u00e3o). Em 2006, foi obtida a recomenda\u00e7\u00e3o da CAPES e em 2010, ap\u00f3s a avalia\u00e7\u00e3o do tri\u00eanio 2007-2009, foi obtido o conceito 4. Meu per\u00edodo de coordena\u00e7\u00e3o do MPOIC encerrou em 2009.<\/p>\n<p>Em 2006, fui aprovado no concurso para o CEFET-Campos, hoje denominado <a href=\"http:\/\/www.iff,edu.br\" target=\"_self\">Instituto Federal de Educa\u00e7\u00e3o, Ci\u00eancia e Tecnologia Fluminense (IFF)<\/a>. Participei: da elabora\u00e7\u00e3o do curso T\u00e9cnico Integrado em Eletr\u00f4nica, do curso T\u00e9cnico Integrado em Meio Ambiente e do curso de Bacharelado em Sistemas de Informa\u00e7\u00e3o; de programas de p\u00f3s-gradua\u00e7\u00e3o; e de projetos de pesquisa. Coordenei o Programa Institucional de Bolsas de Inicia\u00e7\u00e3o e Desenvolvimento Tecnol\u00f3gico e Inova\u00e7\u00e3o (PIBITI) entre os anos de 2007 e 2010.<\/p>\n<p>Em 2007, tive o prazer de ser contemplado pelo pr\u00eamio &#8220;Jovem Cientista do Estado do Rio de Janeiro&#8221; concedido pela FAPERJ.<\/p>\n<p>No in\u00edcio de 2010, liderei um grupo de professores da UCAM-Campos em um projeto de um programa de p\u00f3s-gradua\u00e7\u00e3o acad\u00eamico em Engenharia de Produ\u00e7\u00e3o (PEP), o qual inclu\u00eda a proposta de um novo curso de mestrado e um curso de doutorado. No final deste mesmo ano, recebemos a recomenda\u00e7\u00e3o da CAPES para o funcionamento do mestrado do PEP.<\/p>\n<p>Ainda em 2010, passei a compor o <a href=\"http:\/\/www.uff.br\/rcm\/\" target=\"_self\">Departamento de Computa\u00e7\u00e3o (RCM) da Universidade Federal Fluminense (UFF)<\/a>, unidade de Rio das Ostras. Desde ent\u00e3o, atuo nos cursos de gradua\u00e7\u00e3o de Ci\u00eancia da Computa\u00e7\u00e3o e Engenharia de Produ\u00e7\u00e3o, lecionando disciplinas como Programa\u00e7\u00e3o de Computadores I, Programa\u00e7\u00e3o de Computadores II, Estrutura de Dados, Programa\u00e7\u00e3o com Arquivos, Linguagens Formais e Teoria da Computa\u00e7\u00e3o, Banco de Dados e Algoritmos em Grafos.<\/p>\n<p>Assim que iniciei minhas atividades na UFF, tomei conhecimento de uma comiss\u00e3o que vinha estudando desde 2007 a possibilidade de cria\u00e7\u00e3o de um curso de mestrado. Baseado na experi\u00eancia obtida na elabora\u00e7\u00e3o de tr\u00eas projetos de cursos de mestrado e de um de doutorado, tive meu nome sugerido para compor essa comiss\u00e3o, a qual passei a presidir no final de 2010. No primeiro semestre de 2011, submetemos \u00e0 CAPES o projeto do <a href=\"http:\/\/www.puro.uff.br\/mesc\" target=\"_self\">\u201cMestrado em Engenharia de Produ\u00e7\u00e3o e Sistemas Computacionais\u201d (MESC)<\/a>, fruto de uma a\u00e7\u00e3o conjunta dos Departamentos de Computa\u00e7\u00e3o (RCM) e de Engenharia (REG) do Instituto de Ci\u00eancia e Tecnologia (ICT). No final deste mesmo ano, foi obtida a recomenda\u00e7\u00e3o da CAPES. O MESC iniciou suas atividades em 2013 sob a minha coordena\u00e7\u00e3o, a qual se encerrou no ano de 2016. No entanto, continuei desde ent\u00e3o a atuar como vice-cordenador do MESC, o qual \u00e9 agora coordenado pela Profa. <a href=\"http:\/\/lattes.cnpq.br\/3542956690313765\" target=\"_self\">Iara Tammela<\/a>.<\/p>\n<p>Em 2012, passei a integrar dois grupos de pesquisa: <a href=\"http:\/\/plsql1.cnpq.br\/buscaoperacional\/detalhegrupo.jsp?grupo=00051036Z9GQ2B\" target=\"_self\">\u201cMatem\u00e1tica discreta e combinat\u00f3ria: teoria e ensino\u201d<\/a>; e <a href=\"http:\/\/plsql1.cnpq.br\/buscaoperacional\/detalhegrupo.jsp?grupo=0005103X9IPZBK\" target=\"_self\">\u201cLabIDeS &#8211; Laborat\u00f3rio de Inova\u00e7\u00e3o no Desenvolvimento de Sistemas\u201d<\/a>. O primeiro \u00e9 fruto de uma integra\u00e7\u00e3o entre professores do RCM e de professores do Instituto de Computa\u00e7\u00e3o da UFF (unidade de Niter\u00f3i). O LabIDes \u00e9 um grupo formado, inicialmente, por professores do RCM, o qual visa alavancar a pesquisa em computa\u00e7\u00e3o (gradua\u00e7\u00e3o e mestrado) no ICT.<\/p>\n<p>Em 2015, passei a atuar como vice-diretor do Instituto de Ci\u00eancia e Tecnologia (ICT\/UFF), colaborando com o Diretor, Prof. <a href=\"http:\/\/lattes.cnpq.br\/4124167208584279\" target=\"_self\">Edwin Benito Mitacc Meza<\/a>, na gest\u00e3o desta unidade. Essa gest\u00e3o tem, basicamente, dois objetivos gerais: (i) o refor\u00e7o estrutural, com a melhoria e amplia\u00e7\u00e3o da infraestrutura atual, buscando aumentar a capacidade cient\u00edfica e tecnol\u00f3gica da nossa institui\u00e7\u00e3o; e (ii) o fortalecimento do Instituto junto \u00e0 Reitoria da UFF, junto a outras entidades p\u00fablicas e privadas e institui\u00e7\u00f5es de C&amp;T, buscando a consolida\u00e7\u00e3o do ICT como um polo de conhecimento e de avan\u00e7o na \u00e1rea de ci\u00eancia e tecnologia.<\/p>\n<h3>Resumo<\/h3>\n<p><b><i>Forma\u00e7\u00e3o Acad\u00eamica<\/i><\/b><\/p>\n<p>O Quadro 1 apresenta o n\u00famero de anos referente a cada grau obtido.<\/p>\n<p><img loading=\"lazy\" decoding=\"async\" class=\"alignnone size-full wp-image-37\" src=\"http:\/\/www.professores.uff.br\/dalessandro\/wp-content\/uploads\/sites\/28\/2017\/07\/tabformacao.jpg\" alt=\"\" width=\"602\" height=\"100\" srcset=\"https:\/\/www.professores.uff.br\/dalessandro\/wp-content\/uploads\/sites\/28\/2017\/07\/tabformacao.jpg 602w, https:\/\/www.professores.uff.br\/dalessandro\/wp-content\/uploads\/sites\/28\/2017\/07\/tabformacao-300x50.jpg 300w\" sizes=\"auto, (max-width: 602px) 100vw, 602px\" \/><\/p>\n<p style=\"text-align: center\">Quadro 1. Forma\u00e7\u00e3o Acad\u00eamica.<\/p>\n<p style=\"text-align: left\"><b><i>Atividades Profissionais<\/i><\/b><\/p>\n<p style=\"text-align: left\">Os Quadros 2 e 3 apresentam as atividades profissionais exercidas. O Quadro 2 descreve as institui\u00e7\u00f5es onde trabalhei e os respectivos anos. O Quadro 3 mostra os cargos gerenciais ocupados nos devidos anos.<\/p>\n<p style=\"text-align: left\"><img loading=\"lazy\" decoding=\"async\" class=\"\" src=\"http:\/\/www.professores.uff.br\/dalessandro\/wp-content\/uploads\/sites\/28\/2017\/07\/tabprofissional.jpg\" width=\"705\" height=\"251\" \/><\/p>\n<p style=\"text-align: center\">Quadro 2. Institui\u00e7\u00f5es de trabalho.<\/p>\n<p style=\"text-align: left\"><img loading=\"lazy\" decoding=\"async\" class=\"\" src=\"http:\/\/www.professores.uff.br\/dalessandro\/wp-content\/uploads\/sites\/28\/2017\/07\/tabgerencia.jpg\" width=\"708\" height=\"268\" \/><\/p>\n<p style=\"text-align: center\">Quadro 3. Cargos gerenciais.<\/p>\n<p style=\"text-align: left\"><b><i>Atividades Acad\u00eamicas<br \/>\n<\/i><\/b><\/p>\n<p style=\"text-align: left\">Os Quadros 4 e 5 apresentam as atividades acad\u00eamicas exercidas. O Quadro 4 descreve as institui\u00e7\u00f5es onde lecionei e os respectivos anos. O Quadro 5 mostra as atividades administrativas ocupadas nos devidos anos.<\/p>\n<p style=\"text-align: left\"><img loading=\"lazy\" decoding=\"async\" class=\"wp-image-172 aligncenter\" src=\"http:\/\/www.professores.uff.br\/dalessandro\/wp-content\/uploads\/sites\/28\/2017\/07\/docencia.png\" alt=\"\" width=\"489\" height=\"151\" srcset=\"https:\/\/www.professores.uff.br\/dalessandro\/wp-content\/uploads\/sites\/28\/2017\/07\/docencia.png 1107w, https:\/\/www.professores.uff.br\/dalessandro\/wp-content\/uploads\/sites\/28\/2017\/07\/docencia-300x93.png 300w, https:\/\/www.professores.uff.br\/dalessandro\/wp-content\/uploads\/sites\/28\/2017\/07\/docencia-768x237.png 768w, https:\/\/www.professores.uff.br\/dalessandro\/wp-content\/uploads\/sites\/28\/2017\/07\/docencia-1024x316.png 1024w\" sizes=\"auto, (max-width: 489px) 100vw, 489px\" \/><\/p>\n<p style=\"text-align: center\">Quadro 4. Institui\u00e7\u00f5es de trabalho docente.<\/p>\n<p style=\"text-align: left\"><img loading=\"lazy\" decoding=\"async\" class=\"wp-image-174 aligncenter\" src=\"http:\/\/www.professores.uff.br\/dalessandro\/wp-content\/uploads\/sites\/28\/2017\/07\/tabacademica.jpg\" alt=\"\" width=\"623\" height=\"203\" srcset=\"https:\/\/www.professores.uff.br\/dalessandro\/wp-content\/uploads\/sites\/28\/2017\/07\/tabacademica.jpg 950w, https:\/\/www.professores.uff.br\/dalessandro\/wp-content\/uploads\/sites\/28\/2017\/07\/tabacademica-300x98.jpg 300w, https:\/\/www.professores.uff.br\/dalessandro\/wp-content\/uploads\/sites\/28\/2017\/07\/tabacademica-768x251.jpg 768w\" sizes=\"auto, (max-width: 623px) 100vw, 623px\" \/><\/p>\n<p style=\"text-align: center\">Quadro 5. Cargos gerenciais na academia.<\/p>\n<p style=\"text-align: left\"><b><i>Produ\u00e7\u00e3o Bibliogr\u00e1fica<\/i><\/b><\/p>\n<p style=\"text-align: left\">Os gr\u00e1ficos das Figuras 1 e 2 apresentam as publica\u00e7\u00f5es obtidas. O gr\u00e1fico da Figura 1 descreve o n\u00famero de publica\u00e7\u00f5es completas obtidas por ano. O gr\u00e1fico da Figura 2 mostra o n\u00famero de publica\u00e7\u00f5es acumulado ao longo dos anos. No final de 2016 existe um total de 159 publica\u00e7\u00f5es, as quais se encontram divididas em: 5 cap\u00edtulos de livro; 31 artigos em peri\u00f3dicos; e 123 artigos completos em anais de eventos.<\/p>\n<p style=\"text-align: left\"><img decoding=\"async\" src=\"http:\/\/www.professores.uff.br\/dalessandro\/wp-content\/uploads\/sites\/28\/2017\/07\/grafpubabsoluto.jpg\" \/><\/p>\n<p style=\"text-align: center\">Figura 1. Gr\u00e1fico de publica\u00e7\u00f5es por ano.<\/p>\n<p style=\"text-align: left\"><img decoding=\"async\" src=\"http:\/\/www.professores.uff.br\/dalessandro\/wp-content\/uploads\/sites\/28\/2017\/07\/grafpubacumulado.jpg\" \/><\/p>\n<p style=\"text-align: center\">Figura 2. Gr\u00e1fico de publica\u00e7\u00f5es acumuladas.<\/p>\n<p style=\"text-align: left\"><b><i>Orienta\u00e7\u00f5es Acad\u00eamicas<\/i><\/b><\/p>\n<p style=\"text-align: left\">Os gr\u00e1ficos das Figuras 3 e 4 apresentam as orienta\u00e7\u00f5es realizadas. O gr\u00e1fico da Figura 3 descreve o n\u00famero de orienta\u00e7\u00f5es realizadas por ano. O gr\u00e1fico da Figura 4 mostra o n\u00famero de orienta\u00e7\u00f5es acumulado ao longo dos anos. No final de 2016 existe um total de 92 orienta\u00e7\u00f5es, as quais encontram-se divididas em: 35 de Trabalho de Conclus\u00e3o de Curso (TCC); 26 de Inicia\u00e7\u00e3o Cient\u00edfica e\/ou Tecnol\u00f3gica (IC\/IT); 5 de Especializa\u00e7\u00e3o; e 26 de Mestrado.<\/p>\n<p style=\"text-align: left\"><img decoding=\"async\" src=\"http:\/\/www.professores.uff.br\/dalessandro\/wp-content\/uploads\/sites\/28\/2017\/07\/graforiabsoluto.jpg\" \/><\/p>\n<p style=\"text-align: center\">Figura 3. Gr\u00e1fico de orienta\u00e7\u00f5es por ano.<\/p>\n<p style=\"text-align: left\"><img decoding=\"async\" src=\"http:\/\/www.professores.uff.br\/dalessandro\/wp-content\/uploads\/sites\/28\/2017\/07\/graforiacumulado.jpg\" \/><\/p>\n<p style=\"text-align: center\">Figura 4. Gr\u00e1fico de orienta\u00e7\u00f5es acumuladas.<\/p>\n<p style=\"text-align: left\"><b><i>Bancas Examinadoras<\/i><\/b><\/p>\n<p style=\"text-align: left\">Os gr\u00e1ficos das Figuras 5 e 6 apresentam as participa\u00e7\u00f5es em bancas realizadas. O gr\u00e1fico da Figura 5 descreve o n\u00famero de participa\u00e7\u00f5es em bancas por ano. O gr\u00e1fico da Figura 6 mostra o n\u00famero acumulado de participa\u00e7\u00f5es em bancas ao longo dos anos. No final de 2016 existe um total de 179 participa\u00e7\u00f5es em bancas, as quais encontram-se divididas em: 102 de Trabalho de Conclus\u00e3o de Curso (TCC); 9 de Especializa\u00e7\u00e3o; 65 de Mestrado; e 3 de Doutorado.<\/p>\n<p style=\"text-align: left\"><img decoding=\"async\" src=\"http:\/\/www.professores.uff.br\/dalessandro\/wp-content\/uploads\/sites\/28\/2017\/07\/grafbanabsoluto.jpg\" \/><\/p>\n<p style=\"text-align: center\">Figura 5. Gr\u00e1fico de participa\u00e7\u00f5es em banca por ano.<\/p>\n<p style=\"text-align: left\"><img decoding=\"async\" src=\"http:\/\/www.professores.uff.br\/dalessandro\/wp-content\/uploads\/sites\/28\/2017\/07\/grafbanacumulado.jpg\" \/><\/p>\n<p style=\"text-align: center\">Figura 6. Gr\u00e1fico de participa\u00e7\u00f5es em banca acumuladas.<\/p>\n<p>&nbsp;<\/p>\n","protected":false},"excerpt":{"rendered":"<p>Hist\u00f3rico Graduei-me em Ci\u00eancia da Computa\u00e7\u00e3o pela Universidade Federal Fluminense &#8211; UFF\u00a0 (1993-1996). Durante minha gradua\u00e7\u00e3o, tive a oportunidade de participar do programa de Inicia\u00e7\u00e3o Cient\u00edfica da UFF (sob a orienta\u00e7\u00e3o do Prof. Luiz Satoru Ochi), no qual tive o primeiro contato com o ambiente de pesquisa e tamb\u00e9m com a \u00e1rea de otimiza\u00e7\u00e3o combinat\u00f3ria. [&hellip;]<\/p>\n","protected":false},"author":3,"featured_media":0,"parent":0,"menu_order":0,"comment_status":"closed","ping_status":"closed","template":"","meta":{"_exactmetrics_skip_tracking":false,"_exactmetrics_sitenote_active":false,"_exactmetrics_sitenote_note":"","_exactmetrics_sitenote_category":0,"footnotes":""},"categories":[],"tags":[],"class_list":["post-15","page","type-page","status-publish","hentry"],"_links":{"self":[{"href":"https:\/\/www.professores.uff.br\/dalessandro\/wp-json\/wp\/v2\/pages\/15","targetHints":{"allow":["GET"]}}],"collection":[{"href":"https:\/\/www.professores.uff.br\/dalessandro\/wp-json\/wp\/v2\/pages"}],"about":[{"href":"https:\/\/www.professores.uff.br\/dalessandro\/wp-json\/wp\/v2\/types\/page"}],"author":[{"embeddable":true,"href":"https:\/\/www.professores.uff.br\/dalessandro\/wp-json\/wp\/v2\/users\/3"}],"replies":[{"embeddable":true,"href":"https:\/\/www.professores.uff.br\/dalessandro\/wp-json\/wp\/v2\/comments?post=15"}],"version-history":[{"count":13,"href":"https:\/\/www.professores.uff.br\/dalessandro\/wp-json\/wp\/v2\/pages\/15\/revisions"}],"predecessor-version":[{"id":176,"href":"https:\/\/www.professores.uff.br\/dalessandro\/wp-json\/wp\/v2\/pages\/15\/revisions\/176"}],"wp:attachment":[{"href":"https:\/\/www.professores.uff.br\/dalessandro\/wp-json\/wp\/v2\/media?parent=15"}],"wp:term":[{"taxonomy":"category","embeddable":true,"href":"https:\/\/www.professores.uff.br\/dalessandro\/wp-json\/wp\/v2\/categories?post=15"},{"taxonomy":"post_tag","embeddable":true,"href":"https:\/\/www.professores.uff.br\/dalessandro\/wp-json\/wp\/v2\/tags?post=15"}],"curies":[{"name":"wp","href":"https:\/\/api.w.org\/{rel}","templated":true}]}}