{"id":39,"date":"2017-10-05T13:44:34","date_gmt":"2017-10-05T16:44:34","guid":{"rendered":"http:\/\/www.professores.uff.br\/dartigas\/?page_id=39"},"modified":"2017-10-05T13:44:34","modified_gmt":"2017-10-05T16:44:34","slug":"publications","status":"publish","type":"page","link":"https:\/\/www.professores.uff.br\/dartigas\/publications\/","title":{"rendered":"Publications"},"content":{"rendered":"<ul>\n<li>Silva, T. M. D.; Artigas, D.; Dantas, S.: Fam\u00edlias de grafos com contorno n\u00e3o geod\u00e9sico. CNMAC (2014), Accepted.<\/li>\n<li>Oliveira, A. L. S.; Artigas, D.: Uma abordagem computacional do contorno de grafos. CNMAC (2014), Accepted.<\/li>\n<li>Artigas, D.; Dantas, S.; Dourado, M. C.; Szwarcfiter, J. L.; Yamaguchi, S.:\u00a0 <a href=\"http:\/\/dx.doi.org\/10.1016\/j.dam.2012.12.024\" target=\"_blank\" rel=\"noopener noreferrer\">On the contour of graphs<\/a>. Discrete Applied Mathematics 161 (2013), 1356-1362. <a id=\"On-the-Contour\" href=\"http:\/\/www.professores.uff.br\/dartigas\/wp-content\/uploads\/sites\/156\/2017\/10\/pdfArtigas-OntheContourofGraphs.pdf\" target=\"_blank\" rel=\"noopener noreferrer\">pdf&gt;<\/a><\/li>\n<li>Artigas, D., Dantas, S., Dourado, M. C., Szwarcfiter, J. L., <em>Geodetic sets and periphery<\/em>. CTW (2013), 15-18.<\/li>\n<li><\/li>\n<li>Artigas, D., Dantas, S., Dourado, M. C., Szwarcfiter, J. L., <a href=\"http:\/\/dx.doi.org\/10.1016\/j.disc.2011.05.023\" target=\"_blank\" rel=\"noopener noreferrer\"><em>Partitioning a graph into convex sets<\/em><\/a>. Discrete Mathematics 311 (2011), 1968-1977. <a id=\"Partitioning-a-Graph\" href=\"http:\/\/www.professores.uff.br\/dartigas\/wp-content\/uploads\/sites\/156\/2017\/10\/pdf2Artigas-PartioningaGraphIntoConvexSets.pdf\" target=\"_blank\" rel=\"noopener noreferrer\">pdf&gt;<\/a><\/li>\n<\/ul>\n","protected":false},"excerpt":{"rendered":"<p>Silva, T. M. D.; Artigas, D.; Dantas, S.: Fam\u00edlias de grafos com contorno n\u00e3o geod\u00e9sico. CNMAC (2014), Accepted. Oliveira, A. L. S.; Artigas, D.: Uma abordagem computacional do contorno de grafos. CNMAC (2014), Accepted. Artigas, D.; Dantas, S.; Dourado, M. C.; Szwarcfiter, J. L.; Yamaguchi, S.:\u00a0 On the contour of graphs. Discrete Applied Mathematics 161 [&hellip;]<\/p>\n","protected":false},"author":22,"featured_media":0,"parent":0,"menu_order":0,"comment_status":"closed","ping_status":"closed","template":"","meta":{"_exactmetrics_skip_tracking":false,"_exactmetrics_sitenote_active":false,"_exactmetrics_sitenote_note":"","_exactmetrics_sitenote_category":0,"footnotes":""},"categories":[],"tags":[],"class_list":["post-39","page","type-page","status-publish","hentry"],"_links":{"self":[{"href":"https:\/\/www.professores.uff.br\/dartigas\/wp-json\/wp\/v2\/pages\/39","targetHints":{"allow":["GET"]}}],"collection":[{"href":"https:\/\/www.professores.uff.br\/dartigas\/wp-json\/wp\/v2\/pages"}],"about":[{"href":"https:\/\/www.professores.uff.br\/dartigas\/wp-json\/wp\/v2\/types\/page"}],"author":[{"embeddable":true,"href":"https:\/\/www.professores.uff.br\/dartigas\/wp-json\/wp\/v2\/users\/22"}],"replies":[{"embeddable":true,"href":"https:\/\/www.professores.uff.br\/dartigas\/wp-json\/wp\/v2\/comments?post=39"}],"version-history":[{"count":1,"href":"https:\/\/www.professores.uff.br\/dartigas\/wp-json\/wp\/v2\/pages\/39\/revisions"}],"predecessor-version":[{"id":42,"href":"https:\/\/www.professores.uff.br\/dartigas\/wp-json\/wp\/v2\/pages\/39\/revisions\/42"}],"wp:attachment":[{"href":"https:\/\/www.professores.uff.br\/dartigas\/wp-json\/wp\/v2\/media?parent=39"}],"wp:term":[{"taxonomy":"category","embeddable":true,"href":"https:\/\/www.professores.uff.br\/dartigas\/wp-json\/wp\/v2\/categories?post=39"},{"taxonomy":"post_tag","embeddable":true,"href":"https:\/\/www.professores.uff.br\/dartigas\/wp-json\/wp\/v2\/tags?post=39"}],"curies":[{"name":"wp","href":"https:\/\/api.w.org\/{rel}","templated":true}]}}