{"id":156,"date":"2017-07-19T19:51:10","date_gmt":"2017-07-19T22:51:10","guid":{"rendered":"http:\/\/www.professores.uff.br\/fernandogama\/?page_id=156"},"modified":"2017-07-19T19:53:28","modified_gmt":"2017-07-19T22:53:28","slug":"mestrado-e-doutorado","status":"publish","type":"page","link":"https:\/\/www.professores.uff.br\/fernandogama\/mestrado-e-doutorado\/","title":{"rendered":"Mestrado e Doutorado"},"content":{"rendered":"<p>&nbsp;<\/p>\n<p><img loading=\"lazy\" decoding=\"async\" class=\"alignleft size-full wp-image-127\" src=\"http:\/\/www.professores.uff.br\/fernandogama\/wp-content\/uploads\/sites\/15\/2017\/07\/books.png\" alt=\"\" width=\"128\" height=\"128\" \/><\/p>\n<p>&nbsp;<\/p>\n<ul>\n<li><a href=\"http:\/\/www.professores.uff.br\/fernandogama\/wp-content\/uploads\/sites\/15\/2017\/07\/AdministracaoPublicaDemocraciaProcessual2010-2.pdf\" target=\"_blank\" rel=\"noopener noreferrer\">Administra\u00e7\u00e3o P\u00fablica e Democracia Processual (2010-2)<\/a><\/li>\n<li><a href=\"http:\/\/www.professores.uff.br\/fernandogama\/wp-content\/uploads\/sites\/15\/2017\/07\/MediacaoCivilJusticaCoexistencial2011-2.pdf\" target=\"_blank\" rel=\"noopener noreferrer\">Media\u00e7\u00e3o Civil e Justi\u00e7a Coexistencial (2011-2)<\/a><\/li>\n<li><a href=\"http:\/\/www.professores.uff.br\/fernandogama\/wp-content\/uploads\/sites\/15\/2017\/07\/JusticaConstitucionalParticipacaoRepresentacao2012-2.pdf\" target=\"_blank\" rel=\"noopener noreferrer\">Justi\u00e7a constitucional, participa\u00e7\u00e3o e representa\u00e7\u00e3o (2012-2)<\/a><\/li>\n<li><a href=\"http:\/\/www.professores.uff.br\/fernandogama\/wp-content\/uploads\/sites\/15\/2017\/07\/MediacaoComunidadeInstituicoes2013-2.pdf\" target=\"_blank\" rel=\"noopener noreferrer\">Media\u00e7\u00e3o nas Comunidades e nas Institui\u00e7\u00f5es (2013-2)<\/a><\/li>\n<\/ul>\n","protected":false},"excerpt":{"rendered":"<p>&nbsp; &nbsp; Administra\u00e7\u00e3o P\u00fablica e Democracia Processual (2010-2) Media\u00e7\u00e3o Civil e Justi\u00e7a Coexistencial (2011-2) Justi\u00e7a constitucional, participa\u00e7\u00e3o e representa\u00e7\u00e3o (2012-2) Media\u00e7\u00e3o nas Comunidades e nas Institui\u00e7\u00f5es (2013-2)<\/p>\n","protected":false},"author":1,"featured_media":0,"parent":0,"menu_order":0,"comment_status":"closed","ping_status":"closed","template":"","meta":{"_exactmetrics_skip_tracking":false,"_exactmetrics_sitenote_active":false,"_exactmetrics_sitenote_note":"","_exactmetrics_sitenote_category":0,"footnotes":""},"categories":[3],"tags":[30,29],"class_list":["post-156","page","type-page","status-publish","hentry","category-paginas_menu_principal","tag-doutorado","tag-mestrado"],"_links":{"self":[{"href":"https:\/\/www.professores.uff.br\/fernandogama\/wp-json\/wp\/v2\/pages\/156","targetHints":{"allow":["GET"]}}],"collection":[{"href":"https:\/\/www.professores.uff.br\/fernandogama\/wp-json\/wp\/v2\/pages"}],"about":[{"href":"https:\/\/www.professores.uff.br\/fernandogama\/wp-json\/wp\/v2\/types\/page"}],"author":[{"embeddable":true,"href":"https:\/\/www.professores.uff.br\/fernandogama\/wp-json\/wp\/v2\/users\/1"}],"replies":[{"embeddable":true,"href":"https:\/\/www.professores.uff.br\/fernandogama\/wp-json\/wp\/v2\/comments?post=156"}],"version-history":[{"count":5,"href":"https:\/\/www.professores.uff.br\/fernandogama\/wp-json\/wp\/v2\/pages\/156\/revisions"}],"predecessor-version":[{"id":166,"href":"https:\/\/www.professores.uff.br\/fernandogama\/wp-json\/wp\/v2\/pages\/156\/revisions\/166"}],"wp:attachment":[{"href":"https:\/\/www.professores.uff.br\/fernandogama\/wp-json\/wp\/v2\/media?parent=156"}],"wp:term":[{"taxonomy":"category","embeddable":true,"href":"https:\/\/www.professores.uff.br\/fernandogama\/wp-json\/wp\/v2\/categories?post=156"},{"taxonomy":"post_tag","embeddable":true,"href":"https:\/\/www.professores.uff.br\/fernandogama\/wp-json\/wp\/v2\/tags?post=156"}],"curies":[{"name":"wp","href":"https:\/\/api.w.org\/{rel}","templated":true}]}}

<p>&nbsp;</p>
<p><img loading="lazy" decoding="async" class="alignleft size-full wp-image-127" src="http://www.professores.uff.br/fernandogama/wp-content/uploads/sites/15/2017/07/books.png" alt="" width="128" height="128" /></p>
<p>&nbsp;</p>
<ul>
<li><a href="http://www.professores.uff.br/fernandogama/wp-content/uploads/sites/15/2017/07/AdministracaoPublicaDemocraciaProcessual2010-2.pdf" target="_blank" rel="noopener noreferrer">Administração Pública e Democracia Processual (2010-2)</a></li>
<li><a href="http://www.professores.uff.br/fernandogama/wp-content/uploads/sites/15/2017/07/MediacaoCivilJusticaCoexistencial2011-2.pdf" target="_blank" rel="noopener noreferrer">Mediação Civil e Justiça Coexistencial (2011-2)</a></li>
<li><a href="http://www.professores.uff.br/fernandogama/wp-content/uploads/sites/15/2017/07/JusticaConstitucionalParticipacaoRepresentacao2012-2.pdf" target="_blank" rel="noopener noreferrer">Justiça constitucional, participação e representação (2012-2)</a></li>
<li><a href="http://www.professores.uff.br/fernandogama/wp-content/uploads/sites/15/2017/07/MediacaoComunidadeInstituicoes2013-2.pdf" target="_blank" rel="noopener noreferrer">Mediação nas Comunidades e nas Instituições (2013-2)</a></li>
</ul>

<p>&nbsp; &nbsp; Administração Pública e Democracia Processual (2010-2) Mediação Civil e Justiça Coexistencial (2011-2) Justiça constitucional, participação e representação (2012-2) Mediação nas Comunidades e nas Instituições (2013-2)</p>
