{"id":181,"date":"2017-07-19T20:20:06","date_gmt":"2017-07-19T23:20:06","guid":{"rendered":"http:\/\/www.professores.uff.br\/fernandogama\/?page_id=181"},"modified":"2017-08-21T14:59:52","modified_gmt":"2017-08-21T17:59:52","slug":"professores","status":"publish","type":"page","link":"https:\/\/www.professores.uff.br\/fernandogama\/professores\/","title":{"rendered":"Professores"},"content":{"rendered":"<p><img loading=\"lazy\" decoding=\"async\" class=\"alignleft size-full wp-image-182\" src=\"http:\/\/www.professores.uff.br\/fernandogama\/wp-content\/uploads\/sites\/15\/2017\/07\/professores.png\" alt=\"\" width=\"128\" height=\"128\" \/><\/p>\n<p>&nbsp;<\/p>\n<p>&nbsp;<\/p>\n<ul>\n<li><a href=\"http:\/\/interdemocracy.blogspot.com.br\/\" target=\"_blank\" rel=\"noopener noreferrer\">Ana Claudia Santano (Derecho Electoral y Pol\u00edtica)<\/a><\/li>\n<li><a href=\"http:\/\/observatoriomercosul.blogspot.com\/\" target=\"_blank\" rel=\"noopener noreferrer\">Eduardo Val (Observat\u00f3rio do Mercosul)<\/a><\/li>\n<li><a href=\"http:\/\/fabianamarionspengler.blogspot.com.br\/\" target=\"_blank\" rel=\"noopener noreferrer\">Fabiana Spengler (Jurisdi\u00e7\u00e3o &amp; Media\u00e7\u00e3o)<\/a><\/li>\n<li><a href=\"http:\/\/direitoadministrativoemdebate.wordpress.com\/\" target=\"_blank\" rel=\"noopener noreferrer\">Farlei Martins (Direito Administrativo em Debate)<\/a><\/li>\n<li><a href=\"http:\/\/www.humbertodalla.pro.br\/\" target=\"_blank\" rel=\"noopener noreferrer\">Humberto Dalla<\/a><\/li>\n<li><a href=\"http:\/\/www.uff.br\/em_acao\/\" target=\"_blank\" rel=\"noopener noreferrer\">Jean Saadi (Audi\u00eancia Simulada &#8211; Ato infracional praticado por adolescente)<\/a><\/li>\n<li><a href=\"http:\/\/supremoemdebate.blogspot.com\/\" target=\"_blank\" rel=\"noopener noreferrer\">Jos\u00e9 Ribas Vieira (STF em Debate)<\/a><\/li>\n<li><a href=\"http:\/\/www.osinimigosdoestado.blogspot.com\/\" target=\"_blank\" rel=\"noopener noreferrer\">Jos\u00e9 Ribas Vieira \/ M\u00f4nica Paraguass\u00fa (Direitos Humanos, Estado e Globaliza\u00e7\u00e3o)<\/a><\/li>\n<li><a href=\"http:\/\/diarium.usal.es\/mariohr\/\" target=\"_blank\" rel=\"noopener noreferrer\">Mario Hern\u00e1ndez Ramos (Derecho y Justicia Constitucional)<\/a><\/li>\n<li><a href=\"http:\/\/fragale.blogspot.com.br\/2009_09_01_archive.html\" target=\"_blank\" rel=\"noopener noreferrer\">Roberto Fragale Filho<\/a><\/li>\n<li><a href=\"http:\/\/opasmado.blogspot.com\/\" target=\"_blank\" rel=\"noopener noreferrer\">Rog\u00e9rio Dultra dos Santos<\/a><\/li>\n<\/ul>\n","protected":false},"excerpt":{"rendered":"<p>&nbsp; &nbsp; Ana Claudia Santano (Derecho Electoral y Pol\u00edtica) Eduardo Val (Observat\u00f3rio do Mercosul) Fabiana Spengler (Jurisdi\u00e7\u00e3o &amp; Media\u00e7\u00e3o) Farlei Martins (Direito Administrativo em Debate) Humberto Dalla Jean Saadi (Audi\u00eancia Simulada &#8211; Ato infracional praticado por adolescente) Jos\u00e9 Ribas Vieira (STF em Debate) Jos\u00e9 Ribas Vieira \/ M\u00f4nica Paraguass\u00fa (Direitos Humanos, Estado e Globaliza\u00e7\u00e3o) Mario [&hellip;]<\/p>\n","protected":false},"author":1,"featured_media":0,"parent":0,"menu_order":0,"comment_status":"closed","ping_status":"closed","template":"","meta":{"_exactmetrics_skip_tracking":false,"_exactmetrics_sitenote_active":false,"_exactmetrics_sitenote_note":"","_exactmetrics_sitenote_category":0,"footnotes":""},"categories":[3],"tags":[31],"class_list":["post-181","page","type-page","status-publish","hentry","category-paginas_menu_principal","tag-professores"],"_links":{"self":[{"href":"https:\/\/www.professores.uff.br\/fernandogama\/wp-json\/wp\/v2\/pages\/181","targetHints":{"allow":["GET"]}}],"collection":[{"href":"https:\/\/www.professores.uff.br\/fernandogama\/wp-json\/wp\/v2\/pages"}],"about":[{"href":"https:\/\/www.professores.uff.br\/fernandogama\/wp-json\/wp\/v2\/types\/page"}],"author":[{"embeddable":true,"href":"https:\/\/www.professores.uff.br\/fernandogama\/wp-json\/wp\/v2\/users\/1"}],"replies":[{"embeddable":true,"href":"https:\/\/www.professores.uff.br\/fernandogama\/wp-json\/wp\/v2\/comments?post=181"}],"version-history":[{"count":2,"href":"https:\/\/www.professores.uff.br\/fernandogama\/wp-json\/wp\/v2\/pages\/181\/revisions"}],"predecessor-version":[{"id":224,"href":"https:\/\/www.professores.uff.br\/fernandogama\/wp-json\/wp\/v2\/pages\/181\/revisions\/224"}],"wp:attachment":[{"href":"https:\/\/www.professores.uff.br\/fernandogama\/wp-json\/wp\/v2\/media?parent=181"}],"wp:term":[{"taxonomy":"category","embeddable":true,"href":"https:\/\/www.professores.uff.br\/fernandogama\/wp-json\/wp\/v2\/categories?post=181"},{"taxonomy":"post_tag","embeddable":true,"href":"https:\/\/www.professores.uff.br\/fernandogama\/wp-json\/wp\/v2\/tags?post=181"}],"curies":[{"name":"wp","href":"https:\/\/api.w.org\/{rel}","templated":true}]}}

<p><img loading="lazy" decoding="async" class="alignleft size-full wp-image-182" src="http://www.professores.uff.br/fernandogama/wp-content/uploads/sites/15/2017/07/professores.png" alt="" width="128" height="128" /></p>
<p>&nbsp;</p>
<p>&nbsp;</p>
<ul>
<li><a href="http://interdemocracy.blogspot.com.br/" target="_blank" rel="noopener noreferrer">Ana Claudia Santano (Derecho Electoral y Política)</a></li>
<li><a href="http://observatoriomercosul.blogspot.com/" target="_blank" rel="noopener noreferrer">Eduardo Val (Observatório do Mercosul)</a></li>
<li><a href="http://fabianamarionspengler.blogspot.com.br/" target="_blank" rel="noopener noreferrer">Fabiana Spengler (Jurisdição &amp; Mediação)</a></li>
<li><a href="http://direitoadministrativoemdebate.wordpress.com/" target="_blank" rel="noopener noreferrer">Farlei Martins (Direito Administrativo em Debate)</a></li>
<li><a href="http://www.humbertodalla.pro.br/" target="_blank" rel="noopener noreferrer">Humberto Dalla</a></li>
<li><a href="http://www.uff.br/em_acao/" target="_blank" rel="noopener noreferrer">Jean Saadi (Audiência Simulada &#8211; Ato infracional praticado por adolescente)</a></li>
<li><a href="http://supremoemdebate.blogspot.com/" target="_blank" rel="noopener noreferrer">José Ribas Vieira (STF em Debate)</a></li>
<li><a href="http://www.osinimigosdoestado.blogspot.com/" target="_blank" rel="noopener noreferrer">José Ribas Vieira / Mônica Paraguassú (Direitos Humanos, Estado e Globalização)</a></li>
<li><a href="http://diarium.usal.es/mariohr/" target="_blank" rel="noopener noreferrer">Mario Hernández Ramos (Derecho y Justicia Constitucional)</a></li>
<li><a href="http://fragale.blogspot.com.br/2009_09_01_archive.html" target="_blank" rel="noopener noreferrer">Roberto Fragale Filho</a></li>
<li><a href="http://opasmado.blogspot.com/" target="_blank" rel="noopener noreferrer">Rogério Dultra dos Santos</a></li>
</ul>

<p>&nbsp; &nbsp; Ana Claudia Santano (Derecho Electoral y Política) Eduardo Val (Observatório do Mercosul) Fabiana Spengler (Jurisdição &amp; Mediação) Farlei Martins (Direito Administrativo em Debate) Humberto Dalla Jean Saadi (Audiência Simulada &#8211; Ato infracional praticado por adolescente) José Ribas Vieira (STF em Debate) José Ribas Vieira / Mônica Paraguassú (Direitos Humanos, Estado e Globalização) Mario [&hellip;]</p>
