{"id":6,"date":"2017-08-30T15:35:27","date_gmt":"2017-08-30T18:35:27","guid":{"rendered":"http:\/\/www.professores.uff.br\/javier\/?page_id=6"},"modified":"2025-05-08T18:03:08","modified_gmt":"2025-05-08T21:03:08","slug":"ensino-teaching","status":"publish","type":"page","link":"https:\/\/www.professores.uff.br\/javierribon\/ensino-teaching\/","title":{"rendered":"Ensino (Teaching)"},"content":{"rendered":"\n<ul class=\"wp-block-list\"><li><a href=\"http:\/\/www.professores.uff.br\/javierribon\/curso-de-algebra-linear-remoto\/\">Curso de \u00c1lgebra Linear, Mestrado, UFF, 2020, remoto<\/a><\/li><li><a href=\"https:\/\/www.professores.uff.br\/javierribon\/curso-de-algebra-linear-graduacao-2020-remoto\/\">Curso de \u00c1lgebra Linear, Gradua\u00e7\u00e3o, UFF, 2020-1, remoto<\/a><\/li><li><a href=\"https:\/\/www.professores.uff.br\/javierribon\/curso-topologia-diferencial-i-doutorado-2020-remoto\/\">Curso Topologia Diferencial I, Doutorado, UFF, 2020, remoto<\/a><\/li><li><a href=\"https:\/\/www.professores.uff.br\/javierribon\/curso-de-algebra-linear-graduacao-2021-remoto\/\">Curso de \u00c1lgebra Linear, Gradua\u00e7\u00e3o, UFF, 2020-2, remoto<\/a><\/li><li><a href=\"https:\/\/www.professores.uff.br\/javierribon\/curso-matematica-para-economia-iii-graduacao-2021-remoto\/\">Curso <em>Matem\u00e1tica para Economia III<\/em>, Gradua\u00e7\u00e3o, UFF, 2021, remoto<\/a><\/li><\/ul>\n\n\n\n<p><\/p>\n","protected":false},"excerpt":{"rendered":"<p>Curso de \u00c1lgebra Linear, Mestrado, UFF, 2020, remoto Curso de \u00c1lgebra Linear, Gradua\u00e7\u00e3o, UFF, 2020-1, remoto Curso Topologia Diferencial I, Doutorado, UFF, 2020, remoto Curso de \u00c1lgebra Linear, Gradua\u00e7\u00e3o, UFF, 2020-2, remoto Curso Matem\u00e1tica para Economia III, Gradua\u00e7\u00e3o, UFF, 2021, remoto<\/p>\n","protected":false},"author":2,"featured_media":0,"parent":0,"menu_order":0,"comment_status":"closed","ping_status":"closed","template":"","meta":{"_exactmetrics_skip_tracking":false,"_exactmetrics_sitenote_active":false,"_exactmetrics_sitenote_note":"","_exactmetrics_sitenote_category":0,"footnotes":""},"categories":[],"tags":[],"class_list":["post-6","page","type-page","status-publish","hentry"],"_links":{"self":[{"href":"https:\/\/www.professores.uff.br\/javierribon\/wp-json\/wp\/v2\/pages\/6","targetHints":{"allow":["GET"]}}],"collection":[{"href":"https:\/\/www.professores.uff.br\/javierribon\/wp-json\/wp\/v2\/pages"}],"about":[{"href":"https:\/\/www.professores.uff.br\/javierribon\/wp-json\/wp\/v2\/types\/page"}],"author":[{"embeddable":true,"href":"https:\/\/www.professores.uff.br\/javierribon\/wp-json\/wp\/v2\/users\/2"}],"replies":[{"embeddable":true,"href":"https:\/\/www.professores.uff.br\/javierribon\/wp-json\/wp\/v2\/comments?post=6"}],"version-history":[{"count":8,"href":"https:\/\/www.professores.uff.br\/javierribon\/wp-json\/wp\/v2\/pages\/6\/revisions"}],"predecessor-version":[{"id":185,"href":"https:\/\/www.professores.uff.br\/javierribon\/wp-json\/wp\/v2\/pages\/6\/revisions\/185"}],"wp:attachment":[{"href":"https:\/\/www.professores.uff.br\/javierribon\/wp-json\/wp\/v2\/media?parent=6"}],"wp:term":[{"taxonomy":"category","embeddable":true,"href":"https:\/\/www.professores.uff.br\/javierribon\/wp-json\/wp\/v2\/categories?post=6"},{"taxonomy":"post_tag","embeddable":true,"href":"https:\/\/www.professores.uff.br\/javierribon\/wp-json\/wp\/v2\/tags?post=6"}],"curies":[{"name":"wp","href":"https:\/\/api.w.org\/{rel}","templated":true}]}}