{"id":12,"date":"2017-09-04T11:37:48","date_gmt":"2017-09-04T14:37:48","guid":{"rendered":"http:\/\/www.professores.uff.br\/jcolombo\/?page_id=12"},"modified":"2017-09-18T11:52:27","modified_gmt":"2017-09-18T14:52:27","slug":"ted","status":"publish","type":"page","link":"https:\/\/www.professores.uff.br\/jcolombo\/ted\/","title":{"rendered":"TED"},"content":{"rendered":"<hr \/>\n<p><strong>TED \u00e9 um acr\u00f4nimo para Technology, Entertainement and Design, uma iniciativa cuja<\/strong><br \/>\n<strong> proposta \u00e9 divulgar ideias de forma geral atrav\u00e9s de v\u00eddeos na internet. Nesse momento existe uma<\/strong><br \/>\n<strong> grande quantidade de videos dispon\u00edveis. \u00a0Fiz uma sele\u00e7\u00e3o\u00a0 de alguns que acho realmente fant\u00e1sticos.<\/strong><\/p>\n<p><strong>TED &#8211; Matem\u00e1ticos<\/strong><br \/>\n<strong> <a href=\"http:\/\/www.ted.com\/talks\/ron_eglash_on_african_fractals.html\" target=\"_blank\" rel=\"noopener noreferrer\">Os \u00a0Fractais no cora\u00e7\u00e3o dos Design Africano por\u00a0<\/a><a href=\"http:\/\/www.ted.com\/talks\/ron_eglash_on_african_fractals.html\" target=\"_blank\" rel=\"noopener noreferrer\">Ron Eglash<\/a><\/strong><br \/>\n<strong> <a href=\"http:\/\/ed.ted.com\/lessons\/how-big-is-infinity\" target=\"_blank\" rel=\"noopener noreferrer\">Qu\u00e3o Grande \u00e9 o infinito? Por Dennis Wildfogel<\/a><\/strong><br \/>\n<strong> <a href=\"http:\/\/www.ted.com\/talks\/margaret_wertheim_crochets_the_coral_reef.html\">A beleza da Matem\u00e1tica\u00a0dos Corais por\u00a0<\/a><a href=\"http:\/\/www.ted.com\/talks\/margaret_wertheim_crochets_the_coral_reef.html\" target=\"_blank\" rel=\"noopener noreferrer\">Margaret Wertheim<\/a><br \/>\n<a href=\"http:\/\/www.ted.com\/talks\/benoit_mandelbrot_fractals_the_art_of_roughness.html\">Fractais e a arte da rugosidade por\u00a0<\/a><a href=\"http:\/\/www.ted.com\/talks\/benoit_mandelbrot_fractals_the_art_of_roughness.html\" target=\"_blank\" rel=\"noopener noreferrer\">Benoit Mandelbrot<\/a><\/strong><br \/>\n<strong> <a href=\"http:\/\/ed.ted.com\/lessons\/michael-mitchell-a-clever-way-to-estimate-enormous-numbers\" target=\"_blank\" rel=\"noopener noreferrer\">Uma maneira esperta para estimar n\u00fameros grandes por Michael Mitchell<\/a><\/strong><br \/>\n<strong> <a href=\"http:\/\/www.ted.com\/talks\/geoffrey_west_the_surprising_math_of_cities_and_corporations.html\" target=\"_blank\" rel=\"noopener noreferrer\">A surpreente matem\u00e1tica das cidades e corpora\u00e7\u00f5es por\u00a0<\/a><a href=\"http:\/\/www.ted.com\/talks\/geoffrey_west_the_surprising_math_of_cities_and_corporations.html\" target=\"_blank\" rel=\"noopener noreferrer\">Geoffrey West<\/a><\/strong><br \/>\n<strong> <a href=\"http:\/\/www.ted.com\/talks\/lang\/pt-br\/robert_lang_folds_way_new_origami.html\" target=\"_blank\" rel=\"noopener noreferrer\">Robert Lang dobra um origami completamente novo<\/a><\/strong><br \/>\n<strong> <a href=\"http:\/\/www.ted.com\/talks\/lang\/pt-br\/terry_moore_why_is_x_the_unknown.html\" target=\"_blank\" rel=\"noopener noreferrer\">Por que o X \u00e9 o desconhecido? por Terry Moore<\/a><\/strong><br \/>\n<strong> <a href=\"http:\/\/www.ted.com\/talks\/lang\/pt-br\/marcus_du_sautoy_symmetry_reality_s_riddle.html\" target=\"_blank\" rel=\"noopener noreferrer\">Simetria, enigma da realidade por Marcus du Sautoy<\/a><\/strong><br \/>\n<strong><br \/>\n<\/strong><br \/>\n<strong> TED &#8211; Em geral<\/strong><br \/>\n<strong> <a href=\"http:\/\/www.ted.com\/talks\/lang\/pt-br\/scott_kim_takes_apart_the_art_of_puzzles.html\" target=\"_blank\" rel=\"noopener noreferrer\">Scott Kim vai al\u00e9m da arte dos quebra-cabe\u00e7a<\/a><\/strong><br \/>\n<strong> <a href=\"http:\/\/www.ted.com\/talks\/lang\/pt-br\/steven_strogatz_on_sync.html\" target=\"_blank\" rel=\"noopener noreferrer\">Steven Strogatz fala sobre sincroniza\u00e7\u00e3o<\/a><\/strong><br \/>\n<strong> <a href=\"http:\/\/www.ted.com\/talks\/hannah_fry_is_life_really_that_complex.html\" target=\"_blank\" rel=\"noopener noreferrer\">A vida \u00e9 realmente t\u00e3o complexa? por Hannah Fry<\/a><\/strong><\/p>\n","protected":false},"excerpt":{"rendered":"<p>TED \u00e9 um acr\u00f4nimo para Technology, Entertainement and Design, uma iniciativa cuja proposta \u00e9 divulgar ideias de forma geral atrav\u00e9s de v\u00eddeos na internet. Nesse momento existe uma grande quantidade de videos dispon\u00edveis. \u00a0Fiz uma sele\u00e7\u00e3o\u00a0 de alguns que acho realmente fant\u00e1sticos. TED &#8211; Matem\u00e1ticos Os \u00a0Fractais no cora\u00e7\u00e3o dos Design Africano por\u00a0Ron Eglash Qu\u00e3o [&hellip;]<\/p>\n","protected":false},"author":70,"featured_media":0,"parent":0,"menu_order":0,"comment_status":"closed","ping_status":"closed","template":"","meta":{"_exactmetrics_skip_tracking":false,"_exactmetrics_sitenote_active":false,"_exactmetrics_sitenote_note":"","_exactmetrics_sitenote_category":0,"footnotes":""},"categories":[],"tags":[],"class_list":["post-12","page","type-page","status-publish","hentry"],"_links":{"self":[{"href":"https:\/\/www.professores.uff.br\/jcolombo\/wp-json\/wp\/v2\/pages\/12","targetHints":{"allow":["GET"]}}],"collection":[{"href":"https:\/\/www.professores.uff.br\/jcolombo\/wp-json\/wp\/v2\/pages"}],"about":[{"href":"https:\/\/www.professores.uff.br\/jcolombo\/wp-json\/wp\/v2\/types\/page"}],"author":[{"embeddable":true,"href":"https:\/\/www.professores.uff.br\/jcolombo\/wp-json\/wp\/v2\/users\/70"}],"replies":[{"embeddable":true,"href":"https:\/\/www.professores.uff.br\/jcolombo\/wp-json\/wp\/v2\/comments?post=12"}],"version-history":[{"count":5,"href":"https:\/\/www.professores.uff.br\/jcolombo\/wp-json\/wp\/v2\/pages\/12\/revisions"}],"predecessor-version":[{"id":651,"href":"https:\/\/www.professores.uff.br\/jcolombo\/wp-json\/wp\/v2\/pages\/12\/revisions\/651"}],"wp:attachment":[{"href":"https:\/\/www.professores.uff.br\/jcolombo\/wp-json\/wp\/v2\/media?parent=12"}],"wp:term":[{"taxonomy":"category","embeddable":true,"href":"https:\/\/www.professores.uff.br\/jcolombo\/wp-json\/wp\/v2\/categories?post=12"},{"taxonomy":"post_tag","embeddable":true,"href":"https:\/\/www.professores.uff.br\/jcolombo\/wp-json\/wp\/v2\/tags?post=12"}],"curies":[{"name":"wp","href":"https:\/\/api.w.org\/{rel}","templated":true}]}}