{"id":189,"date":"2017-09-06T14:42:21","date_gmt":"2017-09-06T17:42:21","guid":{"rendered":"http:\/\/www.professores.uff.br\/jcolombo\/?page_id=189"},"modified":"2017-09-18T11:18:49","modified_gmt":"2017-09-18T14:18:49","slug":"algebra-ii-gan00156-b1-12016","status":"publish","type":"page","link":"https:\/\/www.professores.uff.br\/jcolombo\/algebra-ii-gan00156-b1-12016\/","title":{"rendered":"\u00c1lgebra II &#8211; GAN00156 &#8211; Turma B1 &#8211; 1\/2016"},"content":{"rendered":"<p><strong>Carga hor\u00e1ria:<\/strong> 68 hs, turma: B1 &#8211; Matem\u00e1tica.<\/p>\n<hr \/>\n<p><strong>Monitoria:<\/strong> <span style=\"color: #ff0000;\">Fernanda Py<\/span><br \/>\n<strong>Hor\u00e1rio da monitora:<\/strong> 2\u00aa e 5\u00aa das 14 -16hs e nas 3\u00aa 16-20hs.<br \/>\n<strong>Hor\u00e1rio da aula:<\/strong> 2\u00aa e 4\u00aa-feiras na sala IMH-201 das 20-22h.<br \/>\n<strong>Meu hor\u00e1rio do atendimento:<\/strong> 2\u00aa e 3\u00aa-feiras, das 17-18hs em meu gabinete. O meu gabinete \u00e9 n\u00ba4 do 4\u00ba andar &#8211; IME &#8211; Valonguinho.<\/p>\n<hr \/>\n<p><strong><a href=\"http:\/\/www.professores.uff.br\/jcolombo\/orientacoes-para-o-estudo\/\">Orienta\u00e7\u00f5es Gerais<\/a><br \/>\n<\/strong><\/p>\n<hr \/>\n<p><strong>Provas<\/strong><br \/>\n<a href=\"http:\/\/www.professores.uff.br\/jcolombo\/wp-content\/uploads\/sites\/124\/2017\/09\/1-2016-P1_GAN00156_AlgII.pdf\" target=\"_blank\" rel=\"noopener noreferrer\">P1 <\/a>&#8211; 8\/6<br \/>\n<a href=\"http:\/\/www.professores.uff.br\/jcolombo\/wp-content\/uploads\/sites\/124\/2017\/09\/1-2016-P2_GAN00156_AlgII.pdf\" target=\"_blank\" rel=\"noopener noreferrer\">P2<\/a> &#8211; 20\/7 Notas at\u00e9 <a href=\"http:\/\/www.professores.uff.br\/jcolombo\/wp-content\/uploads\/sites\/124\/2017\/09\/1-2016-Notas-Alg_II_2016_1.pdf\" target=\"_blank\" rel=\"noopener noreferrer\">aqui<\/a>.<br \/>\nVR &#8211; 27\/7 (Toda a mat\u00e9ria)<br \/>\nVS &#8211; 1\/8 (Toda a mat\u00e9ria)<\/p>\n<hr \/>\n<p><strong>Listas de Exerc\u00edcios e Apostilas<\/strong><br \/>\nApostila 1 &#8211; <a href=\"http:\/\/www.professores.uff.br\/jcolombo\/wp-content\/uploads\/sites\/124\/2017\/09\/1-2016-grupos-mod1.pdf\" target=\"_blank\" rel=\"noopener noreferrer\">Grupos_mod1<\/a><br \/>\nApostila 2 &#8211; <a href=\"http:\/\/www.professores.uff.br\/jcolombo\/wp-content\/uploads\/sites\/124\/2017\/09\/1-2016-grupos-mod2.pdf\" target=\"_blank\" rel=\"noopener noreferrer\">Grupos mod2<\/a><br \/>\nApostila 3 &#8211; <a href=\"http:\/\/www.professores.uff.br\/jcolombo\/wp-content\/uploads\/sites\/124\/2017\/09\/1-2016-polinomios-mod2.pdf\" target=\"_blank\" rel=\"noopener noreferrer\">Polin\u00f4mios mod2<\/a><br \/>\nLista 1 pg. 17-20 da apostila grupos-mod1 da Maria Lucia Vilela<br \/>\nLista 2 pg. 29-30 da apostila grupos-mod1 da Maria Lucia Vilela<br \/>\nLista 3 pg. 44-46 da apostila grupos-mod1 da Maria Lucia Vilela<br \/>\nLista 4 pg. 66-70 da apostila grupos-mod2 da Maria Lucia Vilela<br \/>\nLista 5 pg 73-74 da apostila grupos-mod2 da Maria Lucia Vilela<br \/>\nLista 6 pg. 56 da apostila grupos-mod1 da Maria Lucia Vilela<\/p>\n<p><strong>Listas de Exerc\u00edcios para a P2<\/strong><br \/>\nLista 1: Exerc\u00edcios da apostila da Maria Lucia Vilela pg.39-42<br \/>\nLista 2: Exerc\u00edcios da apostila da Maria Lucia Vilela pg. 50-51.<br \/>\nLista 3: Exerc\u00edcios da apostila da Maria Lucia Vilela pg. 70-72.<br \/>\nLista 4: Exerc\u00edcios da apostila da Maria Lucia Vilela pg. 81-82.<br \/>\nLista 5: Exerc\u00edcios da apostila da Maria Lucia Vilela pg. 88-90.<br \/>\nLista 5: Exerc\u00edcios 1,2,3 e 4 da apostila da Maria Lucia Vilela pg. 98-99.<\/p>\n<hr \/>\n<p><strong>Cronograma da disciplina<br \/>\n<\/strong><br \/>\n25\/4 &#8211; N\u00e3o teve aula<br \/>\n27\/4 &#8211; Apresenta\u00e7\u00e3o do professor e do curso, ementas, data de avalia\u00e7\u00f5es, bibliografia. Defini\u00e7\u00e3o de Grupo.<\/p>\n<p>02\/5 &#8211; Exemplos de grupos e defini\u00e7\u00e3o de subgrupo.<br \/>\n04\/5 &#8211; Exemplos de Subgrupos, subgrupo gerado por um conjunto.<\/p>\n<p>09\/5 &#8211; Classes laterais e o Teorema de Lagrange.<br \/>\n11\/5 &#8211; Opera\u00e7\u00f5es com as classes laterais e Subgrupos Normais<\/p>\n<p>16\/5 &#8211; Homomorfismos de grupos e subgrupos gerados pela uni\u00e3o de subgrupos<br \/>\n18\/5 &#8211; Grupos cicl\u00edcos e o grupo quat\u00e9rnios<\/p>\n<p>23\/5 &#8211; Aula de exerc\u00edcios, e algumas contas no grupo das permuta\u00e7\u00f5es.<br \/>\n25\/5 &#8211; Grupo das Permuta\u00e7\u00f5es: Grupo Alternado, uma rela\u00e7\u00e3o de equival\u00eancia em Sn (conjuga\u00e7\u00e3o) e estudo preliminar no S4.<\/p>\n<p>30\/5 &#8211; Teorema de Cayley e aula de exerc\u00edcios<br \/>\n01\/6 &#8211; Classifica\u00e7\u00e3o dos grupos de ordem 6, Grupo Simples e aula de exerc\u00edcios<\/p>\n<p>05\/6 &#8211; Aula de exerc\u00edcios<br \/>\n08\/6 &#8211; <a href=\"http:\/\/www.professores.uff.br\/jcolombo\/wp-content\/uploads\/sites\/124\/2017\/09\/1-2016-P1_GAN00156_AlgII.pdf\" target=\"_blank\" rel=\"noopener noreferrer\">P1<\/a><\/p>\n<p>13\/6 &#8211; N\u00e3o teve aula<br \/>\n15\/6 &#8211; Resolu\u00e7\u00e3o da P1<\/p>\n<p>20\/6 &#8211; Polin\u00f4mios sobre dom\u00ednios e corpos<br \/>\n22\/6 &#8211; Polin\u00f4mios, Complexos, Ra\u00edzes de polin\u00f4mios Reais, Interpola\u00e7\u00e3o de Lagrange<\/p>\n<p>27\/6 &#8211; Anatomia dos an\u00e9is (invert\u00edveis, divisores de zero, nilpotentes), anel dos polin\u00f4mios sobre um corpo<br \/>\n29\/6 &#8211; Polin\u00f4mios com coeficientes em um DFU<\/p>\n<p>04\/7 &#8211; Lema de Gauss, crit\u00e9rios de irredutibilidade (redu\u00e7\u00e3o m\u00f3dulo p, eisenstein), polin\u00f4mio ciclot\u00f4mico, Constru\u00e7\u00e3o de um corpo com 9 elementos.<br \/>\n06\/7 &#8211; Aula de exerc\u00edcios. Em particular ficou um exerc\u00edcio para se explorar as conex\u00f5es do processo de interpola\u00e7\u00e3o de Lagrange com o processo de divis\u00e3o<\/p>\n<p>11\/7 &#8211; Resolvente e Discriminantes<br \/>\n13\/7 &#8211; Como resolver a uma equa\u00e7\u00e3o polinomial de grau 3 e o resolvente<\/p>\n<p>18\/7 &#8211; Aula de exerc\u00edcios<br \/>\n20\/7 &#8211; <a href=\"http:\/\/www.professores.uff.br\/jcolombo\/wp-content\/uploads\/sites\/124\/2017\/09\/1-2016-P2_GAN00156_AlgII.pdf\" target=\"_blank\" rel=\"noopener noreferrer\">P2<\/a><\/p>\n<p>25\/7 &#8211; Vistas de P2, corre\u00e7\u00e3o da P2 e indica\u00e7\u00e3o do que vai ser cobrado na VR (Toda a mat\u00e9ria)<br \/>\n27\/7 &#8211; VR (vou chegar um pouco antes na nossa sala de aula).<\/p>\n<p>01\/08 &#8211; VS Toda a mat\u00e9ria &#8211; a prova vai come\u00e7ar as 19:30hs.<br \/>\n03\/08 &#8211;<\/p>\n<hr \/>\n<p><strong>Ementa: GAN00156<\/strong><\/p>\n<p>1. Ra\u00edzes n-\u00e9simas em um corpo.<br \/>\n1.1 A forma trigonom\u00e9trica dos n\u00fameros complexos n\u00e3o-nulos e a multiplica\u00e7\u00e3o de n\u00fameros complexos n\u00e3o-nulos.<br \/>\n1.2 Ra\u00edzes n-\u00e9simas em um corpo K. Ra\u00edzes complexas n-\u00e9simas de um complexo n\u00e3o-nulo.<br \/>\n1.3 Raizes complexas n-\u00e9simas da unidade. Ra\u00edzes complexas primitivas n-\u00e9simas da unidade.<\/p>\n<p>2. Polin\u00f4mios sobre dom\u00ednios e corpos.<br \/>\n2.1 Rever: polin\u00f4mios sobre an\u00e9is comutativos com unidade, com \u00eanfase em dom\u00ednios, a fun\u00e7\u00e3o grau e propriedades.<br \/>\n2.2 O dom\u00ednio D[x], onde D \u00e9 dom\u00ednio: a divis\u00e3o euclidiana por polin\u00f4mios com coeficiente l\u00edder invert\u00edvel. \u03b1 em D \u00e9 raiz de p(x) em D[x] se, e somente se x &#8211; \u03b1 divide p(x). Polin\u00f4mios de grau n com coeficientes em um dom\u00ednio D t\u00eam no m\u00e1ximo n ra\u00edzes em D. Multiplicidade das ra\u00edzes.<br \/>\n2.3 Corpos algebricamente fechados: defini\u00e7\u00e3o, corpos algebricamente fechados s\u00e3o infinitos, C \u00e9 algebricamente fechado (sem demonstra\u00e7\u00e3o).<br \/>\n2.4 K[x], K corpo, \u00e9 um dom\u00ednio principal. Algoritmo de Euclides em K[x] e o m\u00e1ximo divisor comum. Fatora\u00e7\u00e3o \u00fanica em K[x]. MDC e MMC, a partir da fatora\u00e7\u00e3o \u00fanica. Polin\u00f4mios primos entre si. Polin\u00f4mios irredut\u00edveis em K[x] e ideais primos.<br \/>\n2.5 Polin\u00f4mios com coeficientes complexos e com coeficientes reais. Teorema Fundamental da \u00c1lgebra em C[x]. Polin\u00f4mios irredut\u00edveis em R[x] e o TFA em R[x].<br \/>\n2.6 Se D \u00e9 dom\u00ednio de fatora\u00e7\u00e3o \u00fanica, ent\u00e3o D[x] \u00e9 de fatora\u00e7\u00e3o \u00fanica (n\u00e3o demonstrar). Polin\u00f4mios em Q[x] e em Z[x]. Lema de Gauss. Crit\u00e9rios de irredutibilidade em Q[x].<br \/>\n2.7 Resolu\u00e7\u00e3o por radicais: as equa\u00e7\u00f5es do 2\u00ba, 3\u00ba e 4\u00ba graus.<br \/>\n3. Grupos<br \/>\n3.1 Propriedades elementares. Grupos abelianos e n\u00e3o-abelianos, grupos finitos e infinitos. A ordem de um grupo. O grupo Sn, para todo n \u2265 3, \u00e9 n\u00e3o-abeliano.<br \/>\n3.2 Subgrupos: defini\u00e7\u00e3o e exemplos. Subgrupo gerado por um elemento. Ordem de um elemento. C\u00e1lculo dos subgrupos do grupo Z.<br \/>\n3.3 A rela\u00e7\u00e3o de equival\u00eancia m\u00f3dulo H, classe \u00e0 direita e classe \u00e0 esquerda, o \u00edndice (G : H). Teorema de Lagrange.<br \/>\n3.4 Grupos c\u00edclicos: teorema de estrutura.<br \/>\n3.5 Classifica\u00e7\u00e3o dos grupos de ordem prima, ordem 4 e ordem 6. Grupo dos quat\u00e9rnios. Grupos diedrais.<\/p>\n<p>4. Homomorfismo.<br \/>\n4.1 Defini\u00e7\u00e3o, propriedades, n\u00facleo e imagem. Isomorfismo e automorfismo de grupos.<br \/>\n4.2 Teorema de Cayley.<br \/>\n5. O grupo Sn<br \/>\n5.1 A congru\u00eancia m\u00f3dulo \u03b8, onde \u03b8 em Sn. A \u00f3rbita de a por \u03b8, onde a em {1, &#8230; ,n}. Os ciclos de \u03b8, r-ciclos, multiplica\u00e7\u00e3o de ciclos.<br \/>\n5.2 Toda permuta\u00e7\u00e3o \u00e9 o produto dos seus ciclos. Toda permuta\u00e7\u00e3o \u00e9 produto de 2-ciclos (transposi\u00e7\u00f5es). Permuta\u00e7\u00f5es pares e \u00edmpares. O grupo alternado An das permuta\u00e7\u00f5es pares.<\/p>\n<hr \/>\n<p><strong>Bibliografia:<\/strong><\/p>\n<p>[1] Curso de \u00c1lgebra: Volume 1 e 2, Abramo Hefez, s\u00e9rie Matem\u00e1tica Universit\u00e1ria, IMPA, 2004, 2\u00aa edi\u00e7\u00e3o.<\/p>\n<p>[2] Apostilas da Maria Lucia Vilela.<\/p>\n<p>[3] Elementos de \u00e1lgebra, Arnaldo Garcia e Yves Lequain, Projeto Euclides<\/p>\n<p>[4] Topics in Alqebra, LN. Herstein, John Wiley &amp; Sons, 2nd editon.<\/p>\n<p>[5] A First Course in Abstract Alqebra, John B. Fraleigh, Addison Wesley Publishing Company, 1967.<\/p>\n<hr \/>\n<p>\u00daltima revis\u00e3o em Julho, 2016.<\/p>\n<p style=\"text-align: center;\"><strong><a href=\"http:\/\/www.professores.uff.br\/jcolombo\/disciplinas\/\">Voltar<\/a><\/strong><\/p>\n","protected":false},"excerpt":{"rendered":"<p>Carga hor\u00e1ria: 68 hs, turma: B1 &#8211; Matem\u00e1tica. Monitoria: Fernanda Py Hor\u00e1rio da monitora: 2\u00aa e 5\u00aa das 14 -16hs e nas 3\u00aa 16-20hs. Hor\u00e1rio da aula: 2\u00aa e 4\u00aa-feiras na sala IMH-201 das 20-22h. Meu hor\u00e1rio do atendimento: 2\u00aa e 3\u00aa-feiras, das 17-18hs em meu gabinete. O meu gabinete \u00e9 n\u00ba4 do 4\u00ba andar [&hellip;]<\/p>\n","protected":false},"author":70,"featured_media":0,"parent":0,"menu_order":0,"comment_status":"closed","ping_status":"closed","template":"","meta":{"_exactmetrics_skip_tracking":false,"_exactmetrics_sitenote_active":false,"_exactmetrics_sitenote_note":"","_exactmetrics_sitenote_category":0,"footnotes":""},"categories":[],"tags":[],"class_list":["post-189","page","type-page","status-publish","hentry"],"_links":{"self":[{"href":"https:\/\/www.professores.uff.br\/jcolombo\/wp-json\/wp\/v2\/pages\/189","targetHints":{"allow":["GET"]}}],"collection":[{"href":"https:\/\/www.professores.uff.br\/jcolombo\/wp-json\/wp\/v2\/pages"}],"about":[{"href":"https:\/\/www.professores.uff.br\/jcolombo\/wp-json\/wp\/v2\/types\/page"}],"author":[{"embeddable":true,"href":"https:\/\/www.professores.uff.br\/jcolombo\/wp-json\/wp\/v2\/users\/70"}],"replies":[{"embeddable":true,"href":"https:\/\/www.professores.uff.br\/jcolombo\/wp-json\/wp\/v2\/comments?post=189"}],"version-history":[{"count":6,"href":"https:\/\/www.professores.uff.br\/jcolombo\/wp-json\/wp\/v2\/pages\/189\/revisions"}],"predecessor-version":[{"id":631,"href":"https:\/\/www.professores.uff.br\/jcolombo\/wp-json\/wp\/v2\/pages\/189\/revisions\/631"}],"wp:attachment":[{"href":"https:\/\/www.professores.uff.br\/jcolombo\/wp-json\/wp\/v2\/media?parent=189"}],"wp:term":[{"taxonomy":"category","embeddable":true,"href":"https:\/\/www.professores.uff.br\/jcolombo\/wp-json\/wp\/v2\/categories?post=189"},{"taxonomy":"post_tag","embeddable":true,"href":"https:\/\/www.professores.uff.br\/jcolombo\/wp-json\/wp\/v2\/tags?post=189"}],"curies":[{"name":"wp","href":"https:\/\/api.w.org\/{rel}","templated":true}]}}