{"id":5,"date":"2017-09-04T11:36:52","date_gmt":"2017-09-04T14:36:52","guid":{"rendered":"http:\/\/www.professores.uff.br\/jcolombo\/?page_id=5"},"modified":"2025-05-29T14:30:55","modified_gmt":"2025-05-29T17:30:55","slug":"disciplinas","status":"publish","type":"page","link":"https:\/\/www.professores.uff.br\/jcolombo\/disciplinas\/","title":{"rendered":"Disciplinas"},"content":{"rendered":"<p><!--StartFragment--><\/p>\n<p><!--StartFragment--><\/p>\n<p><!--StartFragment--><\/p>\n\n\n<div><strong>Disciplinas do 1\u00ba semestre de 2025:<\/strong><\/div>\n\n\n\n<p> Complementos de Matem\u00e1tica Aplicada &#8211; Turma A1 &#8211;\u00a0 GAN00144 &#8211; Biomedicina<br>Matem\u00e1tica Discreta &#8211; MA12 &#8211; PROFMAT <br><a rel=\"noreferrer noopener\" href=\"http:\/\/graduacao.cederj.edu.br\/ava\/login\/index.php\" target=\"_blank\">Matem\u00e1tica Financeira<\/a> &#8211; CEDERJ &#8211; Matem\u00e1tica\/F\u00edsica  <\/p>\n\n\n\n<div><strong>Disciplinas do 2\u00ba semestre de 2024:<\/strong><\/div>\n\n\n\n<p> Matem\u00e1tica Discreta &#8211; Turma A1 &#8211;&nbsp; GAN00167 &#8211; Computa\u00e7\u00e3o.<br>Jornada Acad\u00eamica  2024 &#8211; 2 &#8211; CEDERJ <a href=\"http:\/\/www.professores.uff.br\/jcolombo\/wp-content\/uploads\/sites\/124\/2025\/01\/Folder___Jornada_Acad\u00eamica_2024_2.pdf\" target=\"_blank\" rel=\"noreferrer noopener\" aria-label=\" (abre numa nova aba)\">folder<\/a>  <br><a rel=\"noreferrer noopener\" href=\"http:\/\/graduacao.cederj.edu.br\/ava\/login\/index.php\" target=\"_blank\">Matem\u00e1tica Financeira<\/a> &#8211; CEDERJ &#8211; Matem\u00e1tica\/F\u00edsica  <\/p>\n\n\n\n<div><strong>Disciplinas do 1\u00ba semestre de 2024:<\/strong><\/div>\n\n\n\n<p> Matem\u00e1tica Discreta &#8211; Turma C1 &#8211;&nbsp; GAN00167 &#8211; Computa\u00e7\u00e3o.<br>\u00c1lgebra &#8211; Polin\u00f4mios &#8211; Turma L2 &#8211; GAN00179 &#8211; Matem\u00e1tica.<br>Jornada Acad\u00eamica  2024 &#8211; 1 &#8211; CEDERJ <a href=\"http:\/\/www.professores.uff.br\/jcolombo\/wp-content\/uploads\/sites\/124\/2024\/04\/Folder___Jornada_Acad\u00eamica_2024_1.pdf\" target=\"_blank\" rel=\"noreferrer noopener\" aria-label=\" (abre numa nova aba)\">folder<\/a>   <br><a rel=\"noreferrer noopener\" href=\"http:\/\/graduacao.cederj.edu.br\/ava\/login\/index.php\" target=\"_blank\">Matem\u00e1tica Financeira<\/a> &#8211; CEDERJ &#8211; Matem\u00e1tica\/F\u00edsica  <\/p>\n\n\n\n<p><\/p>\n\n\n\n<p><\/p>\n\n\n\n\n\n<p><\/p>\n\n\n\n<div><strong>Disciplinas do 2\u00ba semestre de 2023:<\/strong><\/div>\n\n\n\n\n\n<p>Matem\u00e1tica Discreta &#8211; Turma B1 &#8211;&nbsp; GAN00167 &#8211; Computa\u00e7\u00e3o.<br>Geometria Projetiva &#8211; Turma A1 &#8211; GGT00051 &#8211; Matem\u00e1tica.<br>\u00c1lgebra &#8211; Teoria de Galois &#8211; Turma B1 &#8211; GAN00197 &#8211; Matem\u00e1tica. <br><a rel=\"noreferrer noopener\" href=\"http:\/\/graduacao.cederj.edu.br\/ava\/login\/index.php\" target=\"_blank\">Matem\u00e1tica Financeira<\/a> &#8211; CEDERJ &#8211; Matem\u00e1tica\/F\u00edsica  <\/p>\n\n\n\n<p><div><strong>Disciplinas do 1\u00ba semestre de 2023:<\/strong><\/div><\/p>\n\n\n\n<p>Introdu\u00e7\u00e3o a An\u00e1lise Combinat\u00f3ria &#8211; GAN00180 &#8211; Turma L2 &#8211; Lic. em Matem\u00e1tica.<br>\nMatem\u00e1tica Discreta &#8211; MA12 &#8211; PROFMAT &#8211; Mestrado.<br>\n<a target=\"_blank\" rel=\"noopener noreferrer\">Matem\u00e1tica Financeira<\/a> &#8211; CEDERJ &#8211; Matem\u00e1tica\/F\u00edsica<\/p>\n\n\n\n<p><div><strong>Disciplinas do 2\u00ba semestre de 2022:<\/strong><\/div><\/p>\n\n\n\n<p>Calculo III-A-Especial &#8211; Turma B1 &#8211;&nbsp; GAN00194 &#8211; Matem\u00e1tica.<br>Introdu\u00e7\u00e3o a An\u00e1lise Combinat\u00f3ria &#8211; GAN00180 &#8211; Turma L2 &#8211; Lic. em Matem\u00e1tica.<br><a rel=\"noreferrer noopener\" href=\"http:\/\/graduacao.cederj.edu.br\/ava\/login\/index.php\" target=\"_blank\">Matem\u00e1tica Financeira<\/a> &#8211; CEDERJ &#8211; Matem\u00e1tica\/F\u00edsica <\/p>\n\n\n\n<p><div><strong>Disciplinas do 1\u00ba semestre de 2022:<\/strong><\/div><\/p>\n\n\n\n<p>Calculo III-A-Especial &#8211; Turma B1 &#8211;&nbsp; GAN00194 &#8211; Matem\u00e1tica.<br>Introdu\u00e7\u00e3o a An\u00e1lise Combinat\u00f3ria &#8211; GAN00180 &#8211; Turma L2 &#8211; Lic. em Matem\u00e1tica.<br><a rel=\"noreferrer noopener\" href=\"http:\/\/graduacao.cederj.edu.br\/ava\/login\/index.php\" target=\"_blank\">Matem\u00e1tica Financeira<\/a> &#8211; CEDERJ &#8211; Matem\u00e1tica\/F\u00edsica <\/p>\n\n\n\n<p><\/p>\n\n\n\n<p><div><strong>Disciplinas do 2\u00ba semestre de 2021:<\/strong><\/div><\/p>\n\n\n\n<p>Calculo III-A-Especial &#8211; Turma B1 &#8211;&nbsp; GAN00194 &#8211; Matem\u00e1tica.<br>Geometria &#8211; MA13 &#8211; PROFMAT &#8211; Mestrado.<br><a rel=\"noreferrer noopener\" href=\"http:\/\/graduacao.cederj.edu.br\/ava\/login\/index.php\" target=\"_blank\">Matem\u00e1tica Financeira<\/a> &#8211; CEDERJ &#8211; Matem\u00e1tica\/F\u00edsica  <\/p>\n\n\n\n<p><div><strong>Disciplinas do 1\u00ba semestre de 2021<\/strong>:<\/div><\/p>\n\n\n\n<p>Calculo III-A-Especial &#8211; Turma B1 &#8211;&nbsp; GAN00194 &#8211; Matem\u00e1tica.<br>\u00c1lgebra Linear &#8211; GAN00148 &#8211; Turma L1 &#8211; Licenciatura em Matem\u00e1tica.<br><a rel=\"noreferrer noopener\" href=\"http:\/\/graduacao.cederj.edu.br\/ava\/login\/index.php\" target=\"_blank\">Matem\u00e1tica Financeira<\/a> &#8211; CEDERJ &#8211; Matem\u00e1tica\/F\u00edsica   <\/p>\n\n\n\n<div><strong>Disciplinas do 2\u00ba semestre de 2020:<\/strong><\/div>\n\n\n\n<p>\n<a rel=\"noreferrer noopener\" href=\"http:\/\/www.cead.uff.br\/ead\/\" target=\"_blank\">\u00c1lgebra Linear <\/a> &#8211;  Turma G1 &#8211;  GAN00140 &#8211; Engenharias. <br>\n<a rel=\"noreferrer noopener\" href=\"https:\/\/classroom.google.com\/u\/1\/c\/MjY4NTY3NDA1MzEx\" target=\"_blank\">Introdu\u00e7\u00e3o a An\u00e1lise Combinat\u00f3ria<\/a> &#8211; GAN00180 &#8211; Turma L1 &#8211; Lic. em Matem\u00e1tica. <br> \nIntrodu\u00e7\u00e3o aos n\u00fameros p-\u00e1dicos  &#8211; inicia\u00e7\u00e3o cient\u00edfica.<br>\n<a rel=\"noreferrer noopener\" href=\"http:\/\/graduacao.cederj.edu.br\/ava\/login\/index.php\" target=\"_blank\">Matem\u00e1tica Financeira<\/a> &#8211; CEDERJ &#8211; EaD00039 &#8211; Matem\u00e1tica\/F\u00edsica <\/p>\n\n\n\n<div><strong>Disciplinas do 1\u00ba semestre de 2020:<\/strong><\/div>\n\n\n\n<p>Depois da Covid<\/p>\n\n\n\n<p>\u00c1lgebra Linear &#8211;  Turma H1 &#8211;  GAN00140 &#8211; Engenharias.<br>\nIntrodu\u00e7\u00e3o a An\u00e1lise Combinat\u00f3ria &#8211; GAN00180 &#8211; Turma L1 &#8211; Lic. em Matem\u00e1tica. <br>\nPrepat\u00f3rio de \u00c1lgebra Linear &#8211;  para alunos de Engenharias, Matem\u00e1tica, F\u00edsica e Geof\u00edsica. <br>\n<a href=\"http:\/\/www.professores.uff.br\/jcolombo\/preparatorio-para-combinatoria\/\">  Prepat\u00f3rio para a Combinat\u00f3ria <\/a> &#8211;  Turma L1 &#8211; Lic. em Matem\u00e1tica. <br>\nIntrodu\u00e7\u00e3o aos n\u00fameros p-\u00e1dicos  &#8211; inicia\u00e7\u00e3o cient\u00edfica.<br>\n<a rel=\"noreferrer noopener\" href=\"http:\/\/graduacao.cederj.edu.br\/ava\/login\/index.php\" target=\"_blank\">Matem\u00e1tica Financeira<\/a> &#8211; CEDERJ &#8211; Matem\u00e1tica\/F\u00edsica <\/p>\n\n\n\n<p>Antes da Covid <\/p>\n\n\n\n<p>\u00c1lgebra Linear &#8211;  Turma H1 &#8211;&nbsp; GAN00140 &#8211; Engenharias.<br>Introdu\u00e7\u00e3o a An\u00e1lise Combinat\u00f3ria &#8211; GAN00180 &#8211; Turma L1 &#8211; Lic. em Matem\u00e1tica.<br>Introdu\u00e7\u00e3o aos n\u00fameros p-\u00e1dicos &#8211; Diurno &#8211; estudo orientado &#8211; Lic. em Matem\u00e1tica.<br><a rel=\"noopener noreferrer\" href=\"http:\/\/graduacao.cederj.edu.br\/ava\/login\/index.php\" target=\"_blank\">Matem\u00e1tica Financeira<\/a> &#8211; CEDERJ &#8211; Matem\u00e1tica\/F\u00edsica<br> <\/p>\n\n\n\n<div><strong>Disciplinas do 2\u00ba semestre de 2019:<\/strong><\/div>\n\n\n\n<p><a href=\"http:\/\/www.professores.uff.br\/jcolombo\/algebra-linear-ii-2019_2\/\">\u00c1lgebra linear II<\/a> &#8211; Diurno &#8211; Turma B1 &#8211;&nbsp; GAN00156 &#8211; Bach. em Matem\u00e1tica.<br><a href=\"http:\/\/www.professores.uff.br\/jcolombo\/introducao-a-matematica-financeira-2\/\">Introdu\u00e7\u00e3o \u00e0 educa\u00e7\u00e3o financeira<\/a> &#8211; Diurno &#8211; Turma A1 &#8211; GMA00143 &#8211; Lic. em Matem\u00e1tica.<br><a href=\"http:\/\/www.cead.uff.br\/ead\/login\/index.php\">Laborat\u00f3rio de inform\u00e1tica<\/a> &#8211; Diurno &#8211; Turma L1 &#8211; GTL00002 &#8211; Lic. em Matem\u00e1tica.<br><a href=\"http:\/\/www.professores.uff.br\/jcolombo\/introducao-aos-numeros-p-adicos\/\">Introdu\u00e7\u00e3o aos n\u00fameros p-\u00e1dicos<\/a> &#8211; Diurno &#8211; estudo orientado &#8211; Lic. em Matem\u00e1tica.<br><a rel=\"noreferrer noopener\" href=\"http:\/\/graduacao.cederj.edu.br\/ava\/login\/index.php\" target=\"_blank\">M\u00e9todos determin\u00edsticos II<\/a>&nbsp;&#8211; CEDERJ &#8211; EAD06077 &#8211; Administra\u00e7\u00e3o. <br> <\/p>\n\n\n<p><!--EndFragment--><\/p>\n\n\n<div><strong>Disciplinas do 1\u00ba semestre de 2019:<\/strong><\/div>\n\n\n\n<p><a rel=\"noopener noreferrer\" href=\"http:\/\/www.professores.uff.br\/jcolombo\/introducao-a-analise-combinatoria\/\" target=\"_blank\">Introdu\u00e7\u00e3o \u00e0 an\u00e1lise combinat\u00f3ria<\/a>&nbsp;&#8211; GAN00180 &#8211; Lic. em Matem\u00e1tica.<br><a rel=\"noopener noreferrer\" href=\"http:\/\/www.professores.uff.br\/jcolombo\/introducao-a-matematica-financeira\/\" target=\"_blank\">Introdu\u00e7\u00e3o \u00e0 educa\u00e7\u00e3o financeira<\/a>&nbsp;&#8211; Diurno &#8211; Turma A1 &#8211; GMA00143 &#8211; Lic. em Matem\u00e1tica.<br><a rel=\"noopener noreferrer\" href=\"http:\/\/www.professores.uff.br\/jcolombo\/introducao-a-matematica-financeira-noturno\/\" target=\"_blank\">Introdu\u00e7\u00e3o \u00e0 educa\u00e7\u00e3o financeira<\/a>&nbsp;&#8211; Noturno &#8211; Turma B1 &#8211; GMA00143 &#8211; Lic. em Matem\u00e1tica.<br><a rel=\"noopener noreferrer\" href=\"http:\/\/graduacao.cederj.edu.br\/ava\/login\/index.php\" target=\"_blank\">M\u00e9todos determin\u00edsticos II<\/a>&nbsp;&#8211; CEDERJ &#8211; EAD06077 &#8211; Administra\u00e7\u00e3o.<\/p>\n\n\n\n<p>Oficina: <a href=\"http:\/\/www.professores.uff.br\/jcolombo\/wp-content\/uploads\/sites\/124\/2019\/07\/of04__compasso_hiperbolico_IX_bienal_SBM_2019.pdf\">R\u00e9gua e Compasso na Geometria Hiperb\u00f3lica<\/a> &#8211; J.Colombo e D. Dantas &#8211; oficina ministrada no <a href=\"https:\/\/www.sbm.org.br\/bienal\/\">IX Bienal da Sociedade Brasileira de Matem\u00e1tica<\/a> no Juazeiro do Norte &#8211; CE, 25-28\/02\/2019.<\/p>\n\n\n\n<div><strong>Disciplinas do 2\u00ba semestre de 2018:<\/strong><\/div>\n\n\n\n<p><a rel=\"noopener noreferrer\" href=\"http:\/\/www.professores.uff.br\/jcolombo\/algebra-linear-aplicada-gan00143_e1_2018_2\/\" target=\"_blank\">\u00c1lgebra jinear aplicada<\/a> &#8211; GAN00143 &#8211;&nbsp; Engenharias<br><a rel=\"noopener noreferrer\" href=\"http:\/\/www.professores.uff.br\/jcolombo\/matematica-aplicada-a-economia_gan00145_2018_2\/\" target=\"_blank\">Matem\u00e1tica para economia I<\/a> &#8211; GAN00145 &#8211; Economia<br><a rel=\"noopener noreferrer\" href=\"http:\/\/graduacao.cederj.edu.br\/ava\/login\/index.php\" target=\"_blank\">M\u00e9todos determin\u00edsticos II<\/a>&nbsp;&#8211; CEDERJ &#8211; EAD06077 &#8211; Administra\u00e7\u00e3o.<\/p>\n\n\n\n<p>Minicurso: Compasso Hiperb\u00f3lico &#8211; IX Semana da Matem\u00e1tica &#8211; IME -UFF.<\/p>\n\n\n\n<div><strong>Disciplinas do 1\u00ba semestre de 2018:<\/strong><\/div>\n\n\n\n<p><a href=\"http:\/\/www.professores.uff.br\/jcolombo\/algebra-linear-ii-gan00164-turma-b1-12018\/\">\u00c1lgebra linear II<\/a> &#8211; GAN00164 &#8211;&nbsp; Matem\u00e1tica<br><a href=\"http:\/\/www.professores.uff.br\/jcolombo\/topicos-de-matematica-aplicada-gan00030-2018_1\/\">T\u00f3picos de matem\u00e1tica aplicada<\/a> &#8211; GAN00030 &#8211; Farm\u00e1cia<br><a rel=\"noopener noreferrer\" href=\"http:\/\/graduacao.cederj.edu.br\/ava\/login\/index.php\" target=\"_blank\">M\u00e9todos determin\u00edsticos II<\/a>&nbsp;&#8211; CEDERJ &#8211; Administra\u00e7\u00e3o<\/p>\n\n\n\n<div><strong>Disciplinas do 2\u00ba semestre de 2017:<\/strong><\/div>\n\n\n\n<p><a href=\"http:\/\/www.professores.uff.br\/jcolombo\/algebra-linear-gan00140\/\">\u00c1lgebra Linear<\/a>&nbsp;&nbsp;&#8211; GAN00140 &#8211; &nbsp;Turma &nbsp;B1<br><a href=\"http:\/\/www.professores.uff.br\/jcolombo\/variaveis-complexas-gan00169\/\">Vari\u00e1veis Complexas<\/a>&nbsp;&#8211; GAN00169 &#8211; Matem\u00e1tica<br><a href=\"http:\/\/graduacao.cederj.edu.br\/ava\/login\/index.php\" target=\"_blank\" rel=\"noopener noreferrer\">M\u00e9todos Determin\u00edsticos II<\/a>&nbsp;&#8211; CEDERJ &#8211; Administra\u00e7\u00e3o<\/p>\n\n\n\n<p>Oficina: R\u00e9gua e Compasso Hiperb\u00f3lico &#8211;<\/p>\n\n\n\n<div><strong>Disciplinas do 1\u00ba semestre de 2017:<\/strong><\/div>\n\n\n\n<p><a href=\"http:\/\/www.professores.uff.br\/jcolombo\/algebra-linear-ii-gan00164\/\">\u00c1lgebra Linear II<\/a>&nbsp;&#8211; GAN00164 &#8211; Matem\u00e1tica<br><a href=\"http:\/\/www.professores.uff.br\/jcolombo\/algebra-llinear-gan00140\/\">\u00c1lgebra Linear&nbsp;<\/a>&nbsp;&#8211; GAN00140 &#8211; &nbsp;Turma &nbsp;H1<br><a href=\"http:\/\/graduacao.cederj.edu.br\/ava\/login\/index.php\" target=\"_blank\" rel=\"noopener noreferrer\">M\u00e9todos Determin\u00edsticos II<\/a>&nbsp;&#8211; CEDERJ &#8211; Administra\u00e7\u00e3o<\/p>\n\n\n\n<dl><\/dl>\n\n\n\n<div><strong>Disciplinas do 2\u00ba semestre de 2016:<\/strong><\/div>\n\n\n\n<p><a href=\"http:\/\/www.professores.uff.br\/jcolombo\/algebra-linear-ii-gan00164-turma-b1-22016\/\">\u00c1lgebra Linear II<\/a>&nbsp;&#8211; GAN00164 &#8211; Matem\u00e1tica<br><a href=\"http:\/\/www.professores.uff.br\/jcolombo\/resolucao-de-problemas-e-a-obmep-gan00161\/\">Resolu\u00e7\u00e3o de Problemas e a OBMEP<\/a>&nbsp;&#8211; GAN00161 &#8211; Matem\u00e1tica<br><a href=\"http:\/\/graduacao.cederj.edu.br\/ava\/login\/index.php\" target=\"_blank\" rel=\"noopener noreferrer\">M\u00e9todos Determin\u00edsticos II<\/a>&nbsp;&#8211; CEDERJ &#8211; Administra\u00e7\u00e3o.<\/p>\n\n\n\n<div><strong>Disciplinas do 1\u00ba semestre de 2016:<\/strong><\/div>\n\n\n\n<p><a href=\"http:\/\/www.professores.uff.br\/jcolombo\/algebra-ii-gan00156-b1-12016\/\">\u00c1lgebra II<\/a><a href=\"http:\/\/www.meusiteantigo.uff.br\/jcolombo\/%5Calg_linear_2016_1%5Calgebra_lin_2016_1.html\">&nbsp;<\/a>&nbsp;&#8211; GAN00156 &#8211; Matem\u00e1tica<br><a href=\"http:\/\/www.professores.uff.br\/jcolombo\/algebra-linear-gan00140-turma-g1-12016\/\">\u00c1lgebra Linear<\/a>&nbsp;&#8211; GAN00140 &#8211; F\u00edsica &nbsp;e &nbsp;Geof\u00edsica<br><a href=\"http:\/\/graduacao.cederj.edu.br\/ava\/login\/index.php\" target=\"_blank\" rel=\"noopener noreferrer\">M\u00e9todos Determin\u00edsticos II<\/a>&nbsp;&#8211; CEDERJ &#8211; Administra\u00e7\u00e3o.<\/p>\n\n\n\n<div><strong>Disciplinas do 2\u00ba semestre de 2015:<\/strong><\/div>\n\n\n\n<p>\u00c1lgebra II&nbsp;&#8211; GAN00156 &#8211; Matem\u00e1tica<br><a href=\"http:\/\/www.professores.uff.br\/jcolombo\/algebra-linear-gan00140-turma-h1-22015\/\">\u00c1lgebra Linear<\/a>&nbsp;&nbsp;&#8211; GAN00140 &#8211; F\u00edsica &nbsp;e &nbsp;Geof\u00edsica<br><a href=\"http:\/\/graduacao.cederj.edu.br\/ava\/login\/index.php\" target=\"_blank\" rel=\"noopener noreferrer\">M\u00e9todos Determin\u00edsticos II<\/a>&nbsp;&#8211; CEDERJ &#8211; Administra\u00e7\u00e3o.<\/p>\n\n\n\n<div><strong>Disciplinas do 1\u00ba semestre de 2015:<\/strong><\/div>\n\n\n\n<p><a href=\"http:\/\/www.professores.uff.br\/jcolombo\/algebra-ii-gan00156-turma-b1-12015\/\">\u00c1lgebra II<\/a>&nbsp;&#8211; GAN00156 &#8211; Matem\u00e1tica<br><a href=\"http:\/\/www.professores.uff.br\/jcolombo\/algebra-linear-ii-gan00164-turma-b1-12015\/\">\u00c1lgebra Linear II<\/a>&nbsp;&#8211; GAN00164 &#8211; Matem\u00e1tica<br><a href=\"http:\/\/graduacao.cederj.edu.br\/ava\/login\/index.php\" target=\"_blank\" rel=\"noopener noreferrer\">M\u00e9todos Determin\u00edsticos II<\/a>&nbsp;&#8211; CEDERJ &#8211; Administra\u00e7\u00e3o<\/p>\n\n\n\n<div><strong>Disciplinas do 2\u00ba semestre de 2014:<\/strong><\/div>\n\n\n\n<p><a href=\"http:\/\/www.professores.uff.br\/jcolombo\/algebra-ii-gan00156-turma-b-22014\/\">\u00c1lgebra II<\/a>&nbsp;&#8211; GAN00156 &#8211; Matem\u00e1tica<br><a href=\"http:\/\/graduacao.cederj.edu.br\/ava\/login\/index.php\" target=\"_blank\" rel=\"noopener noreferrer\">M\u00e9todos Determin\u00edsticos II<\/a>&nbsp;&#8211; CEDERJ &#8211; Administra\u00e7\u00e3o<\/p>\n\n\n\n<div><strong>Disciplinas do 1\u00ba semestre de 2014:<\/strong><\/div>\n\n\n\n<p><a href=\"http:\/\/www.professores.uff.br\/jcolombo\/analise-ii-gan00153-turma-b-12014\/\">An\u00e1lise II<\/a>&nbsp;&#8211; GAN00153 &#8211; Matem\u00e1tica<br><a href=\"http:\/\/www.professores.uff.br\/jcolombo\/logica-para-ciencia-da-computacao-gan00166\/\">L\u00f3gica para Ci\u00eancia da Computa\u00e7\u00e3o<\/a>&nbsp;&#8211; GAN00166 &#8211; Computa\u00e7\u00e3o<br>Estudo Dirigido II -GGT02002<br><a href=\"http:\/\/www.cead.uff.br\/moodle\/login\/index.php\" target=\"_blank\" rel=\"noopener noreferrer\">\u00c1lgebra Linear<\/a>&nbsp;&nbsp; &#8211; GAN00029 &#8211; para as Engenharias &#8211; Curso semi-presencial<br><a href=\"http:\/\/graduacao.cederj.edu.br\/ava\/login\/index.php\" target=\"_blank\" rel=\"noopener noreferrer\">M\u00e9todos Determin\u00edsticos II<\/a>&nbsp;&#8211; CEDERJ &#8211; Administra\u00e7\u00e3o<\/p>\n\n\n\n<div><strong>Disciplinas do 2\u00ba semestre de 2013:<\/strong><\/div>\n\n\n\n<p><a href=\"http:\/\/www.professores.uff.br\/jcolombo\/matematica-discreta-i-gan00170-2-2013\/\">Matem\u00e1tica Discreta I<\/a>&nbsp;&#8211; GAN00170 &#8211; Sistema de Informa\u00e7\u00e3o &#8211; Turma: A1 e B1<br>M\u00e9todos Determin\u00edsticos II &#8211; CEDERJ &#8211; Administra\u00e7\u00e3o<\/p>\n\n\n\n<div><strong>Disciplinas do 1\u00ba semestre de 2013:<\/strong><\/div>\n\n\n\n<p><a href=\"http:\/\/www.professores.uff.br\/jcolombo\/matematica-ii-gan00151-farmacia-22013\/\">Matem\u00e1tica II<\/a>&nbsp;&#8211; GAN00151&nbsp;&#8211; Farm\u00e1cia<br><a href=\"http:\/\/www.professores.uff.br\/jcolombo\/edo-gan06128-turma-a1-12013\/\">EDO<\/a>&nbsp;&#8211; GAN06128 &#8211; Matem\u00e1tica<br><a href=\"http:\/\/www.cead.uff.br\/moodle\/login\/index.php\" target=\"_blank\" rel=\"noopener noreferrer\">\u00c1lgebra Linear<\/a>&nbsp;&nbsp; &#8211; GAN00029 &#8211; para as Engenharias &#8211; Curso semi-presencial<br>M\u00e9todos Determin\u00edsticos II &#8211; CEDERJ &#8211; Administra\u00e7\u00e3o<\/p>\n\n\n\n<div><strong>Disciplinas do 2\u00ba semestre de 2012:<\/strong><\/div>\n\n\n\n<p><a href=\"http:\/\/www.professores.uff.br\/jcolombo\/algebra-linear-i-gan00148-turma-b1-22012\/\">\u00c1lgebra Linear I<\/a>&nbsp;&#8211; GAN00148 &#8211; Matem\u00e1tica<br><a href=\"http:\/\/www.cead.uff.br\/moodle\/login\/index.php\" target=\"_blank\" rel=\"noopener noreferrer\">\u00c1lgebra Linear&nbsp;<\/a>&nbsp; &#8211; GAN00029 &#8211; para as Engenharias &#8211; Curso semi-presencial<br>M\u00e9todos Determin\u00edsticos II &#8211; CEDERJ &#8211; Administra\u00e7\u00e3o<\/p>\n\n\n\n<div><strong>Disciplinas do 1\u00ba semestre de 2012:<\/strong><\/div>\n\n\n\n<p><a href=\"http:\/\/www.professores.uff.br\/jcolombo\/algebra-i-gan00155-turma-b1-12012\/\">\u00c1lgebra I&nbsp;<\/a>&#8211; GAN00155 &#8211; Matem\u00e1tica<br><a href=\"http:\/\/www.professores.uff.br\/jcolombo\/algebra-linear-ii-gan00164-turma-b1-12012\/\">\u00c1lgebra Linear II<\/a>&nbsp;-GAN00164 &#8211; Matem\u00e1tica<br>M\u00e9todos Determin\u00edsticos II &#8211; CEDERJ &#8211; Administra\u00e7\u00e3o<\/p>\n\n\n\n<div><strong>Disciplinas do 2\u00ba semestre de 2011:<\/strong><\/div>\n\n\n\n<p><a href=\"http:\/\/www.professores.uff.br\/jcolombo\/algebra-linear-gan00140-turma-h2-22011\/\">\u00c1lgebra Linear<\/a>&nbsp;&#8211; Eng. de produ\u00e7\u00e3o<br><a href=\"http:\/\/www.professores.uff.br\/jcolombo\/calculo-aplicado-i-gma0097-22012\/\">C\u00e1lculo Aplicado A<\/a>&nbsp;&#8211; Qu\u00edmica<\/p>\n\n\n\n<div><strong>Disciplinas do 1\u00aa semestre de 2011:<\/strong><\/div>\n\n\n\n<p>\u00c1lgebra linear &#8211; Mestrado<br>\u00c1lgebra linear I &#8211; Gradua\u00e7\u00e3o.<\/p>\n\n\n\n<div><strong>Disciplinas do 2\u00aa semestre de 2010:<\/strong><\/div>\n\n\n\n<p>\u00c1lgebra III &#8211; bacharelado em matem\u00e1tica<br><\/p>\n\n\n\n<div><strong>Disciplinas do 1\u00aa semestre de 2010:<\/strong><\/div>\n\n\n\n<p>\u00c1lgebra linear &#8211; Mestrado<br>\u00c1lgebra I &#8211; Gradua\u00e7\u00e3o.<\/p>\n\n\n\n<div><strong>Disciplinas do 2\u00aa semestre de 2009:<\/strong><\/div>\n\n\n\n<p>\u00c1lgebra  &#8211; Mestrado<br>\u00c1lgebra linear II  &#8211; licenciatura e bacharelado em matem\u00e1tica. <\/p>\n\n\n\n<div><strong>Disciplinas do 1\u00aa semestre de 2009:<\/strong><\/div>\n\n\n\n<p>\u00c1lgebra  I &#8211; licenciatura e bacharelado em matem\u00e1tica. <br>\u00c1lgebra  Linear<br>\u00c1lgebra linear II &#8211; licenciatura e bacharelado em matem\u00e1tica.<\/p>\n\n\n\n<p><\/p>\n\n\n\n<hr class=\"wp-block-separator\" \/>\n\n\n\n<p>\u00daltima\u00a0 revis\u00e3o em Junho, 2025.<\/p>\n","protected":false},"excerpt":{"rendered":"<p>Disciplinas do 1\u00ba semestre de 2025: Complementos de Matem\u00e1tica Aplicada &#8211; Turma A1 &#8211;\u00a0 GAN00144 &#8211; BiomedicinaMatem\u00e1tica Discreta &#8211; MA12 &#8211; PROFMAT Matem\u00e1tica Financeira &#8211; CEDERJ &#8211; Matem\u00e1tica\/F\u00edsica Disciplinas do 2\u00ba semestre de 2024: Matem\u00e1tica Discreta &#8211; Turma A1 &#8211;&nbsp; GAN00167 &#8211; Computa\u00e7\u00e3o.Jornada Acad\u00eamica 2024 &#8211; 2 &#8211; CEDERJ folder Matem\u00e1tica Financeira &#8211; CEDERJ &#8211; [&hellip;]<\/p>\n","protected":false},"author":70,"featured_media":0,"parent":0,"menu_order":0,"comment_status":"closed","ping_status":"closed","template":"","meta":{"_exactmetrics_skip_tracking":false,"_exactmetrics_sitenote_active":false,"_exactmetrics_sitenote_note":"","_exactmetrics_sitenote_category":0,"footnotes":""},"categories":[],"tags":[],"class_list":["post-5","page","type-page","status-publish","hentry"],"_links":{"self":[{"href":"https:\/\/www.professores.uff.br\/jcolombo\/wp-json\/wp\/v2\/pages\/5","targetHints":{"allow":["GET"]}}],"collection":[{"href":"https:\/\/www.professores.uff.br\/jcolombo\/wp-json\/wp\/v2\/pages"}],"about":[{"href":"https:\/\/www.professores.uff.br\/jcolombo\/wp-json\/wp\/v2\/types\/page"}],"author":[{"embeddable":true,"href":"https:\/\/www.professores.uff.br\/jcolombo\/wp-json\/wp\/v2\/users\/70"}],"replies":[{"embeddable":true,"href":"https:\/\/www.professores.uff.br\/jcolombo\/wp-json\/wp\/v2\/comments?post=5"}],"version-history":[{"count":82,"href":"https:\/\/www.professores.uff.br\/jcolombo\/wp-json\/wp\/v2\/pages\/5\/revisions"}],"predecessor-version":[{"id":1567,"href":"https:\/\/www.professores.uff.br\/jcolombo\/wp-json\/wp\/v2\/pages\/5\/revisions\/1567"}],"wp:attachment":[{"href":"https:\/\/www.professores.uff.br\/jcolombo\/wp-json\/wp\/v2\/media?parent=5"}],"wp:term":[{"taxonomy":"category","embeddable":true,"href":"https:\/\/www.professores.uff.br\/jcolombo\/wp-json\/wp\/v2\/categories?post=5"},{"taxonomy":"post_tag","embeddable":true,"href":"https:\/\/www.professores.uff.br\/jcolombo\/wp-json\/wp\/v2\/tags?post=5"}],"curies":[{"name":"wp","href":"https:\/\/api.w.org\/{rel}","templated":true}]}}