{"id":9,"date":"2017-09-04T11:37:15","date_gmt":"2017-09-04T14:37:15","guid":{"rendered":"http:\/\/www.professores.uff.br\/jcolombo\/?page_id=9"},"modified":"2017-09-18T11:03:22","modified_gmt":"2017-09-18T14:03:22","slug":"divulgacao-cientifica","status":"publish","type":"page","link":"https:\/\/www.professores.uff.br\/jcolombo\/divulgacao-cientifica\/","title":{"rendered":"Publica\u00e7\u00f5es Cient\u00edficas"},"content":{"rendered":"<hr \/>\n<p><strong>Meus interesses cient\u00edficos s\u00e3o na \u00e1rea de \u00e1lgebra, mais precisamente em \u00e1lgebras com identidades polinomiais\u00a0<span style=\"color: #ff0000;\">(2000 MSC 16Rxx)<\/span>, \u00e1lgebras de Lie e de Jordan<span style=\"color: #ff0000;\">\u00a0(2000 MSC 17Bxx e 17Cxx)<\/span>.<\/strong><br \/>\n<strong> Ao procurar por publica\u00e7\u00f5es no\u00a0<a lang=\"PT-BR\">Mathematical Reviews, procure por J.Colombo<\/a><span lang=\"PT-BR\">,\u00a0<\/span><\/strong><\/p>\n<p><strong>Trabalhos publicados:<\/strong><br \/>\n<strong> 1. Central polynomials in the matrix algebra of order two, com P. Koshlukov, Atas, IX ENAL, USP, 2001, 89-92, Linear Algebra Appl. 377, 2004, 53&#8211;67.<\/strong><br \/>\n<strong> 2. Identities with involution for the matrix algebra of order two in characteristic $p$, com P. Koshlukov, Israel J. Math. 146, 2005, 337&#8211;355.<\/strong><\/p>\n<p><strong>Caso queira uma c\u00f3pia de um destes artigos me envio um e-mail que respondo o quanto antes.<\/strong><\/p>\n<p><strong>+ informa\u00e7\u00f5es podem ser obtidas no meu\u00a0<a href=\"http:\/\/lattes.cnpq.br\/0950785559882180\" target=\"_blank\" rel=\"noopener noreferrer\">Curriculo Lattes.<\/a><\/strong><\/p>\n","protected":false},"excerpt":{"rendered":"<p>Meus interesses cient\u00edficos s\u00e3o na \u00e1rea de \u00e1lgebra, mais precisamente em \u00e1lgebras com identidades polinomiais\u00a0(2000 MSC 16Rxx), \u00e1lgebras de Lie e de Jordan\u00a0(2000 MSC 17Bxx e 17Cxx). Ao procurar por publica\u00e7\u00f5es no\u00a0Mathematical Reviews, procure por J.Colombo,\u00a0 Trabalhos publicados: 1. Central polynomials in the matrix algebra of order two, com P. Koshlukov, Atas, IX ENAL, USP, [&hellip;]<\/p>\n","protected":false},"author":70,"featured_media":0,"parent":0,"menu_order":0,"comment_status":"closed","ping_status":"closed","template":"","meta":{"_exactmetrics_skip_tracking":false,"_exactmetrics_sitenote_active":false,"_exactmetrics_sitenote_note":"","_exactmetrics_sitenote_category":0,"footnotes":""},"categories":[],"tags":[],"class_list":["post-9","page","type-page","status-publish","hentry"],"_links":{"self":[{"href":"https:\/\/www.professores.uff.br\/jcolombo\/wp-json\/wp\/v2\/pages\/9","targetHints":{"allow":["GET"]}}],"collection":[{"href":"https:\/\/www.professores.uff.br\/jcolombo\/wp-json\/wp\/v2\/pages"}],"about":[{"href":"https:\/\/www.professores.uff.br\/jcolombo\/wp-json\/wp\/v2\/types\/page"}],"author":[{"embeddable":true,"href":"https:\/\/www.professores.uff.br\/jcolombo\/wp-json\/wp\/v2\/users\/70"}],"replies":[{"embeddable":true,"href":"https:\/\/www.professores.uff.br\/jcolombo\/wp-json\/wp\/v2\/comments?post=9"}],"version-history":[{"count":4,"href":"https:\/\/www.professores.uff.br\/jcolombo\/wp-json\/wp\/v2\/pages\/9\/revisions"}],"predecessor-version":[{"id":622,"href":"https:\/\/www.professores.uff.br\/jcolombo\/wp-json\/wp\/v2\/pages\/9\/revisions\/622"}],"wp:attachment":[{"href":"https:\/\/www.professores.uff.br\/jcolombo\/wp-json\/wp\/v2\/media?parent=9"}],"wp:term":[{"taxonomy":"category","embeddable":true,"href":"https:\/\/www.professores.uff.br\/jcolombo\/wp-json\/wp\/v2\/categories?post=9"},{"taxonomy":"post_tag","embeddable":true,"href":"https:\/\/www.professores.uff.br\/jcolombo\/wp-json\/wp\/v2\/tags?post=9"}],"curies":[{"name":"wp","href":"https:\/\/api.w.org\/{rel}","templated":true}]}}