{"id":265,"date":"2017-10-11T10:41:14","date_gmt":"2017-10-11T13:41:14","guid":{"rendered":"http:\/\/www.professores.uff.br\/jorge\/?page_id=265"},"modified":"2017-10-11T11:48:08","modified_gmt":"2017-10-11T14:48:08","slug":"saude-coletiva-e-politicas-de-saude","status":"publish","type":"page","link":"https:\/\/www.professores.uff.br\/jorge\/saude-coletiva-e-politicas-de-saude\/","title":{"rendered":"SA\u00daDE COLETIVA E POL\u00cdTICAS DE SA\u00daDE"},"content":{"rendered":"<h5><a href=\"http:\/\/www.professores.uff.br\/jorge\/wp-content\/uploads\/sites\/141\/2017\/10\/cartilha.pdf\" target=\"_blank\" rel=\"noopener noreferrer\">Cartilha sobre seguran\u00e7a do trabalhador de enfermagem (Aben)<\/a><\/h5>\n<h5><a href=\"http:\/\/www.professores.uff.br\/jorge\/wp-content\/uploads\/sites\/141\/2017\/10\/cartausuariosus.pdf\" target=\"_blank\" rel=\"noopener noreferrer\">Carta dos direitos dos usu\u00e1rios SUS<\/a><\/h5>\n<h5><a href=\"http:\/\/www.professores.uff.br\/jorge\/wp-content\/uploads\/sites\/141\/2017\/10\/lei-8080.pdf\" target=\"_blank\" rel=\"noopener noreferrer\">Lei 8080\/1990<\/a><\/h5>\n<h5><a href=\"http:\/\/www.professores.uff.br\/jorge\/wp-content\/uploads\/sites\/141\/2017\/10\/Cart.dir_.doent_.inter_.pdf\" target=\"_blank\" rel=\"noopener noreferrer\">Carta dos direitos dos clientes internados<\/a><\/h5>\n<h5><strong>Links para baixar textos:<\/strong><\/h5>\n<h5><a href=\"http:\/\/www.professores.uff.br\/jorge\/wp-content\/uploads\/sites\/141\/2017\/10\/v8n1_artigo_3.pdf\" target=\"_blank\" rel=\"noopener noreferrer\">Texto 1<\/a> ;<\/h5>\n<h5><a href=\"http:\/\/www.professores.uff.br\/jorge\/wp-content\/uploads\/sites\/141\/2017\/10\/desenv_pol_pub_saude_brasil.pdf\" target=\"_blank\" rel=\"noopener noreferrer\">Texto 2<\/a>;<\/h5>\n<h5><a href=\"http:\/\/www.professores.uff.br\/jorge\/wp-content\/uploads\/sites\/141\/2017\/10\/aspectos.doc\" target=\"_blank\" rel=\"noopener noreferrer\">Exerc\u00edcio 10\/09<\/a>;<\/h5>\n<h5><a href=\"http:\/\/www.professores.uff.br\/jorge\/wp-content\/uploads\/sites\/141\/2017\/10\/sistema_saude.pdf\" target=\"_blank\" rel=\"noopener noreferrer\">Texto 4<\/a>;<\/h5>\n<h5><a href=\"http:\/\/www.professores.uff.br\/jorge\/wp-content\/uploads\/sites\/141\/2017\/10\/polit_intro.pdf\" target=\"_blank\" rel=\"noopener noreferrer\">Texto 5<\/a>;<\/h5>\n<h5><a href=\"http:\/\/www.professores.uff.br\/jorge\/wp-content\/uploads\/sites\/141\/2017\/10\/cartilha_SUS.doc\" target=\"_blank\" rel=\"noopener noreferrer\">SUS x plano de sa\u00fade<\/a>.<\/h5>\n","protected":false},"excerpt":{"rendered":"<p>Cartilha sobre seguran\u00e7a do trabalhador de enfermagem (Aben) Carta dos direitos dos usu\u00e1rios SUS Lei 8080\/1990 Carta dos direitos dos clientes internados Links para baixar textos: Texto 1 ; Texto 2; Exerc\u00edcio 10\/09; Texto 4; Texto 5; SUS x plano de sa\u00fade.<\/p>\n","protected":false},"author":70,"featured_media":0,"parent":0,"menu_order":0,"comment_status":"closed","ping_status":"closed","template":"","meta":{"_exactmetrics_skip_tracking":false,"_exactmetrics_sitenote_active":false,"_exactmetrics_sitenote_note":"","_exactmetrics_sitenote_category":0,"footnotes":""},"categories":[],"tags":[],"class_list":["post-265","page","type-page","status-publish","hentry"],"_links":{"self":[{"href":"https:\/\/www.professores.uff.br\/jorge\/wp-json\/wp\/v2\/pages\/265","targetHints":{"allow":["GET"]}}],"collection":[{"href":"https:\/\/www.professores.uff.br\/jorge\/wp-json\/wp\/v2\/pages"}],"about":[{"href":"https:\/\/www.professores.uff.br\/jorge\/wp-json\/wp\/v2\/types\/page"}],"author":[{"embeddable":true,"href":"https:\/\/www.professores.uff.br\/jorge\/wp-json\/wp\/v2\/users\/70"}],"replies":[{"embeddable":true,"href":"https:\/\/www.professores.uff.br\/jorge\/wp-json\/wp\/v2\/comments?post=265"}],"version-history":[{"count":9,"href":"https:\/\/www.professores.uff.br\/jorge\/wp-json\/wp\/v2\/pages\/265\/revisions"}],"predecessor-version":[{"id":312,"href":"https:\/\/www.professores.uff.br\/jorge\/wp-json\/wp\/v2\/pages\/265\/revisions\/312"}],"wp:attachment":[{"href":"https:\/\/www.professores.uff.br\/jorge\/wp-json\/wp\/v2\/media?parent=265"}],"wp:term":[{"taxonomy":"category","embeddable":true,"href":"https:\/\/www.professores.uff.br\/jorge\/wp-json\/wp\/v2\/categories?post=265"},{"taxonomy":"post_tag","embeddable":true,"href":"https:\/\/www.professores.uff.br\/jorge\/wp-json\/wp\/v2\/tags?post=265"}],"curies":[{"name":"wp","href":"https:\/\/api.w.org\/{rel}","templated":true}]}}