{"id":285,"date":"2018-12-18T13:59:47","date_gmt":"2018-12-18T15:59:47","guid":{"rendered":"http:\/\/www.professores.uff.br\/juliocesarmedeiros\/?page_id=285"},"modified":"2021-03-09T19:55:38","modified_gmt":"2021-03-09T22:55:38","slug":"reis-e-rainhas-africanas-nas-salas-de-aula","status":"publish","type":"page","link":"https:\/\/www.professores.uff.br\/juliocesarmedeiros\/pesquisas\/reis-e-rainhas-africanas-nas-salas-de-aula\/","title":{"rendered":"Reis e Rainhas Africanos na Sala de Aula"},"content":{"rendered":"<h1>Reis africanos. Pesquisa preliminar<a href=\"#_ftn1\" name=\"_ftnref1\">[1]<\/a><\/h1>\n<h3>Apresenta\u00e7\u00e3o:<\/h3>\n<p>A hist\u00f3ria da \u00c1frica \u00e9 fascinante e uma das figuras mais emblem\u00e1ticas de suas sociedades \u00e9 o papel desempenhado pelas realezas africanas. Nela, surgiram reinos importantes, grandiosos e poderosos que atrav\u00e9s de suas reis e de, muitas vezes, suas rainhas, &nbsp;tiveram papeis definitivos nos rumos das principais sociedades em da \u00e9poca.<\/p>\n<p>Em \u00c1frica, &nbsp;o rei era respons\u00e1vel pelo bem-estar da sociedade. Sua responsabilidade ia muito al\u00e9m do ato de governar a vida social, mas tamb\u00e9m era um papel divino, ele estava sempre voltado para o bem da comunidade. Dele dependia o equil\u00edbrio da natureza, as doen\u00e7as e a sa\u00fade, a pobreza e a prosperidade, a guerra e a paz estavam em suas m\u00e3os<\/p>\n<p>Seu papel n\u00e3o era apenas pol\u00edtico-econ\u00f4mico, mas na vida ativa da sociedade, ele era participava ativamente de todas as etapas da vida, nascimento, rituais de passagem, casamento e morte, quando ent\u00e3o o contato com os seus antepassados era fundamental.<\/p>\n<p>&nbsp;<\/p>\n<h3>Justificativa:<\/h3>\n<p>A lei 10.639\/03, que altera as propostas curriculares da LDEBEN 9.394\/96 obrigat\u00f3rio o ensino da hist\u00f3ria e cultura afro-brasileira e africana em todas as escolas, p\u00fablicas e particulares, do ensino fundamental at\u00e9 o ensino m\u00e9dio. Cujo objetivo \u00e9 de O objetivo \u00e9 dar uma positiviza\u00e7\u00e3o no estudo da hist\u00f3ria e cultura afro-brasileira e africana: mostrando a cultura afro-brasileira como constituinte e formadora da sociedade brasileira, na qual os negros s\u00e3o considerados como sujeitos hist\u00f3ricos, valorizando-se, portanto, o pensamento e as ideias de importantes intelectuais negros brasileiros, a cultura (m\u00fasica, culin\u00e1ria, dan\u00e7a) e as religi\u00f5es de matrizes africanas.<\/p>\n<p>Logo, por sabermos que grande parte do nosso povo \u00e9 oriundo do Continente Africano, o estudo, ainda que preliminar sobre os principais reis e rainhas africanas contribuiu para diminui\u00e7\u00e3o do preconceito racial na medida em que foge da armadilha de se retratar a \u00c1frica como um continente pobre, atrasado e sem cultura, pois coloca os africanos como sujeitos hist\u00f3ricos important\u00edssimos no contexto global do mundo moderno.<\/p>\n<p>&nbsp;<\/p>\n<h3>Objetivos:<\/h3>\n<p>Apresentar os principais reis e rainhas africanos como sujeitos hist\u00f3ricos t\u00e3o importantes como qualquer rei ou rainha de sua \u00e9poca.<\/p>\n<p>Resgatar a hist\u00f3ria de g\u00eanero como um poderosa ferramenta para combater o preconceito que as mulheres t\u00eam sofrido de forma global, ao retratar mulheres guerreiras, rainhas m\u00e3es e sociedade s matriarcais em que o papel feminino jamais foi relegado a segundo plano<\/p>\n<p>Mostrar como&nbsp;&nbsp; eles desempenharam papeis preponderantes no cen\u00e1rio hist\u00f3rico desde de o mundo antigo at\u00e9 a Idade Moderna<\/p>\n<p><!--more--><\/p>\n<p>&nbsp;<\/p>\n<p>&nbsp;<\/p>\n<p>&nbsp;<\/p>\n<p><a href=\"#_ftnref1\" name=\"_ftn1\">[1]<\/a> Prof. Dr.&nbsp; J\u00falio C\u00e9sar Medeiros para o programa Encontro com a F\u00e1tima Bernardes.<\/p>\n<p>&nbsp;<\/p>\n<p>Veja o link do programa abaixo:<\/p>\n<p><a href=\"http:\/\/Programa Encontro com F\u00e1tima Bernardes: Professor restaga a Hist\u00f3ria africana na sala de aula\">https:\/\/globoplay.globo.com\/v\/6637897\/<\/a><\/p>\n<p>&nbsp;<\/p>\n","protected":false},"excerpt":{"rendered":"<p>Reis africanos. Pesquisa preliminar[1] Apresenta\u00e7\u00e3o: A hist\u00f3ria da \u00c1frica \u00e9 fascinante e uma das figuras mais emblem\u00e1ticas de suas sociedades \u00e9 o papel desempenhado pelas realezas africanas. Nela, surgiram reinos importantes, grandiosos e poderosos que atrav\u00e9s de suas reis e de, muitas vezes, suas rainhas, &nbsp;tiveram papeis definitivos nos rumos das principais sociedades em da [&hellip;]<\/p>\n","protected":false},"author":209,"featured_media":248,"parent":58,"menu_order":0,"comment_status":"closed","ping_status":"closed","template":"","meta":{"_exactmetrics_skip_tracking":false,"_exactmetrics_sitenote_active":false,"_exactmetrics_sitenote_note":"","_exactmetrics_sitenote_category":0,"footnotes":""},"categories":[11,22,2,4,21,27],"tags":[],"class_list":["post-285","page","type-page","status-publish","has-post-thumbnail","hentry","category-africa-antiga","category-escravidao-historia","category-historia","category-historiografia","category-negritude-historia","category-projeto-de-extensao"],"_links":{"self":[{"href":"https:\/\/www.professores.uff.br\/juliocesarmedeiros\/wp-json\/wp\/v2\/pages\/285","targetHints":{"allow":["GET"]}}],"collection":[{"href":"https:\/\/www.professores.uff.br\/juliocesarmedeiros\/wp-json\/wp\/v2\/pages"}],"about":[{"href":"https:\/\/www.professores.uff.br\/juliocesarmedeiros\/wp-json\/wp\/v2\/types\/page"}],"author":[{"embeddable":true,"href":"https:\/\/www.professores.uff.br\/juliocesarmedeiros\/wp-json\/wp\/v2\/users\/209"}],"replies":[{"embeddable":true,"href":"https:\/\/www.professores.uff.br\/juliocesarmedeiros\/wp-json\/wp\/v2\/comments?post=285"}],"version-history":[{"count":4,"href":"https:\/\/www.professores.uff.br\/juliocesarmedeiros\/wp-json\/wp\/v2\/pages\/285\/revisions"}],"predecessor-version":[{"id":648,"href":"https:\/\/www.professores.uff.br\/juliocesarmedeiros\/wp-json\/wp\/v2\/pages\/285\/revisions\/648"}],"up":[{"embeddable":true,"href":"https:\/\/www.professores.uff.br\/juliocesarmedeiros\/wp-json\/wp\/v2\/pages\/58"}],"wp:featuredmedia":[{"embeddable":true,"href":"https:\/\/www.professores.uff.br\/juliocesarmedeiros\/wp-json\/wp\/v2\/media\/248"}],"wp:attachment":[{"href":"https:\/\/www.professores.uff.br\/juliocesarmedeiros\/wp-json\/wp\/v2\/media?parent=285"}],"wp:term":[{"taxonomy":"category","embeddable":true,"href":"https:\/\/www.professores.uff.br\/juliocesarmedeiros\/wp-json\/wp\/v2\/categories?post=285"},{"taxonomy":"post_tag","embeddable":true,"href":"https:\/\/www.professores.uff.br\/juliocesarmedeiros\/wp-json\/wp\/v2\/tags?post=285"}],"curies":[{"name":"wp","href":"https:\/\/api.w.org\/{rel}","templated":true}]}}

<h1>Reis africanos. Pesquisa preliminar<a href="#_ftn1" name="_ftnref1">[1]</a></h1>
<h3>Apresentação:</h3>
<p>A história da África é fascinante e uma das figuras mais emblemáticas de suas sociedades é o papel desempenhado pelas realezas africanas. Nela, surgiram reinos importantes, grandiosos e poderosos que através de suas reis e de, muitas vezes, suas rainhas, &nbsp;tiveram papeis definitivos nos rumos das principais sociedades em da época.</p>
<p>Em África, &nbsp;o rei era responsável pelo bem-estar da sociedade. Sua responsabilidade ia muito além do ato de governar a vida social, mas também era um papel divino, ele estava sempre voltado para o bem da comunidade. Dele dependia o equilíbrio da natureza, as doenças e a saúde, a pobreza e a prosperidade, a guerra e a paz estavam em suas mãos</p>
<p>Seu papel não era apenas político-econômico, mas na vida ativa da sociedade, ele era participava ativamente de todas as etapas da vida, nascimento, rituais de passagem, casamento e morte, quando então o contato com os seus antepassados era fundamental.</p>
<p>&nbsp;</p>
<h3>Justificativa:</h3>
<p>A lei 10.639/03, que altera as propostas curriculares da LDEBEN 9.394/96 obrigatório o ensino da história e cultura afro-brasileira e africana em todas as escolas, públicas e particulares, do ensino fundamental até o ensino médio. Cujo objetivo é de O objetivo é dar uma positivização no estudo da história e cultura afro-brasileira e africana: mostrando a cultura afro-brasileira como constituinte e formadora da sociedade brasileira, na qual os negros são considerados como sujeitos históricos, valorizando-se, portanto, o pensamento e as ideias de importantes intelectuais negros brasileiros, a cultura (música, culinária, dança) e as religiões de matrizes africanas.</p>
<p>Logo, por sabermos que grande parte do nosso povo é oriundo do Continente Africano, o estudo, ainda que preliminar sobre os principais reis e rainhas africanas contribuiu para diminuição do preconceito racial na medida em que foge da armadilha de se retratar a África como um continente pobre, atrasado e sem cultura, pois coloca os africanos como sujeitos históricos importantíssimos no contexto global do mundo moderno.</p>
<p>&nbsp;</p>
<h3>Objetivos:</h3>
<p>Apresentar os principais reis e rainhas africanos como sujeitos históricos tão importantes como qualquer rei ou rainha de sua época.</p>
<p>Resgatar a história de gênero como um poderosa ferramenta para combater o preconceito que as mulheres têm sofrido de forma global, ao retratar mulheres guerreiras, rainhas mães e sociedade s matriarcais em que o papel feminino jamais foi relegado a segundo plano</p>
<p>Mostrar como&nbsp;&nbsp; eles desempenharam papeis preponderantes no cenário histórico desde de o mundo antigo até a Idade Moderna</p>
<p><!--more--></p>
<p>&nbsp;</p>
<p>&nbsp;</p>
<p>&nbsp;</p>
<p><a href="#_ftnref1" name="_ftn1">[1]</a> Prof. Dr.&nbsp; Júlio César Medeiros para o programa Encontro com a Fátima Bernardes.</p>
<p>&nbsp;</p>
<p>Veja o link do programa abaixo:</p>
<p><a href="http://Programa Encontro com Fátima Bernardes: Professor restaga a História africana na sala de aula">https://globoplay.globo.com/v/6637897/</a></p>
<p>&nbsp;</p>

<p>Reis africanos. Pesquisa preliminar[1] Apresentação: A história da África é fascinante e uma das figuras mais emblemáticas de suas sociedades é o papel desempenhado pelas realezas africanas. Nela, surgiram reinos importantes, grandiosos e poderosos que através de suas reis e de, muitas vezes, suas rainhas, &nbsp;tiveram papeis definitivos nos rumos das principais sociedades em da [&hellip;]</p>
