{"id":665,"date":"2021-03-13T13:17:41","date_gmt":"2021-03-13T16:17:41","guid":{"rendered":"http:\/\/www.professores.uff.br\/juliocesarmedeiros\/?page_id=665"},"modified":"2021-03-13T13:17:41","modified_gmt":"2021-03-13T16:17:41","slug":"video-aulas-de-historia-da-africa-africanidades-e-negritude","status":"publish","type":"page","link":"https:\/\/www.professores.uff.br\/juliocesarmedeiros\/video-aulas-de-historia-da-africa-africanidades-e-negritude\/","title":{"rendered":"V\u00eddeo aulas de Hist\u00f3ria da \u00c1frica, africanidades e negritude"},"content":{"rendered":"\n<h2 class=\"wp-block-heading\">   A cartografia da \u00c1Frica<\/h2>\n\n\n\n<figure class=\"wp-block-embed-youtube wp-block-embed is-type-video is-provider-youtube wp-embed-aspect-16-9 wp-has-aspect-ratio\"><div class=\"wp-block-embed__wrapper\">\n<iframe loading=\"lazy\" title=\"A cartografia da \u00c1frica - \u00c1frica Antiga\" width=\"500\" height=\"281\" src=\"https:\/\/www.youtube.com\/embed\/6Ju-Jyq7plc?feature=oembed\" frameborder=\"0\" allow=\"accelerometer; autoplay; clipboard-write; encrypted-media; gyroscope; picture-in-picture; web-share\" referrerpolicy=\"strict-origin-when-cross-origin\" allowfullscreen><\/iframe>\n<\/div><figcaption>Conhe\u00e7a as regi\u00f5es da \u00c1frica<\/figcaption><\/figure>\n\n\n\n<h2 class=\"wp-block-heading\">\u00c1frica, o ber\u00e7o da humanidade (Hist\u00f3ria da \u00c1frica Antiga) <\/h2>\n\n\n\n<figure class=\"wp-block-embed-youtube wp-block-embed is-type-video is-provider-youtube wp-embed-aspect-16-9 wp-has-aspect-ratio\"><div class=\"wp-block-embed__wrapper\">\n<iframe loading=\"lazy\" title=\"\u00c1frica, o ber\u00e7o da humanidade (Hist\u00f3ria da \u00c1frica Antiga)\" width=\"500\" height=\"281\" src=\"https:\/\/www.youtube.com\/embed\/KKI8Jd6rdeA?feature=oembed\" frameborder=\"0\" allow=\"accelerometer; autoplay; clipboard-write; encrypted-media; gyroscope; picture-in-picture; web-share\" referrerpolicy=\"strict-origin-when-cross-origin\" allowfullscreen><\/iframe>\n<\/div><figcaption>O homem nasceu na \u00c1frica porque o continente oferecia (e continua oferecendo) uma diversidade de ambientes prop\u00edcios para a sobreviv\u00eancia de primatas. Ao contr\u00e1rio de outras regi\u00f5es do planeta, onde o\u2026 <br> Leia mais em: https:\/\/super.abril.com.br\/historia\/por-que-a-africa-foi-o-continente-ideal-para-gerar-a-humanidade\/<\/figcaption><\/figure>\n\n\n\n<h2 class=\"wp-block-heading\">O cemit\u00e9rio dos Pretos Novos_prof. Dr. J\u00falio C\u00e9sar Medeiros, autor do livro \u00e0 flor da terra  <\/h2>\n\n\n\n<figure class=\"wp-block-embed-youtube wp-block-embed is-type-video is-provider-youtube wp-embed-aspect-16-9 wp-has-aspect-ratio\"><div class=\"wp-block-embed__wrapper\">\n<iframe loading=\"lazy\" title=\"O cemit\u00e9rio dos Pretos Novos_prof. Dr. J\u00falio C\u00e9sar Medeiros, autor do livro \u00e0 flor da terra\" width=\"500\" height=\"281\" src=\"https:\/\/www.youtube.com\/embed\/56aApJQoJLk?feature=oembed\" frameborder=\"0\" allow=\"accelerometer; autoplay; clipboard-write; encrypted-media; gyroscope; picture-in-picture; web-share\" referrerpolicy=\"strict-origin-when-cross-origin\" allowfullscreen><\/iframe>\n<\/div><figcaption> O cemit\u00e9rio dos Pretos Novos_prof. Dr. J\u00falio C\u00e9sar Medeiros, autor do livro \u00e0 flor da terra <\/figcaption><\/figure>\n\n\n\n<p>\u201cO cemit\u00e9rio destinava-se ao sepultamento dos pretos novos, isto \u00e9, dos escravos que morriam ap\u00f3s a entrada dos navios na Ba\u00eda de Guanabara ou imediatamente depois do desembarque, antes de serem vendidos. Ele funcionou de 1772 a 1830, no Valongo, faixa do litoral carioca que ia da Prainha \u00e0 Gamboa.<\/p>\n\n\n\n<p>Funcionara antes no Largo de Santa Rita, em plena cidade, pr\u00f3ximo de onde tamb\u00e9m se localizava o mercado de escravos rec\u00e9m-chegados. O vice-rei, marqu\u00eas do Lavradio, diante dos enormes inconvenientes da localiza\u00e7\u00e3o inicial, ordenou que mercado e cemit\u00e9rio fossem transferidos para o Valongo, \u00e1rea ent\u00e3o localizada fora dos limites da cidade.<\/p>\n\n\n\n<p>O Valongo entrou, ent\u00e3o, para a hist\u00f3ria da cidade como um local de horrores. Nele, os escravos que sobreviviam \u00e0 viagem transatl\u00e2ntica recebiam o passaporte para a senzala. Os que n\u00e3o sobreviviam tinham seus corpos submetidos a enterro degradante. Para todos, era o cen\u00e1rio t\u00e9trico do com\u00e9rcio de carne humana.\u201d<\/p>\n","protected":false},"excerpt":{"rendered":"<p>A cartografia da \u00c1Frica \u00c1frica, o ber\u00e7o da humanidade (Hist\u00f3ria da \u00c1frica Antiga) O cemit\u00e9rio dos Pretos Novos_prof. Dr. J\u00falio C\u00e9sar Medeiros, autor do livro \u00e0 flor da terra \u201cO cemit\u00e9rio destinava-se ao sepultamento dos pretos novos, isto \u00e9, dos escravos que morriam ap\u00f3s a entrada dos navios na Ba\u00eda de Guanabara ou imediatamente depois [&hellip;]<\/p>\n","protected":false},"author":209,"featured_media":667,"parent":0,"menu_order":0,"comment_status":"closed","ping_status":"closed","template":"","meta":{"_exactmetrics_skip_tracking":false,"_exactmetrics_sitenote_active":false,"_exactmetrics_sitenote_note":"","_exactmetrics_sitenote_category":0,"footnotes":""},"categories":[11,10,12,3,59,22,20,2,4,18,19,115],"tags":[13,80,161,158,160,167,175,163,162,174,159,168,170,169,173,164,165,166,171,197,177,176],"class_list":["post-665","page","type-page","status-publish","has-post-thumbnail","hentry","category-africa-antiga","category-antropologia","category-arqueologia","category-ciencias","category-enem","category-escravidao-historia","category-escravidao","category-historia","category-historiografia","category-negritude","category-racismo","category-trafico-negreiro","tag-historia","tag-africa","tag-africa-berco-da-civilizacao","tag-africa-berco-da-humanidade","tag-africa-berco-da-humanidade-e-da-civilizacao","tag-berco-da-humanidade","tag-civilizacao-de-luzia","tag-eva","tag-eva-mitocondrial","tag-fossil-de-luzia","tag-historia-da-africa","tag-historia-da-africa-antiga","tag-historia-da-africa-do-sul","tag-historia-da-africa-unesco","tag-homem-de-grimaldi","tag-mitochondrial-dna","tag-mitochondrial-dna-explained","tag-mitochondrial-dna-replication","tag-o-berco-da-humanidade-historia-da-africa-antiga","tag-patrimonio-historico","tag-pre-historia","tag-prehistoria"],"_links":{"self":[{"href":"https:\/\/www.professores.uff.br\/juliocesarmedeiros\/wp-json\/wp\/v2\/pages\/665","targetHints":{"allow":["GET"]}}],"collection":[{"href":"https:\/\/www.professores.uff.br\/juliocesarmedeiros\/wp-json\/wp\/v2\/pages"}],"about":[{"href":"https:\/\/www.professores.uff.br\/juliocesarmedeiros\/wp-json\/wp\/v2\/types\/page"}],"author":[{"embeddable":true,"href":"https:\/\/www.professores.uff.br\/juliocesarmedeiros\/wp-json\/wp\/v2\/users\/209"}],"replies":[{"embeddable":true,"href":"https:\/\/www.professores.uff.br\/juliocesarmedeiros\/wp-json\/wp\/v2\/comments?post=665"}],"version-history":[{"count":2,"href":"https:\/\/www.professores.uff.br\/juliocesarmedeiros\/wp-json\/wp\/v2\/pages\/665\/revisions"}],"predecessor-version":[{"id":668,"href":"https:\/\/www.professores.uff.br\/juliocesarmedeiros\/wp-json\/wp\/v2\/pages\/665\/revisions\/668"}],"wp:featuredmedia":[{"embeddable":true,"href":"https:\/\/www.professores.uff.br\/juliocesarmedeiros\/wp-json\/wp\/v2\/media\/667"}],"wp:attachment":[{"href":"https:\/\/www.professores.uff.br\/juliocesarmedeiros\/wp-json\/wp\/v2\/media?parent=665"}],"wp:term":[{"taxonomy":"category","embeddable":true,"href":"https:\/\/www.professores.uff.br\/juliocesarmedeiros\/wp-json\/wp\/v2\/categories?post=665"},{"taxonomy":"post_tag","embeddable":true,"href":"https:\/\/www.professores.uff.br\/juliocesarmedeiros\/wp-json\/wp\/v2\/tags?post=665"}],"curies":[{"name":"wp","href":"https:\/\/api.w.org\/{rel}","templated":true}]}}

Vídeo aulas de História da África, africanidades e negritude

<h2 class="wp-block-heading">   A cartografia da ÁFrica</h2>



<figure class="wp-block-embed-youtube wp-block-embed is-type-video is-provider-youtube wp-embed-aspect-16-9 wp-has-aspect-ratio"><div class="wp-block-embed__wrapper">
<iframe loading="lazy" title="A cartografia da África - África Antiga" width="500" height="281" src="https://www.youtube.com/embed/6Ju-Jyq7plc?feature=oembed" frameborder="0" allow="accelerometer; autoplay; clipboard-write; encrypted-media; gyroscope; picture-in-picture; web-share" referrerpolicy="strict-origin-when-cross-origin" allowfullscreen></iframe>
</div><figcaption>Conheça as regiões da África</figcaption></figure>



<h2 class="wp-block-heading">África, o berço da humanidade (História da África Antiga) </h2>



<figure class="wp-block-embed-youtube wp-block-embed is-type-video is-provider-youtube wp-embed-aspect-16-9 wp-has-aspect-ratio"><div class="wp-block-embed__wrapper">
<iframe loading="lazy" title="África, o berço da humanidade (História da África Antiga)" width="500" height="281" src="https://www.youtube.com/embed/KKI8Jd6rdeA?feature=oembed" frameborder="0" allow="accelerometer; autoplay; clipboard-write; encrypted-media; gyroscope; picture-in-picture; web-share" referrerpolicy="strict-origin-when-cross-origin" allowfullscreen></iframe>
</div><figcaption>O homem nasceu na África porque o continente oferecia (e continua oferecendo) uma diversidade de ambientes propícios para a sobrevivência de primatas. Ao contrário de outras regiões do planeta, onde o… <br> Leia mais em: https://super.abril.com.br/historia/por-que-a-africa-foi-o-continente-ideal-para-gerar-a-humanidade/</figcaption></figure>



<h2 class="wp-block-heading">O cemitério dos Pretos Novos_prof. Dr. Júlio César Medeiros, autor do livro à flor da terra  </h2>



<figure class="wp-block-embed-youtube wp-block-embed is-type-video is-provider-youtube wp-embed-aspect-16-9 wp-has-aspect-ratio"><div class="wp-block-embed__wrapper">
<iframe loading="lazy" title="O cemitério dos Pretos Novos_prof. Dr. Júlio César Medeiros, autor do livro à flor da terra" width="500" height="281" src="https://www.youtube.com/embed/56aApJQoJLk?feature=oembed" frameborder="0" allow="accelerometer; autoplay; clipboard-write; encrypted-media; gyroscope; picture-in-picture; web-share" referrerpolicy="strict-origin-when-cross-origin" allowfullscreen></iframe>
</div><figcaption> O cemitério dos Pretos Novos_prof. Dr. Júlio César Medeiros, autor do livro à flor da terra </figcaption></figure>



<p>“O cemitério destinava-se ao sepultamento dos pretos novos, isto é, dos escravos que morriam após a entrada dos navios na Baía de Guanabara ou imediatamente depois do desembarque, antes de serem vendidos. Ele funcionou de 1772 a 1830, no Valongo, faixa do litoral carioca que ia da Prainha à Gamboa.</p>



<p>Funcionara antes no Largo de Santa Rita, em plena cidade, próximo de onde também se localizava o mercado de escravos recém-chegados. O vice-rei, marquês do Lavradio, diante dos enormes inconvenientes da localização inicial, ordenou que mercado e cemitério fossem transferidos para o Valongo, área então localizada fora dos limites da cidade.</p>



<p>O Valongo entrou, então, para a história da cidade como um local de horrores. Nele, os escravos que sobreviviam à viagem transatlântica recebiam o passaporte para a senzala. Os que não sobreviviam tinham seus corpos submetidos a enterro degradante. Para todos, era o cenário tétrico do comércio de carne humana.”</p>

<p>A cartografia da ÁFrica África, o berço da humanidade (História da África Antiga) O cemitério dos Pretos Novos_prof. Dr. Júlio César Medeiros, autor do livro à flor da terra “O cemitério destinava-se ao sepultamento dos pretos novos, isto é, dos escravos que morriam após a entrada dos navios na Baía de Guanabara ou imediatamente depois [&hellip;]</p>
