{"id":832,"date":"2023-05-02T12:24:39","date_gmt":"2023-05-02T15:24:39","guid":{"rendered":"http:\/\/www.professores.uff.br\/juliocesarmedeiros\/?page_id=832"},"modified":"2023-05-02T12:24:39","modified_gmt":"2023-05-02T15:24:39","slug":"dica-de-leitura-linguagem-e-interdisciplinaridade-de-jose-luis-fiorin","status":"publish","type":"page","link":"https:\/\/www.professores.uff.br\/juliocesarmedeiros\/dica-de-leitura-linguagem-e-interdisciplinaridade-de-jose-luis-fiorin\/","title":{"rendered":"Dica de leitura: linguagem e interdisciplinaridade, de Jos\u00e9 Luis Fiorin"},"content":{"rendered":"\n<p class=\"has-medium-font-size\">&#8220;Language and Interdisciplinarity&#8221; (Linguagem e Interdisciplinaridade) de Jos\u00e9 Luiz Fiorin \u00e9 um texto relevante para explorar a rela\u00e7\u00e3o entre linguagem e interdisciplinaridade. Neste texto, Fiorin analisa como a linguagem \u00e9 central na intera\u00e7\u00e3o entre diferentes disciplinas e como sua compreens\u00e3o e an\u00e1lise podem contribuir para a integra\u00e7\u00e3o de conhecimentos.<\/p>\n\n\n\n<p class=\"has-medium-font-size\">Fiorin discute como a linguagem desempenha um papel fundamental na constru\u00e7\u00e3o do conhecimento em v\u00e1rias disciplinas, como sociologia, psicologia, filosofia, antropologia, entre outras. Ele destaca a import\u00e2ncia de abordar a linguagem como um objeto interdisciplinar, transcendendo as fronteiras das disciplinas tradicionais e promovendo a troca de ideias e perspectivas.<\/p>\n\n\n\n<p class=\"has-medium-font-size\">Ao enfatizar a rela\u00e7\u00e3o entre linguagem e interdisciplinaridade, Fiorin nos convida a refletir sobre como a an\u00e1lise da linguagem pode contribuir para a compreens\u00e3o dos fen\u00f4menos sociais, culturais e cognitivos em sua complexidade. Ele mostra como a intera\u00e7\u00e3o entre diferentes \u00e1reas do conhecimento, atrav\u00e9s da linguagem, pode enriquecer nossas perspectivas e ampliar nossas possibilidades de compreens\u00e3o do mundo.<\/p>\n\n\n\n<p class=\"has-medium-font-size\">Assim, o texto de Fiorin nos convida a explorar a linguagem como um ponto de converg\u00eancia e di\u00e1logo entre disciplinas, proporcionando uma abordagem interdisciplinar que enriquece nosso entendimento das quest\u00f5es sociais, culturais e lingu\u00edsticas.<\/p>\n\n\n<ul class=\"wp-block-latest-posts__list is-grid columns-3 wp-block-latest-posts\"><li><a class=\"wp-block-latest-posts__post-title\" href=\"https:\/\/www.professores.uff.br\/juliocesarmedeiros\/2025\/12\/21\/9o-congresso-pan-africano-em-lome-togo\/\">9\u00ba Congresso Pan Africano em Lom\u00e9-Togo<\/a><\/li>\n<li><a class=\"wp-block-latest-posts__post-title\" href=\"https:\/\/www.professores.uff.br\/juliocesarmedeiros\/2025\/10\/07\/a-flor-da-terra-o-cemiterio-dos-pretos-novos-no-rio-de-janeiro-um-livro-sobre-o-silencio-a-memoria-e-a-humanidade-negada\/\">\u00c0 Flor da Terra: o Cemit\u00e9rio dos Pretos Novos no Rio de Janeiro.  Um livro sobre o sil\u00eancio, a mem\u00f3ria e a humanidade negada<\/a><\/li>\n<li><a class=\"wp-block-latest-posts__post-title\" href=\"https:\/\/www.professores.uff.br\/juliocesarmedeiros\/2025\/04\/29\/o-cemiterio-dos-pretos-novos-historia-esquecimento-e-redescoberta-na-zona-portuaria-do-rio-de-janeiro\/\">O Cemit\u00e9rio dos Pretos Novos: Hist\u00f3ria, Esquecimento e Redescoberta na Zona Portu\u00e1ria do Rio de Janeiro<\/a><\/li>\n<li><a class=\"wp-block-latest-posts__post-title\" href=\"https:\/\/www.professores.uff.br\/juliocesarmedeiros\/2025\/03\/01\/da-academia-para-a-avenida-pesquisa-de-professor-da-uff-vira-enredo-da-mangueira\/\">Da academia para a avenida: pesquisa de professor da UFF vira enredo da Mangueira<\/a><\/li>\n<li><a class=\"wp-block-latest-posts__post-title\" href=\"https:\/\/www.professores.uff.br\/juliocesarmedeiros\/2025\/02\/22\/a-flor-da-terra-enredo-da-mangueira-2025-inspira-se-na-pesquisa-de-professor-da-uff-do-campus-de-santo-anto%cc%82nio-de-padua-2\/\">A\u0300 Flor da Terra: Enredo da Mangueira 2025 inspira-se na pesquisa de Professor da UFF do Campus de Santo Anto\u0302nio de Pa\u0301dua<\/a><\/li>\n<\/ul>","protected":false},"excerpt":{"rendered":"<p>&#8220;Language and Interdisciplinarity&#8221; (Linguagem e Interdisciplinaridade) de Jos\u00e9 Luiz Fiorin \u00e9 um texto relevante para explorar a rela\u00e7\u00e3o entre linguagem e interdisciplinaridade. Neste texto, Fiorin analisa como a linguagem \u00e9 central na intera\u00e7\u00e3o entre diferentes disciplinas e como sua compreens\u00e3o e an\u00e1lise podem contribuir para a integra\u00e7\u00e3o de conhecimentos. Fiorin discute como a linguagem desempenha [&hellip;]<\/p>\n","protected":false},"author":209,"featured_media":833,"parent":0,"menu_order":0,"comment_status":"closed","ping_status":"closed","template":"","meta":{"_exactmetrics_skip_tracking":false,"_exactmetrics_sitenote_active":false,"_exactmetrics_sitenote_note":"","_exactmetrics_sitenote_category":0,"footnotes":""},"categories":[369,252,321],"tags":[371,372,373,370],"class_list":["post-832","page","type-page","status-publish","has-post-thumbnail","hentry","category-interdisciplinaridade","category-literatura","category-resenha","tag-de-jose-luis-fiorin","tag-dica-de-leitura","tag-interdiscplinaridade","tag-linguagem-e-interdisciplinaridade"],"_links":{"self":[{"href":"https:\/\/www.professores.uff.br\/juliocesarmedeiros\/wp-json\/wp\/v2\/pages\/832","targetHints":{"allow":["GET"]}}],"collection":[{"href":"https:\/\/www.professores.uff.br\/juliocesarmedeiros\/wp-json\/wp\/v2\/pages"}],"about":[{"href":"https:\/\/www.professores.uff.br\/juliocesarmedeiros\/wp-json\/wp\/v2\/types\/page"}],"author":[{"embeddable":true,"href":"https:\/\/www.professores.uff.br\/juliocesarmedeiros\/wp-json\/wp\/v2\/users\/209"}],"replies":[{"embeddable":true,"href":"https:\/\/www.professores.uff.br\/juliocesarmedeiros\/wp-json\/wp\/v2\/comments?post=832"}],"version-history":[{"count":2,"href":"https:\/\/www.professores.uff.br\/juliocesarmedeiros\/wp-json\/wp\/v2\/pages\/832\/revisions"}],"predecessor-version":[{"id":835,"href":"https:\/\/www.professores.uff.br\/juliocesarmedeiros\/wp-json\/wp\/v2\/pages\/832\/revisions\/835"}],"wp:featuredmedia":[{"embeddable":true,"href":"https:\/\/www.professores.uff.br\/juliocesarmedeiros\/wp-json\/wp\/v2\/media\/833"}],"wp:attachment":[{"href":"https:\/\/www.professores.uff.br\/juliocesarmedeiros\/wp-json\/wp\/v2\/media?parent=832"}],"wp:term":[{"taxonomy":"category","embeddable":true,"href":"https:\/\/www.professores.uff.br\/juliocesarmedeiros\/wp-json\/wp\/v2\/categories?post=832"},{"taxonomy":"post_tag","embeddable":true,"href":"https:\/\/www.professores.uff.br\/juliocesarmedeiros\/wp-json\/wp\/v2\/tags?post=832"}],"curies":[{"name":"wp","href":"https:\/\/api.w.org\/{rel}","templated":true}]}}

Dica de leitura: linguagem e interdisciplinaridade, de José Luis Fiorin

<p class="has-medium-font-size">&#8220;Language and Interdisciplinarity&#8221; (Linguagem e Interdisciplinaridade) de José Luiz Fiorin é um texto relevante para explorar a relação entre linguagem e interdisciplinaridade. Neste texto, Fiorin analisa como a linguagem é central na interação entre diferentes disciplinas e como sua compreensão e análise podem contribuir para a integração de conhecimentos.</p>



<p class="has-medium-font-size">Fiorin discute como a linguagem desempenha um papel fundamental na construção do conhecimento em várias disciplinas, como sociologia, psicologia, filosofia, antropologia, entre outras. Ele destaca a importância de abordar a linguagem como um objeto interdisciplinar, transcendendo as fronteiras das disciplinas tradicionais e promovendo a troca de ideias e perspectivas.</p>



<p class="has-medium-font-size">Ao enfatizar a relação entre linguagem e interdisciplinaridade, Fiorin nos convida a refletir sobre como a análise da linguagem pode contribuir para a compreensão dos fenômenos sociais, culturais e cognitivos em sua complexidade. Ele mostra como a interação entre diferentes áreas do conhecimento, através da linguagem, pode enriquecer nossas perspectivas e ampliar nossas possibilidades de compreensão do mundo.</p>



<p class="has-medium-font-size">Assim, o texto de Fiorin nos convida a explorar a linguagem como um ponto de convergência e diálogo entre disciplinas, proporcionando uma abordagem interdisciplinar que enriquece nosso entendimento das questões sociais, culturais e linguísticas.</p>


<ul class="wp-block-latest-posts__list is-grid columns-3 wp-block-latest-posts"><li><a class="wp-block-latest-posts__post-title" href="https://www.professores.uff.br/juliocesarmedeiros/2025/12/21/9o-congresso-pan-africano-em-lome-togo/">9º Congresso Pan Africano em Lomé-Togo</a></li>
<li><a class="wp-block-latest-posts__post-title" href="https://www.professores.uff.br/juliocesarmedeiros/2025/10/07/a-flor-da-terra-o-cemiterio-dos-pretos-novos-no-rio-de-janeiro-um-livro-sobre-o-silencio-a-memoria-e-a-humanidade-negada/">À Flor da Terra: o Cemitério dos Pretos Novos no Rio de Janeiro.  Um livro sobre o silêncio, a memória e a humanidade negada</a></li>
<li><a class="wp-block-latest-posts__post-title" href="https://www.professores.uff.br/juliocesarmedeiros/2025/04/29/o-cemiterio-dos-pretos-novos-historia-esquecimento-e-redescoberta-na-zona-portuaria-do-rio-de-janeiro/">O Cemitério dos Pretos Novos: História, Esquecimento e Redescoberta na Zona Portuária do Rio de Janeiro</a></li>
<li><a class="wp-block-latest-posts__post-title" href="https://www.professores.uff.br/juliocesarmedeiros/2025/03/01/da-academia-para-a-avenida-pesquisa-de-professor-da-uff-vira-enredo-da-mangueira/">Da academia para a avenida: pesquisa de professor da UFF vira enredo da Mangueira</a></li>
<li><a class="wp-block-latest-posts__post-title" href="https://www.professores.uff.br/juliocesarmedeiros/2025/02/22/a-flor-da-terra-enredo-da-mangueira-2025-inspira-se-na-pesquisa-de-professor-da-uff-do-campus-de-santo-anto%cc%82nio-de-padua-2/">À Flor da Terra: Enredo da Mangueira 2025 inspira-se na pesquisa de Professor da UFF do Campus de Santo Antônio de Pádua</a></li>
</ul>

<p>&#8220;Language and Interdisciplinarity&#8221; (Linguagem e Interdisciplinaridade) de José Luiz Fiorin é um texto relevante para explorar a relação entre linguagem e interdisciplinaridade. Neste texto, Fiorin analisa como a linguagem é central na interação entre diferentes disciplinas e como sua compreensão e análise podem contribuir para a integração de conhecimentos. Fiorin discute como a linguagem desempenha [&hellip;]</p>
