{"id":135,"date":"2017-07-11T09:38:31","date_gmt":"2017-07-11T12:38:31","guid":{"rendered":"http:\/\/www.professores.uff.br\/kocsard\/?page_id=135"},"modified":"2023-07-12T17:25:52","modified_gmt":"2023-07-12T20:25:52","slug":"teaching","status":"publish","type":"page","link":"https:\/\/www.professores.uff.br\/kocsard\/teaching\/","title":{"rendered":"Teaching"},"content":{"rendered":"<h3><strong>Informa\u00e7\u00f5es sobre as aulas<\/strong><\/h3>\n<h3>2022-2<\/h3>\n<ul>\n<li><strong>C\u00e1lculo I<\/strong> Turma A1: seg e quar, de 14:00 \u00e0s 16:00, Campus de Gragoat\u00e1.<\/li>\n<li><a href=\"http:\/\/www.professores.uff.br\/kocsard\/2017\/07\/11\/medida-e-integracao-mestrado\/\" target=\"_blank\" rel=\"noopener noreferrer\"><strong>Medida e Integra\u00e7\u00e3o<\/strong><\/a> (mestrado): seg e quar de 11:00 \u00e0s 13:00, Bloco H, Campus de Gragoat\u00e1.<\/li>\n<\/ul>\n<h3>2021-1<\/h3>\n\n\n<ul class=\"wp-block-list\"><li><a href=\"https:\/\/www.professores.uff.br\/kocsard\/2017\/07\/11\/calculo-2a\/\"><strong>C\u00e1lculo 2A<\/strong><\/a> Turma A1: seg e quar, de 7:00 \u00e0s 9:00, sala 503, UFASA da Praia Vermelha. <\/li><li><strong><a href=\"https:\/\/www.professores.uff.br\/kocsard\/2022\/03\/23\/introducao-aos-sistemas-dinamicos-mestrado\/\">Introdu\u00e7\u00e3o aos Sistemas Din\u00e2micos<\/a><\/strong> (mestrado): Seg e quar de 11:00 \u00e0s 13:00 (remoto na plataforma <a rel=\"noreferrer noopener\" aria-label=\"Google Classroom (opens in a new tab)\" href=\"https:\/\/classroom.google.com\" target=\"_blank\">Google Classroom<\/a>)<\/li><\/ul>\n\n\n<hr>\n<h4><a href=\"http:\/\/www.professores.uff.br\/kocsard\/2017\/08\/03\/ensino-anos-anteriores\/\">Anos anteriores<\/a><\/h4>\n\n\n<p><\/p>\n","protected":false},"excerpt":{"rendered":"<p>Informa\u00e7\u00f5es sobre as aulas 2022-2 C\u00e1lculo I Turma A1: seg e quar, de 14:00 \u00e0s 16:00, Campus de Gragoat\u00e1. Medida e Integra\u00e7\u00e3o (mestrado): seg e quar de 11:00 \u00e0s 13:00, Bloco H, Campus de Gragoat\u00e1. 2021-1 C\u00e1lculo 2A Turma A1: seg e quar, de 7:00 \u00e0s 9:00, sala 503, UFASA da Praia Vermelha. Introdu\u00e7\u00e3o aos [&hellip;]<\/p>\n","protected":false},"author":2,"featured_media":0,"parent":0,"menu_order":0,"comment_status":"closed","ping_status":"closed","template":"","meta":{"_exactmetrics_skip_tracking":false,"_exactmetrics_sitenote_active":false,"_exactmetrics_sitenote_note":"","_exactmetrics_sitenote_category":0,"footnotes":""},"categories":[],"tags":[],"class_list":["post-135","page","type-page","status-publish","hentry"],"_links":{"self":[{"href":"https:\/\/www.professores.uff.br\/kocsard\/wp-json\/wp\/v2\/pages\/135","targetHints":{"allow":["GET"]}}],"collection":[{"href":"https:\/\/www.professores.uff.br\/kocsard\/wp-json\/wp\/v2\/pages"}],"about":[{"href":"https:\/\/www.professores.uff.br\/kocsard\/wp-json\/wp\/v2\/types\/page"}],"author":[{"embeddable":true,"href":"https:\/\/www.professores.uff.br\/kocsard\/wp-json\/wp\/v2\/users\/2"}],"replies":[{"embeddable":true,"href":"https:\/\/www.professores.uff.br\/kocsard\/wp-json\/wp\/v2\/comments?post=135"}],"version-history":[{"count":56,"href":"https:\/\/www.professores.uff.br\/kocsard\/wp-json\/wp\/v2\/pages\/135\/revisions"}],"predecessor-version":[{"id":776,"href":"https:\/\/www.professores.uff.br\/kocsard\/wp-json\/wp\/v2\/pages\/135\/revisions\/776"}],"wp:attachment":[{"href":"https:\/\/www.professores.uff.br\/kocsard\/wp-json\/wp\/v2\/media?parent=135"}],"wp:term":[{"taxonomy":"category","embeddable":true,"href":"https:\/\/www.professores.uff.br\/kocsard\/wp-json\/wp\/v2\/categories?post=135"},{"taxonomy":"post_tag","embeddable":true,"href":"https:\/\/www.professores.uff.br\/kocsard\/wp-json\/wp\/v2\/tags?post=135"}],"curies":[{"name":"wp","href":"https:\/\/api.w.org\/{rel}","templated":true}]}}

<h3><strong>Informações sobre as aulas</strong></h3>
<h3>2022-2</h3>
<ul>
<li><strong>Cálculo I</strong> Turma A1: seg e quar, de 14:00 às 16:00, Campus de Gragoatá.</li>
<li><a href="http://www.professores.uff.br/kocsard/2017/07/11/medida-e-integracao-mestrado/" target="_blank" rel="noopener noreferrer"><strong>Medida e Integração</strong></a> (mestrado): seg e quar de 11:00 às 13:00, Bloco H, Campus de Gragoatá.</li>
</ul>
<h3>2021-1</h3>


<ul class="wp-block-list"><li><a href="https://www.professores.uff.br/kocsard/2017/07/11/calculo-2a/"><strong>Cálculo 2A</strong></a> Turma A1: seg e quar, de 7:00 às 9:00, sala 503, UFASA da Praia Vermelha. </li><li><strong><a href="https://www.professores.uff.br/kocsard/2022/03/23/introducao-aos-sistemas-dinamicos-mestrado/">Introdução aos Sistemas Dinâmicos</a></strong> (mestrado): Seg e quar de 11:00 às 13:00 (remoto na plataforma <a rel="noreferrer noopener" aria-label="Google Classroom (opens in a new tab)" href="https://classroom.google.com" target="_blank">Google Classroom</a>)</li></ul>


<hr>
<h4><a href="http://www.professores.uff.br/kocsard/2017/08/03/ensino-anos-anteriores/">Anos anteriores</a></h4>


<p></p>

<p>Informações sobre as aulas 2022-2 Cálculo I Turma A1: seg e quar, de 14:00 às 16:00, Campus de Gragoatá. Medida e Integração (mestrado): seg e quar de 11:00 às 13:00, Bloco H, Campus de Gragoatá. 2021-1 Cálculo 2A Turma A1: seg e quar, de 7:00 às 9:00, sala 503, UFASA da Praia Vermelha. Introdução aos [&hellip;]</p>
