{"id":17,"date":"2017-07-21T17:57:53","date_gmt":"2017-07-21T20:57:53","guid":{"rendered":"http:\/\/www.professores.uff.br\/koro\/?page_id=17"},"modified":"2022-03-24T08:56:36","modified_gmt":"2022-03-24T11:56:36","slug":"aulas","status":"publish","type":"page","link":"https:\/\/www.professores.uff.br\/koro\/aulas\/","title":{"rendered":"Aulas"},"content":{"rendered":"<p><strong>2022-1<\/strong><\/p>\n<p>C\u00e1lculo IIB &#8211; Turmas U1 e X1<\/p>\n<hr \/>\n<p><strong>2021-2<\/strong><\/p>\n<p>C\u00e1lculo IA &#8211; Turmas T1 e U1 (Remoto)<\/p>\n<hr \/>\n<p><strong>2021-1<\/strong><\/p>\n<p>C\u00e1lculo IIB &#8211; Turmas J1 e K1 (Remoto)<\/p>\n<hr \/>\n<p><strong>2020-2<\/strong><\/p>\n<p>C\u00e1lculo IA &#8211; Turmas U1 e X1 (Remoto)<\/p>\n<hr \/>\n<p><strong>2020-1<\/strong><\/p>\n<p><a href=\"http:\/\/www.professores.uff.br\/koro\/introducao-aos-sistemas-dinamicos\/\">Introdu\u00e7\u00e3o aos Sistemas Din\u00e2micos (p\u00f3s-gradua\u00e7\u00e3o)<\/a><\/p>\n<p>C\u00e1lculo IA &#8211; Turma R1<\/p>\n<hr \/>\n<p><strong>2019-2<\/strong><\/p>\n<p><a href=\"http:\/\/www.professores.uff.br\/koro\/2019\/08\/15\/2019-2-calculo-ia\/\">C\u00e1lculo IA &#8211; Turma S1<\/a><\/p>\n<p><a href=\"http:\/\/www.professores.uff.br\/koro\/2019\/08\/15\/2019-2-calculo-ia\/\">C\u00e1lculo IA &#8211; Turma T1<\/a><\/p>\n<hr \/>\n<p><strong>2019-1<\/strong><\/p>\n<p><a href=\"http:\/\/www.professores.uff.br\/koro\/2019\/03\/19\/2019-1-calculo-ia\/\">C\u00e1lculo IA &#8211; Turma W1<\/a><\/p>\n<p><a href=\"http:\/\/www.professores.uff.br\/koro\/2019\/03\/19\/2019-1-calculo-ia\/\">C\u00e1lculo IA &#8211; Turma X1<\/a><\/p>\n<hr \/>\n<p><strong>2018-2<\/strong><\/p>\n<p><a href=\"http:\/\/www.professores.uff.br\/koro\/2018\/08\/10\/745\/\">C\u00e1lculo IA &#8211; Turma H1<\/a><\/p>\n<p><a href=\"http:\/\/www.professores.uff.br\/koro\/2018\/08\/10\/745\/\">C\u00e1lculo IA &#8211; Turma K1<\/a><\/p>\n<hr \/>\n<p><strong>2017-1<\/strong><\/p>\n<p><a href=\"http:\/\/www.professores.uff.br\/koro\/2017\/08\/11\/calculo-ia-turmas-t1-e-u1-2017-1\/\">C\u00e1lculo IA &#8211; Turma T1<\/a><\/p>\n<p><a href=\"http:\/\/www.professores.uff.br\/koro\/2017\/08\/11\/calculo-ia-turmas-t1-e-u1-2017-1\/\">C\u00e1lculo IA &#8211; Turma U1<\/a><\/p>\n<hr \/>\n<p><strong>2016-2<\/strong><\/p>\n<p><a href=\"http:\/\/www.professores.uff.br\/koro\/2017\/08\/11\/calculo-iib-turmas-o1-o2-2016-2\/\">C\u00e1lculo IIB &#8211; Turmas O1 + O2<\/a><\/p>\n<p>Temas avan\u00e7ados em matem\u00e1tica (doutorado)<\/p>\n<hr \/>\n<p><strong>2016-1<\/strong><\/p>\n<p><a href=\"http:\/\/www.professores.uff.br\/koro\/notas-ve1-2016-2-calculo-ia-turma-s1\/\">C\u00e1lculo IA &#8211; Turmas V1 e V2<\/a><\/p>\n<p><a href=\"http:\/\/www.professores.uff.br\/koro\/notas-ve1-2016-2-calculo-ia-turma-s1\/\">C\u00e1lculo IA &#8211; Turma S1<\/a><\/p>\n<p>T\u00f3picos de Sistemas Din\u00e2micos II (doutorado)<\/p>\n<hr \/>\n<p><strong>2015-2<\/strong><\/p>\n<p><a href=\"http:\/\/www.professores.uff.br\/koro\/2017\/08\/11\/gma00019-calculo-ia-turmas-r1-e-s1-2015-2\/\">C\u00e1lculo IA &#8211; Turma R1<\/a><\/p>\n<p><a href=\"http:\/\/www.professores.uff.br\/koro\/2017\/08\/11\/gma00019-calculo-ia-turmas-r1-e-s1-2015-2\/\">C\u00e1lculo IA &#8211; Turma S1<\/a><\/p>\n<p>T\u00f3picos de Sistemas Din\u00e2micos II (doutorado)<\/p>\n<hr \/>\n<p><strong>2015-1<\/strong><\/p>\n<p>Sistemas Din\u00e2micos I (doutorado)<\/p>\n<p>T\u00f3picos de Sistemas Din\u00e2micos I (doutorado)<\/p>\n<hr \/>\n<p><strong>2014-2<\/strong><\/p>\n<p><a href=\"http:\/\/www.professores.uff.br\/koro\/2017\/08\/11\/gma00108-calculo-ia-turma-h1-2014-2\/\">C\u00e1lculo IA &#8211; Turma H1<\/a><\/p>\n<p><a href=\"http:\/\/www.professores.uff.br\/koro\/2017\/08\/11\/gma00108-calculo-ia-turma-j1-2014-2\/\">C\u00e1lculo IA &#8211; Turma J1<\/a><\/p>\n<hr \/>\n<p><strong>2014-1<\/strong><\/p>\n<p><a href=\"http:\/\/www.professores.uff.br\/koro\/2017\/08\/11\/sistemas-dinamicos-i-doutorado-2014-1\/\">Sistemas Din\u00e2micos I (doutorado)<\/a><\/p>\n<p>T\u00f3picos de Sistemas Din\u00e2micos I (doutorado)<\/p>\n<hr \/>\n<p><strong>2013-2<\/strong><\/p>\n<p><a href=\"http:\/\/www.professores.uff.br\/koro\/2017\/08\/11\/gma00110-calculo-iib-turma-b1-2013-2\/\">C\u00e1lculo IIB &#8211; Turma B1<\/a><\/p>\n<p><a href=\"http:\/\/www.professores.uff.br\/koro\/2017\/08\/11\/gma00110-calculo-iib-turma-g1-2013-2\/\">C\u00e1lculo IIB &#8211; Turma G1<\/a><\/p>\n<hr \/>\n<p><strong>2013-1<\/strong><\/p>\n<p><a href=\"http:\/\/www.professores.uff.br\/koro\/2017\/08\/11\/sistemas-dinamicos-i-doutorado-2013-1\/\">Sistemas Din\u00e2micos I (doutorado)<\/a><\/p>\n<p>T\u00f3picos de Sistemas Din\u00e2micos I (doutorado)<\/p>\n<hr \/>\n<p><strong>2012-2<\/strong><\/p>\n<p><a href=\"http:\/\/www.professores.uff.br\/koro\/2017\/08\/11\/gma00108-calculo-ia-turma-d1-2012-2\/\">GMA00108 &#8211; C\u00e1lculo IA &#8211; TURMA D1<\/a><\/p>\n<p><a href=\"http:\/\/www.professores.uff.br\/koro\/2017\/08\/11\/gma00108-calculo-ia-turma-i1-2012-2\/\">GMA00108 &#8211; C\u00e1lculo IA &#8211; TURMA I1<\/a><\/p>\n<p>T\u00f3picos de Sistemas Din\u00e2micos I (doutorado)<\/p>\n<hr \/>\n<p><strong>2012-1<\/strong><\/p>\n<p><a href=\"http:\/\/www.professores.uff.br\/koro\/2017\/08\/11\/gma00124-matematica-basica-i-turma-b1-2012-1\/\">Matem\u00e1tica B\u00e1sica I &#8211; Turma B1<\/a><\/p>\n<p>T\u00f3picos de Sistemas Din\u00e2micos I (doutorado)<\/p>\n<hr \/>\n<p><strong>2011-2<\/strong><\/p>\n<p><a href=\"http:\/\/www.professores.uff.br\/koro\/2017\/08\/11\/gma00108-calculo-ia-turma-h1-2011-2\/\">GMA00108 &#8211; C\u00e1lculo IA &#8211; Turma H1<\/a><\/p>\n<p><a href=\"http:\/\/www.professores.uff.br\/koro\/2017\/08\/09\/gma00108-calculo-ia-turma-k1-2011-2\/\">GMA00108 &#8211; C\u00e1lculo IA &#8211; Turma K1<\/a><br \/>\nT\u00f3picos de Sistemas Din\u00e2micos I (doutorado)<\/p>\n<hr \/>\n<p><strong>2011-1<\/strong><br \/>\n<a href=\"http:\/\/www.professores.uff.br\/koro\/2017\/08\/09\/sistemas-dinamicos-i-doutorado-2011-1\/\"> Sistemas Din\u00e2micos I (doutorado)<\/a><\/p>\n<p>T\u00f3picos de Sistemas Din\u00e2micos I (doutorado)<\/p>\n<hr \/>\n<p><strong>2010-2<\/strong><\/p>\n<p><a href=\"http:\/\/www.professores.uff.br\/koro\/2017\/08\/09\/juncao-com-gma06074-calculo-diferencial-e-integral-aplicado-ii-turma-d2-2010-2\/\">GMA00098 &#8211; C\u00e1lculo Aplicado II &#8211; Turma D1<\/a><\/p>\n<p><a href=\"http:\/\/www.professores.uff.br\/koro\/2017\/08\/09\/juncao-com-gma06074-calculo-diferencial-e-integral-aplicado-ii-turma-d2-2010-2\/\">(JUN\u00c7\u00c3O COM GMA06074 C\u00e1lculo Diferencial e Integral Aplicado II &#8211; Turma D2)<\/a><\/p>\n<p>T\u00f3picos de Sistemas Din\u00e2micos I (doutorado)<\/p>\n<hr \/>\n<p><strong>2010-1<\/strong><\/p>\n<p><a href=\"http:\/\/www.professores.uff.br\/koro\/2017\/08\/09\/artigos-sobre-conjunto-de-rotacao-e-afins-faltam-coisas\/\">Sistemas Din\u00e2micos II (doutorado)<\/a><\/p>\n<p>Semin\u00e1rio de din\u00e2mica (doutorado)<\/p>\n<hr \/>\n<p><strong>2009-2<\/strong><br \/>\n<a href=\"http:\/\/www.professores.uff.br\/koro\/2017\/08\/09\/gma00108-calculo-ia-turma-f1-2009-2\/\"> GMA00108 &#8211; C\u00e1lculo IA &#8211; Turma F1<\/a><\/p>\n<p><a href=\"http:\/\/www.professores.uff.br\/koro\/2017\/08\/07\/gma00110-calculo-iib-turma-c1-2009-2\/\">GMA00110 &#8211; C\u00e1lculo IIB &#8211; Turma C1<\/a><\/p>\n<p>T\u00f3picos de topologia II (p\u00f3s)<\/p>\n<hr \/>\n<p><strong>2009-1<\/strong><\/p>\n<p><a href=\"http:\/\/www.professores.uff.br\/koro\/2017\/08\/04\/sistemas-dinamicos-i-doutorado-2009-1\/\">Sistemas Din\u00e2micos I (doutorado)<\/a><\/p>\n<hr \/>\n<p><strong>2008-2<\/strong><\/p>\n<p><a href=\"http:\/\/www.professores.uff.br\/koro\/2017\/08\/04\/gma00108-calculo-ia-turma-e-2008-2\/\">GMA00108 &#8211; C\u00e1lculo IA &#8211; Turma E1<\/a><\/p>\n<p><a href=\"http:\/\/www.professores.uff.br\/koro\/2017\/08\/02\/gma00111-calculo-iiia-turma-c1-2008-2\/\">GMA00111 &#8211; C\u00e1lculo IIIA &#8211; Turma C1<\/a><\/p>\n<p><a href=\"http:\/\/www.professores.uff.br\/koro\/2017\/08\/02\/gma04043-calculo-diferencial-e-integral-aplicado-i-turma-j1-2008-2\/\">GMA04043 &#8211; C\u00e1lculo Diferencial e Integral Aplicado I &#8211; Turma J1<\/a><\/p>\n<hr \/>\n<p><strong>2008-1<\/strong><br \/>\nAn\u00e1lise I (mestrado)<\/p>\n","protected":false},"excerpt":{"rendered":"<p>2022-1 C\u00e1lculo IIB &#8211; Turmas U1 e X1 2021-2 C\u00e1lculo IA &#8211; Turmas T1 e U1 (Remoto) 2021-1 C\u00e1lculo IIB &#8211; Turmas J1 e K1 (Remoto) 2020-2 C\u00e1lculo IA &#8211; Turmas U1 e X1 (Remoto) 2020-1 Introdu\u00e7\u00e3o aos Sistemas Din\u00e2micos (p\u00f3s-gradua\u00e7\u00e3o) C\u00e1lculo IA &#8211; Turma R1 2019-2 C\u00e1lculo IA &#8211; Turma S1 C\u00e1lculo IA &#8211; [&hellip;]<\/p>\n","protected":false},"author":1,"featured_media":0,"parent":0,"menu_order":0,"comment_status":"closed","ping_status":"closed","template":"","meta":{"_exactmetrics_skip_tracking":false,"_exactmetrics_sitenote_active":false,"_exactmetrics_sitenote_note":"","_exactmetrics_sitenote_category":0,"footnotes":""},"categories":[2],"tags":[],"class_list":["post-17","page","type-page","status-publish","hentry","category-disciplinas"],"_links":{"self":[{"href":"https:\/\/www.professores.uff.br\/koro\/wp-json\/wp\/v2\/pages\/17","targetHints":{"allow":["GET"]}}],"collection":[{"href":"https:\/\/www.professores.uff.br\/koro\/wp-json\/wp\/v2\/pages"}],"about":[{"href":"https:\/\/www.professores.uff.br\/koro\/wp-json\/wp\/v2\/types\/page"}],"author":[{"embeddable":true,"href":"https:\/\/www.professores.uff.br\/koro\/wp-json\/wp\/v2\/users\/1"}],"replies":[{"embeddable":true,"href":"https:\/\/www.professores.uff.br\/koro\/wp-json\/wp\/v2\/comments?post=17"}],"version-history":[{"count":37,"href":"https:\/\/www.professores.uff.br\/koro\/wp-json\/wp\/v2\/pages\/17\/revisions"}],"predecessor-version":[{"id":912,"href":"https:\/\/www.professores.uff.br\/koro\/wp-json\/wp\/v2\/pages\/17\/revisions\/912"}],"wp:attachment":[{"href":"https:\/\/www.professores.uff.br\/koro\/wp-json\/wp\/v2\/media?parent=17"}],"wp:term":[{"taxonomy":"category","embeddable":true,"href":"https:\/\/www.professores.uff.br\/koro\/wp-json\/wp\/v2\/categories?post=17"},{"taxonomy":"post_tag","embeddable":true,"href":"https:\/\/www.professores.uff.br\/koro\/wp-json\/wp\/v2\/tags?post=17"}],"curies":[{"name":"wp","href":"https:\/\/api.w.org\/{rel}","templated":true}]}}