{"id":156,"date":"2017-08-20T12:10:59","date_gmt":"2017-08-20T15:10:59","guid":{"rendered":"http:\/\/www.professores.uff.br\/kowada\/?page_id=156"},"modified":"2017-08-20T14:59:50","modified_gmt":"2017-08-20T17:59:50","slug":"aula2017b-pqc","status":"publish","type":"page","link":"https:\/\/www.professores.uff.br\/kowada\/aula2017b-pqc\/","title":{"rendered":"T\u00f3picos Especiais em Seguran\u00e7a da Informa\u00e7\u00e3o (Criptografia P\u00f3s-qu\u00e2ntica)"},"content":{"rendered":"<p><b>Hor\u00e1rio:<\/b> 6as feiras das 9h \u00e0s 13h.<br \/>\n<b>Sala:<\/b> 202 (Pr\u00e9dio Administrativo do IC)<\/p>\n<p><b>Ementa:<\/b><br \/>\n1.Fundamentos<br \/>\n1.1. Fundamentos Matem\u00e1ticos: Teoria de Grupos<br \/>\n1.2. Complexidade de alguns problemas (fatora\u00e7\u00e3o, ordem de sub-grupo,&#8230;)<br \/>\n1.3. Computa\u00e7\u00e3o Qu\u00e2ntica<\/p>\n<p>2. Criptosistema RSA<br \/>\n2.1 Algoritmo de Euclides<br \/>\n2.2 Algoritmo de Euclides Estendido<br \/>\n2.3 Teorema de Lagrange<br \/>\n2.4 Testes de Primalidade<br \/>\n2.5 Criptografia RSA<\/p>\n<p>3. Criptosistema El Gamal<br \/>\n3.1 Problema do Logaritmo Discreto<br \/>\n3.2 Criptografia El Gamal<\/p>\n<p>4 Criptografia usando Curvas El\u00edpticas<br \/>\n4.1 Conceitua\u00e7\u00e3o de Curvas El\u00edpticas<br \/>\n4.2 Grupo de Curvas El\u00edpticas<br \/>\n4.3 Criptosistema El Gamal usando Curvas El\u00edpticas<\/p>\n<p>5. Computa\u00e7\u00e3o Qu\u00e2ntica<br \/>\n5.1 Fundamentos da Computa\u00e7\u00e3o Qu\u00e2ntica<br \/>\n5.2 Algoritmo de Grover para busca<br \/>\n5.3 Algoritmo de Shor para fatora\u00e7\u00e3o<\/p>\n<p>6. Criptosistemas P\u00f3s-Qu\u00e2nticos<br \/>\n6.1. Baseados em Reticulados<br \/>\n6.2. Baseados em C\u00f3digos<br \/>\n6.3. Outros criptosistemas<\/p>\n<p><b>Bibliografia:<\/b><br \/>\nPost-Quantum Cryptography<br \/>\nEditors: Bernstein, Daniel J., Buchmann, Johannes, Dahmen, Erik (Eds). Springer. 2009.<\/p>\n","protected":false},"excerpt":{"rendered":"<p>Hor\u00e1rio: 6as feiras das 9h \u00e0s 13h. Sala: 202 (Pr\u00e9dio Administrativo do IC) Ementa: 1.Fundamentos 1.1. Fundamentos Matem\u00e1ticos: Teoria de Grupos 1.2. Complexidade de alguns problemas (fatora\u00e7\u00e3o, ordem de sub-grupo,&#8230;) 1.3. Computa\u00e7\u00e3o Qu\u00e2ntica 2. Criptosistema RSA 2.1 Algoritmo de Euclides 2.2 Algoritmo de Euclides Estendido 2.3 Teorema de Lagrange 2.4 Testes de Primalidade 2.5 Criptografia [&hellip;]<\/p>\n","protected":false},"author":66,"featured_media":0,"parent":0,"menu_order":0,"comment_status":"closed","ping_status":"closed","template":"","meta":{"_exactmetrics_skip_tracking":false,"_exactmetrics_sitenote_active":false,"_exactmetrics_sitenote_note":"","_exactmetrics_sitenote_category":0,"footnotes":""},"categories":[6],"tags":[],"class_list":["post-156","page","type-page","status-publish","hentry","category-ensino"],"_links":{"self":[{"href":"https:\/\/www.professores.uff.br\/kowada\/wp-json\/wp\/v2\/pages\/156","targetHints":{"allow":["GET"]}}],"collection":[{"href":"https:\/\/www.professores.uff.br\/kowada\/wp-json\/wp\/v2\/pages"}],"about":[{"href":"https:\/\/www.professores.uff.br\/kowada\/wp-json\/wp\/v2\/types\/page"}],"author":[{"embeddable":true,"href":"https:\/\/www.professores.uff.br\/kowada\/wp-json\/wp\/v2\/users\/66"}],"replies":[{"embeddable":true,"href":"https:\/\/www.professores.uff.br\/kowada\/wp-json\/wp\/v2\/comments?post=156"}],"version-history":[{"count":1,"href":"https:\/\/www.professores.uff.br\/kowada\/wp-json\/wp\/v2\/pages\/156\/revisions"}],"predecessor-version":[{"id":157,"href":"https:\/\/www.professores.uff.br\/kowada\/wp-json\/wp\/v2\/pages\/156\/revisions\/157"}],"wp:attachment":[{"href":"https:\/\/www.professores.uff.br\/kowada\/wp-json\/wp\/v2\/media?parent=156"}],"wp:term":[{"taxonomy":"category","embeddable":true,"href":"https:\/\/www.professores.uff.br\/kowada\/wp-json\/wp\/v2\/categories?post=156"},{"taxonomy":"post_tag","embeddable":true,"href":"https:\/\/www.professores.uff.br\/kowada\/wp-json\/wp\/v2\/tags?post=156"}],"curies":[{"name":"wp","href":"https:\/\/api.w.org\/{rel}","templated":true}]}}