{"id":158,"date":"2017-08-20T12:22:45","date_gmt":"2017-08-20T15:22:45","guid":{"rendered":"http:\/\/www.professores.uff.br\/kowada\/?page_id=158"},"modified":"2017-08-24T16:55:29","modified_gmt":"2017-08-24T19:55:29","slug":"aula2017b-fund_mat_comp","status":"publish","type":"page","link":"https:\/\/www.professores.uff.br\/kowada\/aula2017b-fund_mat_comp\/","title":{"rendered":"Fundamentos Matem\u00e1ticos Para Computa\u00e7\u00e3o (TCC00329)"},"content":{"rendered":"<p><strong>Turma<\/strong>: B1<br \/>\n<strong>Hor\u00e1rio<\/strong>: 5as feiras das 18h \u00e0s 22h<br \/>\n<strong>Local<\/strong>: sala <strong>215<\/strong> (Pr\u00e9dio Administrativo do IC)<br \/>\nobs. Eventualmente, haver\u00e1 aulas no Lab.307 (Pr\u00e9dio de Laborat\u00f3rios do IC)<\/p>\n<p><strong>Ementa<\/strong>:<br \/>\nCONJUNTOS<br \/>\nRELA\u00c7\u00d5ES E FUN\u00c7\u00d5ES<br \/>\nORDEM DE GRANDEZA DE FUN\u00c7\u00d5ES<br \/>\nRECURSIVIDADE E RELA\u00c7\u00d5ES DE RECORR\u00caNCIA<br \/>\nAN\u00c1LISE DE ALGORITMOS<br \/>\nL\u00d3GICA PROPOSICIONAL<br \/>\nL\u00d3GICA DE PRIMEIRA ORDEM<br \/>\nCONTAGEM<br \/>\nPRINC\u00cdPIO DE INCLUS\u00c3O E EXCLUS\u00c3O<br \/>\nPERMUTA\u00c7\u00d5ES<br \/>\nCOMBINA\u00c7\u00d5ES<br \/>\nTEOREMA BINOMIAL<\/p>\n","protected":false},"excerpt":{"rendered":"<p>Turma: B1 Hor\u00e1rio: 5as feiras das 18h \u00e0s 22h Local: sala 215 (Pr\u00e9dio Administrativo do IC) obs. Eventualmente, haver\u00e1 aulas no Lab.307 (Pr\u00e9dio de Laborat\u00f3rios do IC) Ementa: CONJUNTOS RELA\u00c7\u00d5ES E FUN\u00c7\u00d5ES ORDEM DE GRANDEZA DE FUN\u00c7\u00d5ES RECURSIVIDADE E RELA\u00c7\u00d5ES DE RECORR\u00caNCIA AN\u00c1LISE DE ALGORITMOS L\u00d3GICA PROPOSICIONAL L\u00d3GICA DE PRIMEIRA ORDEM CONTAGEM PRINC\u00cdPIO DE INCLUS\u00c3O [&hellip;]<\/p>\n","protected":false},"author":66,"featured_media":0,"parent":0,"menu_order":0,"comment_status":"closed","ping_status":"closed","template":"","meta":{"_exactmetrics_skip_tracking":false,"_exactmetrics_sitenote_active":false,"_exactmetrics_sitenote_note":"","_exactmetrics_sitenote_category":0,"footnotes":""},"categories":[6],"tags":[],"class_list":["post-158","page","type-page","status-publish","hentry","category-ensino"],"_links":{"self":[{"href":"https:\/\/www.professores.uff.br\/kowada\/wp-json\/wp\/v2\/pages\/158","targetHints":{"allow":["GET"]}}],"collection":[{"href":"https:\/\/www.professores.uff.br\/kowada\/wp-json\/wp\/v2\/pages"}],"about":[{"href":"https:\/\/www.professores.uff.br\/kowada\/wp-json\/wp\/v2\/types\/page"}],"author":[{"embeddable":true,"href":"https:\/\/www.professores.uff.br\/kowada\/wp-json\/wp\/v2\/users\/66"}],"replies":[{"embeddable":true,"href":"https:\/\/www.professores.uff.br\/kowada\/wp-json\/wp\/v2\/comments?post=158"}],"version-history":[{"count":3,"href":"https:\/\/www.professores.uff.br\/kowada\/wp-json\/wp\/v2\/pages\/158\/revisions"}],"predecessor-version":[{"id":176,"href":"https:\/\/www.professores.uff.br\/kowada\/wp-json\/wp\/v2\/pages\/158\/revisions\/176"}],"wp:attachment":[{"href":"https:\/\/www.professores.uff.br\/kowada\/wp-json\/wp\/v2\/media?parent=158"}],"wp:term":[{"taxonomy":"category","embeddable":true,"href":"https:\/\/www.professores.uff.br\/kowada\/wp-json\/wp\/v2\/categories?post=158"},{"taxonomy":"post_tag","embeddable":true,"href":"https:\/\/www.professores.uff.br\/kowada\/wp-json\/wp\/v2\/tags?post=158"}],"curies":[{"name":"wp","href":"https:\/\/api.w.org\/{rel}","templated":true}]}}