{"id":377,"date":"2023-11-21T11:17:15","date_gmt":"2023-11-21T14:17:15","guid":{"rendered":"http:\/\/www.professores.uff.br\/leonardossantos\/?page_id=377"},"modified":"2025-12-06T21:19:12","modified_gmt":"2025-12-07T00:19:12","slug":"blog","status":"publish","type":"page","link":"https:\/\/www.professores.uff.br\/leonardossantos\/blog\/","title":{"rendered":""},"content":{"rendered":"\n<p style=\"font-size:34px\"><a href=\"https:\/\/ihbaja.blogspot.com\/\">Blog do Instituto Hist\u00f3rico-Geogr\u00e1fico de Jacarepagu\u00e1<\/a><\/p>\n\n\n\n<p class=\"has-large-font-size\"><a href=\"https:\/\/uff.academia.edu\/LeonardoSantos\">Academia <\/a><\/p>\n\n\n\n<p><\/p>\n\n\n\n<p class=\"has-large-font-size\"><a href=\"https:\/\/www.agencialume.com\/ihbaja\">Ag\u00eancia Lume<\/a><\/p>\n\n\n\n<figure class=\"wp-block-gallery has-nested-images columns-default is-cropped wp-block-gallery-1 is-layout-flex wp-block-gallery-is-layout-flex\"><\/figure>\n\n\n\n<p class=\"has-large-font-size\"><a href=\"https:\/\/camposdehistorias.blogspot.com\/\">Campos de Hist\u00f3rias<\/a><\/p>\n\n\n\n<p class=\"has-vivid-cyan-blue-color has-text-color has-link-color has-large-font-size wp-elements-973b0b86c833cd42586bb64d40f2fa79\"><a href=\"https:\/\/www.portalviu.com.br\/author\/leonardo-santos\">Portal VIU!<\/a><\/p>\n\n\n\n<p class=\"has-vivid-cyan-blue-color has-text-color has-link-color has-large-font-size wp-elements-36a6de6450d664fbc9d27fd9ce7d65ce\"><a href=\"https:\/\/diariocarioca.com\/author\/leonardo-soares\/\">Jornal Di\u00e1rio Carioca<\/a><\/p>\n\n\n\n<p class=\"has-vivid-cyan-blue-color has-text-color has-link-color has-large-font-size wp-elements-a993cdec3c2a5981252c012225788891\"><a href=\"https:\/\/www.jaajrj.com.br\/\">Jornal Abaixo Assinado de Jacarepagu\u00e1<\/a><\/p>\n\n\n\n<p class=\"has-large-font-size\"><\/p>\n","protected":false},"excerpt":{"rendered":"<p>Blog do Instituto Hist\u00f3rico-Geogr\u00e1fico de Jacarepagu\u00e1 Academia Ag\u00eancia Lume Campos de Hist\u00f3rias Portal VIU! Jornal Di\u00e1rio Carioca Jornal Abaixo Assinado de Jacarepagu\u00e1<\/p>\n","protected":false},"author":29,"featured_media":0,"parent":0,"menu_order":0,"comment_status":"closed","ping_status":"closed","template":"","meta":{"_exactmetrics_skip_tracking":false,"_exactmetrics_sitenote_active":false,"_exactmetrics_sitenote_note":"","_exactmetrics_sitenote_category":0,"footnotes":""},"categories":[1],"tags":[],"class_list":["post-377","page","type-page","status-publish","hentry","category-sem-categoria"],"_links":{"self":[{"href":"https:\/\/www.professores.uff.br\/leonardossantos\/wp-json\/wp\/v2\/pages\/377","targetHints":{"allow":["GET"]}}],"collection":[{"href":"https:\/\/www.professores.uff.br\/leonardossantos\/wp-json\/wp\/v2\/pages"}],"about":[{"href":"https:\/\/www.professores.uff.br\/leonardossantos\/wp-json\/wp\/v2\/types\/page"}],"author":[{"embeddable":true,"href":"https:\/\/www.professores.uff.br\/leonardossantos\/wp-json\/wp\/v2\/users\/29"}],"replies":[{"embeddable":true,"href":"https:\/\/www.professores.uff.br\/leonardossantos\/wp-json\/wp\/v2\/comments?post=377"}],"version-history":[{"count":13,"href":"https:\/\/www.professores.uff.br\/leonardossantos\/wp-json\/wp\/v2\/pages\/377\/revisions"}],"predecessor-version":[{"id":493,"href":"https:\/\/www.professores.uff.br\/leonardossantos\/wp-json\/wp\/v2\/pages\/377\/revisions\/493"}],"wp:attachment":[{"href":"https:\/\/www.professores.uff.br\/leonardossantos\/wp-json\/wp\/v2\/media?parent=377"}],"wp:term":[{"taxonomy":"category","embeddable":true,"href":"https:\/\/www.professores.uff.br\/leonardossantos\/wp-json\/wp\/v2\/categories?post=377"},{"taxonomy":"post_tag","embeddable":true,"href":"https:\/\/www.professores.uff.br\/leonardossantos\/wp-json\/wp\/v2\/tags?post=377"}],"curies":[{"name":"wp","href":"https:\/\/api.w.org\/{rel}","templated":true}]}}