{"id":538,"date":"2020-03-10T17:06:57","date_gmt":"2020-03-10T20:06:57","guid":{"rendered":"http:\/\/www.professores.uff.br\/lhaylla\/?page_id=538"},"modified":"2020-03-10T20:43:45","modified_gmt":"2020-03-10T23:43:45","slug":"geometria-analitica-e-calculo-vetorial","status":"publish","type":"page","link":"https:\/\/www.professores.uff.br\/lhaylla\/geometria-analitica-e-calculo-vetorial\/","title":{"rendered":"Geometria Anal\u00edtica e C\u00e1lculo Vetorial"},"content":{"rendered":"\n<p>Primeiro semestre letivo de 2020: 16\/03&nbsp;\u00e0 20\/07.<\/p>\n\n\n\n<p>Acesse aqui a previs\u00e3o de&nbsp;cronograma da disciplina. Esse cronograma poder\u00e1 sofrer altera\u00e7\u00f5es durante o semestre letivo.<\/p>\n\n\n\n<hr class=\"wp-block-separator\" \/>\n\n\n\n<p><strong>Aulas:<\/strong><br>Ter\u00e7as e quintas-feiras de 9 \u00e0s 11h em sala \u00e0 confirmar.<\/p>\n\n\n\n<hr class=\"wp-block-separator\" \/>\n\n\n\n<p><strong>Hor\u00e1rio de monitoria:<\/strong><br>Os hor\u00e1rios de monitoria ser\u00e3o divulgados ap\u00f3s os concursos de monitoria serem realizados.<\/p>\n\n\n\n<hr class=\"wp-block-separator\" \/>\n\n\n\n<p><strong>Prov\u00e1veis datas de provas:<\/strong><\/p>\n\n\n\n<ul class=\"wp-block-list\"><li>P1: 19\/05.<\/li><li>P2: 07\/07.<\/li><li>VR: 09\/07.<\/li><li>VS: 14\/07.<\/li><\/ul>\n\n\n\n<p>A nota final ser\u00e1 a m\u00e9dia aritm\u00e9tica entre as notas da P1 e da P2.<\/p>\n\n\n\n<hr class=\"wp-block-separator\" \/>\n\n\n\n<p><strong>Informa\u00e7\u00f5es importantes:<\/strong><\/p>\n\n\n\n<ul class=\"wp-block-list\"><li>Alunos que tiverem mais que 25% de faltas estar\u00e3o reprovados.<\/li><li>Alunos que obtiverem nota final acima de 6.0 est\u00e3o aprovados. Os alunos que obtiverem nota final (somadas as partes citadas acima) entre 4.0 e 5.9 dever\u00e3o fazer uma VS no dia 14\/07.<\/li><li>No dia 16\/07 as notas finais ser\u00e3o divulgadas e ser\u00e1 encerrado o semestre letivo.<\/li><li>OBSERVA\u00c7\u00c3O IMPORTANTE: a vista da prova s\u00f3 poder\u00e1 ser feita em sala de aula no dia e hor\u00e1rio da aula. N\u00e3o ser\u00e3o abertas excess\u00f5es.<\/li><\/ul>\n\n\n\n<hr class=\"wp-block-separator\" \/>\n\n\n\n<p><strong>Ementa:&nbsp;<\/strong><\/p>\n\n\n\n<p>I) Plano<\/p>\n\n\n\n<ul class=\"wp-block-list\"><li>Coordenadas na reta e no plano.<\/li><li>Dist\u00e2ncia entre dois pontos.<\/li><li>Retas: equa\u00e7\u00e3o cartesiana e param\u00e9trica da reta, tipos de reta, dist\u00e2ncia entre ponto\/reta e reta\/reta.<\/li><li>Vetores: opera\u00e7\u00f5es com vetores, combina\u00e7\u00e3o linear, produto interno, proje\u00e7\u00e3o ortogonal de um vetor sobre uma reta, aplica\u00e7\u00f5es.<\/li><li>C\u00f4nicas: circunfer\u00eancia, elipse, hip\u00e9rbole, par\u00e1bola, mudan\u00e7a de coordenadas, redu\u00e7\u00e3o de uma equa\u00e7\u00e3o geral do 2\u00b0 grau a sua forma can\u00f4nica.<\/li><\/ul>\n\n\n\n<p>II) Espa\u00e7o<\/p>\n\n\n\n<ul class=\"wp-block-list\"><li>Coordenadas no espa\u00e7o.<\/li><li>Dist\u00e2ncia entre dois pontos.<\/li><li>Vetores: opera\u00e7\u00f5es com vetores, combina\u00e7\u00e3o linear, produto interno.<\/li><li>Planos: defini\u00e7\u00e3o, tipos de plano, equa\u00e7\u00e3o cartesiana e param\u00e9trica de plano, interse\u00e7\u00e3o de dois planos, dist\u00e2ncia de ponto \u00e0 reta, dist\u00e2ncia de reta \u00e0 um plano e entre duas retas, \u00e2ngulo entre duas retas\/dois planos\/reta e plano.<\/li><li>Superf\u00edcie qu\u00e1dricas.<\/li><\/ul>\n\n\n\n<hr class=\"wp-block-separator\" \/>\n\n\n\n<p><strong>Bibliografia Sugerida para este curso:<\/strong><\/p>\n\n\n\n<ul class=\"wp-block-list\"><li>Apostila de Geometria Anal\u00edtica e C\u00e1lculo Vetorial disponibilizada pela professora neste site. O conte\u00fado ser\u00e1 seguido pela apostila.<\/li><li>Geometria Anal\u00edtica \u2013 Jorge Delgado, Katia Frensel, Lhaylla Crissaff, Cole\u00e7\u00e3o PROFMAT, SBM, 2013.<\/li><li>Geometria Anal\u00edtica \u2013 A. Steinbruch e P. Winterle Makron Books, 1987.<\/li><li>Geometria Anal\u00edtica \u2013 Um tratamento vetorial \u2013 Paulo Boulos e Ivan de Camargo Makron Books, 2005.<\/li><li>Coordenadas no plano e espa\u00e7o \u2013 Elon Lages Lima SBM, 1992. Geometria Anal\u00edtica \u2013 Reis\/Silva LTC, 1984.<\/li><\/ul>\n\n\n\n<hr class=\"wp-block-separator\" \/>\n\n\n\n<p><strong>Material para as aulas:<\/strong><\/p>\n\n\n\n<ul class=\"wp-block-list\"><li><a href=\"http:\/\/www.professores.uff.br\/lhaylla\/wp-content\/uploads\/sites\/10\/2017\/07\/Apostila_GACV_cap1-3.pdf\">Cap\u00edtulos 1- 3<\/a><\/li><li><a href=\"http:\/\/www.professores.uff.br\/lhaylla\/wp-content\/uploads\/sites\/10\/2017\/07\/Apostila_GACV_cap4-6.pdf\">Cap\u00edtulos 4 &#8211; 6<\/a><\/li><li><a href=\"http:\/\/www.professores.uff.br\/lhaylla\/wp-content\/uploads\/sites\/10\/2017\/07\/Apostila_GACV_cap7-9.pdf\">Cap\u00edtulos 7 &#8211; 9<\/a><\/li><li><a href=\"http:\/\/www.professores.uff.br\/lhaylla\/wp-content\/uploads\/sites\/10\/2017\/07\/Apostila_GACV_cap10-13.pdf\">Cap\u00edtulos 10 &#8211; 13<\/a><\/li><li><a href=\"http:\/\/www.professores.uff.br\/lhaylla\/wp-content\/uploads\/sites\/10\/2017\/07\/Apostila_GACV_cap14-18.pdf\">Cap\u00edtulo 14 &#8211; 18<\/a><\/li><li><a href=\"http:\/\/www.professores.uff.br\/lhaylla\/wp-content\/uploads\/sites\/10\/2017\/10\/Apostila_GACV_cap19.pdf\">Cap\u00edtulo 19<\/a><\/li><\/ul>\n\n\n\n<hr class=\"wp-block-separator\" \/>\n\n\n\n<p><strong>Listas de Exerc\u00edcios:<\/strong><\/p>\n\n\n\n<ul class=\"wp-block-list\"><li>Lista 1<\/li><\/ul>\n","protected":false},"excerpt":{"rendered":"<p>Primeiro semestre letivo de 2020: 16\/03&nbsp;\u00e0 20\/07. Acesse aqui a previs\u00e3o de&nbsp;cronograma da disciplina. Esse cronograma poder\u00e1 sofrer altera\u00e7\u00f5es durante o semestre letivo. Aulas:Ter\u00e7as e quintas-feiras de 9 \u00e0s 11h em sala \u00e0 confirmar. Hor\u00e1rio de monitoria:Os hor\u00e1rios de monitoria ser\u00e3o divulgados ap\u00f3s os concursos de monitoria serem realizados. Prov\u00e1veis datas de provas: P1: 19\/05. [&hellip;]<\/p>\n","protected":false},"author":11,"featured_media":0,"parent":0,"menu_order":0,"comment_status":"closed","ping_status":"closed","template":"","meta":{"_exactmetrics_skip_tracking":false,"_exactmetrics_sitenote_active":false,"_exactmetrics_sitenote_note":"","_exactmetrics_sitenote_category":0,"footnotes":""},"categories":[],"tags":[],"class_list":["post-538","page","type-page","status-publish","hentry"],"_links":{"self":[{"href":"https:\/\/www.professores.uff.br\/lhaylla\/wp-json\/wp\/v2\/pages\/538","targetHints":{"allow":["GET"]}}],"collection":[{"href":"https:\/\/www.professores.uff.br\/lhaylla\/wp-json\/wp\/v2\/pages"}],"about":[{"href":"https:\/\/www.professores.uff.br\/lhaylla\/wp-json\/wp\/v2\/types\/page"}],"author":[{"embeddable":true,"href":"https:\/\/www.professores.uff.br\/lhaylla\/wp-json\/wp\/v2\/users\/11"}],"replies":[{"embeddable":true,"href":"https:\/\/www.professores.uff.br\/lhaylla\/wp-json\/wp\/v2\/comments?post=538"}],"version-history":[{"count":5,"href":"https:\/\/www.professores.uff.br\/lhaylla\/wp-json\/wp\/v2\/pages\/538\/revisions"}],"predecessor-version":[{"id":548,"href":"https:\/\/www.professores.uff.br\/lhaylla\/wp-json\/wp\/v2\/pages\/538\/revisions\/548"}],"wp:attachment":[{"href":"https:\/\/www.professores.uff.br\/lhaylla\/wp-json\/wp\/v2\/media?parent=538"}],"wp:term":[{"taxonomy":"category","embeddable":true,"href":"https:\/\/www.professores.uff.br\/lhaylla\/wp-json\/wp\/v2\/categories?post=538"},{"taxonomy":"post_tag","embeddable":true,"href":"https:\/\/www.professores.uff.br\/lhaylla\/wp-json\/wp\/v2\/tags?post=538"}],"curies":[{"name":"wp","href":"https:\/\/api.w.org\/{rel}","templated":true}]}}