{"id":445,"date":"2023-10-16T17:27:40","date_gmt":"2023-10-16T20:27:40","guid":{"rendered":"http:\/\/www.professores.uff.br\/lucianafreitas\/?page_id=445"},"modified":"2023-10-16T17:51:59","modified_gmt":"2023-10-16T20:51:59","slug":"homenagem-a-adriana-freitas","status":"publish","type":"page","link":"https:\/\/www.professores.uff.br\/lucianafreitas\/homenagem-a-adriana-freitas\/","title":{"rendered":"Homenagem a Adriana Freitas"},"content":{"rendered":"\n<p><strong>2a Festa Liter\u00e1ria do Cap-UERJ: uma homenagem \u00e0 professora Adriana Freitas<\/strong><\/p>\n\n\n\n<p>7 de outubro de 2023<\/p>\n\n\n\n<p><strong>MESA<\/strong> &#8211; <strong>A literatura e a educa\u00e7\u00e3o p\u00fablica: uma homenagem \u00e0 professora Adriana Freitas<\/strong><\/p>\n\n\n\n<p><a href=\"https:\/\/drive.google.com\/file\/d\/1lutnOJfnTPNbjjaXJIXXEOBczcW6I2-o\/view?usp=drive_link\">Denise Brasil Alvarenga Aguiar (UFF)<\/a><br><a href=\"https:\/\/drive.google.com\/file\/d\/1uqcvGIbxl309eOv8CqQ2uABJQeAxnjVx\/view?usp=drive_link\">Luciana Maria Almeida de Freitas (UFF)<\/a><\/p>\n\n\n\n<p><a href=\"http:\/\/www.professores.uff.br\/lucianafreitas\/wp-content\/uploads\/sites\/153\/2023\/10\/VID-20231006-WA0125.mp4\">V\u00eddeo produzido por Clara Cortines e Luciana Freitas.<\/a><\/p>\n","protected":false},"excerpt":{"rendered":"<p>2a Festa Liter\u00e1ria do Cap-UERJ: uma homenagem \u00e0 professora Adriana Freitas 7 de outubro de 2023 MESA &#8211; A literatura e a educa\u00e7\u00e3o p\u00fablica: uma homenagem \u00e0 professora Adriana Freitas Denise Brasil Alvarenga Aguiar (UFF)Luciana Maria Almeida de Freitas (UFF) V\u00eddeo produzido por Clara Cortines e Luciana Freitas.<\/p>\n","protected":false},"author":160,"featured_media":0,"parent":0,"menu_order":0,"comment_status":"closed","ping_status":"closed","template":"","meta":{"_exactmetrics_skip_tracking":false,"_exactmetrics_sitenote_active":false,"_exactmetrics_sitenote_note":"","_exactmetrics_sitenote_category":0,"footnotes":""},"categories":[],"tags":[],"class_list":["post-445","page","type-page","status-publish","hentry"],"_links":{"self":[{"href":"https:\/\/www.professores.uff.br\/lucianafreitas\/wp-json\/wp\/v2\/pages\/445","targetHints":{"allow":["GET"]}}],"collection":[{"href":"https:\/\/www.professores.uff.br\/lucianafreitas\/wp-json\/wp\/v2\/pages"}],"about":[{"href":"https:\/\/www.professores.uff.br\/lucianafreitas\/wp-json\/wp\/v2\/types\/page"}],"author":[{"embeddable":true,"href":"https:\/\/www.professores.uff.br\/lucianafreitas\/wp-json\/wp\/v2\/users\/160"}],"replies":[{"embeddable":true,"href":"https:\/\/www.professores.uff.br\/lucianafreitas\/wp-json\/wp\/v2\/comments?post=445"}],"version-history":[{"count":5,"href":"https:\/\/www.professores.uff.br\/lucianafreitas\/wp-json\/wp\/v2\/pages\/445\/revisions"}],"predecessor-version":[{"id":457,"href":"https:\/\/www.professores.uff.br\/lucianafreitas\/wp-json\/wp\/v2\/pages\/445\/revisions\/457"}],"wp:attachment":[{"href":"https:\/\/www.professores.uff.br\/lucianafreitas\/wp-json\/wp\/v2\/media?parent=445"}],"wp:term":[{"taxonomy":"category","embeddable":true,"href":"https:\/\/www.professores.uff.br\/lucianafreitas\/wp-json\/wp\/v2\/categories?post=445"},{"taxonomy":"post_tag","embeddable":true,"href":"https:\/\/www.professores.uff.br\/lucianafreitas\/wp-json\/wp\/v2\/tags?post=445"}],"curies":[{"name":"wp","href":"https:\/\/api.w.org\/{rel}","templated":true}]}}