{"id":112,"date":"2019-02-07T21:28:07","date_gmt":"2019-02-07T23:28:07","guid":{"rendered":"http:\/\/www.professores.uff.br\/marcosateixeira\/?page_id=112"},"modified":"2021-01-28T15:02:26","modified_gmt":"2021-01-28T18:02:26","slug":"programa-grael","status":"publish","type":"page","link":"https:\/\/www.professores.uff.br\/marcosateixeira\/programa-grael\/","title":{"rendered":"Programa Grael"},"content":{"rendered":"<p><strong>Programa de Extens\u00e3o Multidisciplinar de Educa\u00e7\u00e3o, Inclus\u00e3o, Cidadania, Cultura e Meio Ambiente &#8211; A\u00e7\u00f5es Integradas Projeto Grael e UFF &#8211; 2017 &#8211; Atual<\/strong><\/p>\n<table style=\"height: 253px\" width=\"746\">\n<tbody>\n<tr>\n<td width=\"168\">Slide Show<\/td>\n<td width=\"408\">O Instituto Rumo N\u00e1utico, tamb\u00e9m conhecido como Projeto Grael, uma institui\u00e7\u00e3o de refer\u00eancia no cen\u00e1rio nacional, e um importante ator social local; de outro lado a Universidade Federal Fluminense, refer\u00eancia acad\u00eamica em Niter\u00f3i com proje\u00e7\u00e3o nacional. Juntos buscam se apoiar em a\u00e7\u00f5es voltadas para a nossa popula\u00e7\u00e3o, dentro de uma vis\u00e3o multidisciplinar e integradoras de esfor\u00e7os; ambos atuando nas suas \u00e1reas de expertise: a\u00e7\u00f5es multidisciplinares de Educa\u00e7\u00e3o, Inclus\u00e3o, Cidadania, Esporte, Cultura e Meio Ambiente.<\/td>\n<\/tr>\n<\/tbody>\n<\/table>\n<p>Situa\u00e7\u00e3o: Em andamento.<\/p>\n<p>Projeto Abarcados neste programa:<\/p>\n<div id=\"attachment_165\" style=\"width: 174px\" class=\"wp-caption aligncenter\"><a href=\"http:\/\/lammoc.sites.uff.br\/extensao\/barco-escola\/\"><img loading=\"lazy\" decoding=\"async\" aria-describedby=\"caption-attachment-165\" class=\"wp-image-165\" src=\"http:\/\/www.professores.uff.br\/marcosateixeira\/wp-content\/uploads\/sites\/193\/2019\/02\/Logo_Barco_Escola-300x300.jpg\" alt=\"\" width=\"164\" height=\"164\" srcset=\"https:\/\/www.professores.uff.br\/marcosateixeira\/wp-content\/uploads\/sites\/193\/2019\/02\/Logo_Barco_Escola-300x300.jpg 300w, https:\/\/www.professores.uff.br\/marcosateixeira\/wp-content\/uploads\/sites\/193\/2019\/02\/Logo_Barco_Escola-150x150.jpg 150w, https:\/\/www.professores.uff.br\/marcosateixeira\/wp-content\/uploads\/sites\/193\/2019\/02\/Logo_Barco_Escola-768x768.jpg 768w, https:\/\/www.professores.uff.br\/marcosateixeira\/wp-content\/uploads\/sites\/193\/2019\/02\/Logo_Barco_Escola.jpg 899w\" sizes=\"auto, (max-width: 164px) 100vw, 164px\" \/><\/a><p id=\"caption-attachment-165\" class=\"wp-caption-text\">Projeto Barco Escola<\/p><\/div>\n<div id=\"attachment_102\" style=\"width: 174px\" class=\"wp-caption aligncenter\"><a href=\"http:\/\/www.professores.uff.br\/marcosateixeira\/projeto-vento-solar\/\"><img loading=\"lazy\" decoding=\"async\" aria-describedby=\"caption-attachment-102\" class=\"wp-image-102\" src=\"http:\/\/www.professores.uff.br\/marcosateixeira\/wp-content\/uploads\/sites\/193\/2019\/02\/Logo_Vento_Solar_001-300x289.jpg\" alt=\"\" width=\"164\" height=\"158\" srcset=\"https:\/\/www.professores.uff.br\/marcosateixeira\/wp-content\/uploads\/sites\/193\/2019\/02\/Logo_Vento_Solar_001-300x289.jpg 300w, https:\/\/www.professores.uff.br\/marcosateixeira\/wp-content\/uploads\/sites\/193\/2019\/02\/Logo_Vento_Solar_001-768x739.jpg 768w, https:\/\/www.professores.uff.br\/marcosateixeira\/wp-content\/uploads\/sites\/193\/2019\/02\/Logo_Vento_Solar_001.jpg 856w\" sizes=\"auto, (max-width: 164px) 100vw, 164px\" \/><\/a><p id=\"caption-attachment-102\" class=\"wp-caption-text\">Projeto Vento Solar<\/p><\/div>\n<p><strong>Resultados<\/strong><\/p>\n<p><u>2019<\/u><\/p>\n<p>Em andamento, protocolo SIGPROJ: 321000.1779.220199.24012019<\/p>\n<p>&nbsp;<\/p>\n<p><u>2018<\/u><\/p>\n<p style=\"padding-left: 30px\">2a Semana do Meio Ambiente<\/p>\n<p style=\"padding-left: 60px\">Palestras, mesas redondas, oficinas e a\u00e7\u00f5es com a Sociedade durante os dias 04 a 08 de Junho de 2018.<br \/>\nPrograma\u00e7\u00e3o &#8211; <a href=\"https:\/\/www.facebook.com\/events\/163022804543445\" target=\"_blank\" rel=\"noopener noreferrer\">Link<\/a><br \/>\nMat\u00e9ria na m\u00eddia &#8211; <a href=\"http:\/\/www.ofluminense.com.br\/pt-br\/cidades\/semana-do-meio-ambiente-come%C3%A7a-com-limpeza-da-ba%C3%ADa\" target=\"_blank\" rel=\"noopener noreferrer\">O Fluminense<\/a><\/p>\n<p style=\"padding-left: 30px\">Semana de Ci\u00eancia e Tecnologia (22 a 25\/10\/2018)<\/p>\n<p style=\"padding-left: 60px\">A Semana Nacional de Ci\u00eancia e Tecnologia &#8211; SNCT foi realizada no m\u00eas de outubro, com o objetivo de popularizar a Ci\u00eancia e a Tecnologia promovendo eventos que congregam centenas de institui\u00e7\u00f5es a fim de realizarem atividades de divulga\u00e7\u00e3o cient\u00edfica em todo o pa\u00eds. O tema nacional deste ano foi \u201cCI\u00caNCIA PARA A REDU\u00c7\u00c3O DAS DESIGUALDADES.&#8221; A motiva\u00e7\u00e3o para escolha baseia-se na Agenda 2030, estabelecida pela Organiza\u00e7\u00e3o das Na\u00e7\u00f5es Unidas \u2013 ONU, e seus 17 Objetivos do Desenvolvimento Sustent\u00e1vel \u2013 ODS, em particular o ODS 10 \u2013 Redu\u00e7\u00e3o das Desigualdades.<\/p>\n<p style=\"padding-left: 60px\">Programa\u00e7\u00e3o &#8211; <a href=\"https:\/\/www.facebook.com\/events\/361253891085679\/\" target=\"_blank\" rel=\"noopener noreferrer\">Link<\/a><\/p>\n<p style=\"padding-left: 30px\"><em>Encontro de Saberes UFF Grael e Jurujuba &#8211; 2018 &#8211; 2018<\/em><\/p>\n<p style=\"padding-left: 60px\">Descri\u00e7\u00e3o: O Instituto Rumo N\u00e1utico, tamb\u00e9m conhecido como Projeto Grael, uma institui\u00e7\u00e3o de refer\u00eancia no cen\u00e1rio nacional, e um importante ator social local; de outro lado a Universidade Federal Fluminense, refer\u00eancia acad\u00eamica em Niter\u00f3i com proje\u00e7\u00e3o nacional. Juntos buscam se apoiar em a\u00e7\u00f5es voltadas para a nossa popula\u00e7\u00e3o, dentro de uma vis\u00e3o multidisciplinar e integradoras de esfor\u00e7os; ambos atuando nas suas \u00e1reas de expertise: a\u00e7\u00f5es multidisciplinares de Educa\u00e7\u00e3o, Inclus\u00e3o, Cidadania, Esporte, Cultura e Meio Ambiente. Neste sentido, juntos decidem realizar um evento integrando as atividades de Extens\u00e3o da UFF junto com a popula\u00e7\u00e3o do entorno do projeto (Jurujuba). Evento no formato de oficinas e a ter lugar em dois momentos distintos, um no C.E.U. Niter\u00f3i &#8211; Centro de Artes e Esportes Unificados, e na sede do Instituto Rumo N\u00e1utico. SIGProj N\u00b0: 100306.312455.1599.220199.10122018.<\/p>\n<p style=\"padding-left: 60px\">Mat\u00e9ria UFF &#8211; <a href=\"http:\/\/www.uff.br\/?q=encontro-de-saberes-na-comunidade-de-jurujuba&amp;fbclid=IwAR0zZto_izRP-xXBSsYBQZWTtvMSWlGGPQfgYN1Rwya1fP4PiaxaxHx3wx0\" target=\"_blank\" rel=\"noopener noreferrer\">Link<\/a> \/&nbsp; Divulga\u00e7\u00e3o pela CEU &#8211; <a href=\"https:\/\/www.facebook.com\/CeuNiteroi\/photos\/a.183070811863024\/1077548859081877\/?type=3&amp;theater\" target=\"_blank\" rel=\"noopener noreferrer\">Link<\/a><\/p>\n<p style=\"padding-left: 30px\">Publica\u00e7\u00f5es:<\/p>\n<p style=\"padding-left: 60px\">Artigo apresentado na forma de p\u00f4ster no WEB 4.0 \u2013 4\u00ba Workshop de Engenharia de Biossistemas (06 a 08\/11\/2018), intitulado: \u201cRepresenta\u00e7\u00e3o de G\u00eanero no Projeto Vento Solar para o mercado Fotovoltaico\u201d, com publica\u00e7\u00e3o de resumo nos anais do evento.&nbsp;<a href=\"https:\/\/www.professores.uff.br\/marcosateixeira\/?ddownload=181\" title=\"Download\" rel=\"nofollow\" class=\"ddownload-button button-blue id-181 ext-pdf\">Download<\/a><\/p>\n<p style=\"padding-left: 30px\">Protocolo SIGProj N\u00b0: 100765.292604.1598.220199.09122018<\/p>\n<p><u>2017<\/u><\/p>\n<p style=\"padding-left: 30px\">I Semana de&nbsp;Meio Ambiente Dora Negreiros (05 a 09 de Junho, 2017)<\/p>\n<p style=\"padding-left: 60px\">Programa\u00e7\u00e3o &#8211; <a href=\"https:\/\/www.facebook.com\/events\/460961040918741\/permalink\/467858173562361\" target=\"_blank\" rel=\"noopener noreferrer\">Link<\/a> \/ Mat\u00e9ria no Fluminense 1 &#8211; <a href=\"http:\/\/www.ofluminense.com.br\/pt-br\/cidades\/zona-sul-recebe-a\u00e7\u00f5es-ambientais\" target=\"_blank\" rel=\"noopener noreferrer\">Link<\/a> \/ Material no Fluminense 2 &#8211; <a href=\"http:\/\/www.ofluminense.com.br\/pt-br\/pol%C3%ADtica\/informe\/informe-07062017\" target=\"_blank\" rel=\"noopener noreferrer\">Link<\/a><\/p>\n<p style=\"padding-left: 30px\">Semana de Ci\u00eancia e Tecnologia de Niter\u00f3i (23 a 30\/10\/2017)<\/p>\n<p style=\"padding-left: 60px\">&nbsp;Programa\u00e7\u00e3o &#8211; <a href=\"https:\/\/www.facebook.com\/projgrael\/posts\/1385311511535493\" target=\"_blank\" rel=\"noopener noreferrer\">Link<\/a> \/ <a href=\"https:\/\/www.facebook.com\/projgrael\/posts\/1385311511535493\" target=\"_blank\" rel=\"noopener noreferrer\">Link<\/a> \/ <a href=\"https:\/\/www.facebook.com\/projgrael\/posts\/1385103228222988\" target=\"_blank\" rel=\"noopener noreferrer\">Link<\/a> \/ Oficinas &#8211; <a href=\"https:\/\/www.facebook.com\/photo.php?fbid=1384078381658806&amp;set=pcb.1384079014992076&amp;type=3\" target=\"_blank\" rel=\"noopener noreferrer\">Link<\/a>&nbsp;\/ <a href=\"https:\/\/www.facebook.com\/photo.php?fbid=1386093848123926&amp;set=pcb.1386094378123873&amp;type=3\" target=\"_blank\" rel=\"noopener noreferrer\">Link<\/a> \/ Atividades &#8211; <a href=\"https:\/\/www.facebook.com\/photo.php?fbid=1519976174735692&amp;set=pcb.1519976294735680&amp;type=3\" target=\"_blank\" rel=\"noopener noreferrer\">Link<\/a><\/p>\n<p style=\"padding-left: 30px\">Publica\u00e7\u00f5es:<\/p>\n<p style=\"padding-left: 60px\">Artigo apresentado na forma de p\u00f4ster no WEB 3.0 \u2013 3\u00ba Workshop de Engenharia de Biossistemas (12 a14\/12\/2017), intitulado: \u201cProjeto Vento Solar \u2013 Cpacita\u00e7\u00e3o para o mercado de energia fotovoltaica\u201d, com publica\u00e7\u00e3o de resumo nos anais do evento. <a href=\"https:\/\/www.professores.uff.br\/marcosateixeira\/?ddownload=176\" title=\"Download\" rel=\"nofollow\" class=\"ddownload-button button-blue id-176 ext-pdf\">Download<\/a><\/p>\n","protected":false},"excerpt":{"rendered":"<p>Programa de Extens\u00e3o Multidisciplinar de Educa\u00e7\u00e3o, Inclus\u00e3o, Cidadania, Cultura e Meio Ambiente &#8211; A\u00e7\u00f5es Integradas Projeto Grael e UFF &#8211; 2017 &#8211; Atual Slide Show O Instituto Rumo N\u00e1utico, tamb\u00e9m conhecido como Projeto Grael, uma institui\u00e7\u00e3o de refer\u00eancia no cen\u00e1rio nacional, e um importante ator social local; de outro lado a Universidade Federal Fluminense, refer\u00eancia [&hellip;]<\/p>\n","protected":false},"author":211,"featured_media":0,"parent":0,"menu_order":0,"comment_status":"closed","ping_status":"closed","template":"","meta":{"_exactmetrics_skip_tracking":false,"_exactmetrics_sitenote_active":false,"_exactmetrics_sitenote_note":"","_exactmetrics_sitenote_category":0,"footnotes":""},"categories":[],"tags":[16,24,13,14,12,25,10],"class_list":["post-112","page","type-page","status-publish","hentry","tag-extensao","tag-instituto-rumo-nautico","tag-marcos-uff","tag-marcosateixeira","tag-marcosteixeira581","tag-projeto-grael","tag-uff"],"_links":{"self":[{"href":"https:\/\/www.professores.uff.br\/marcosateixeira\/wp-json\/wp\/v2\/pages\/112","targetHints":{"allow":["GET"]}}],"collection":[{"href":"https:\/\/www.professores.uff.br\/marcosateixeira\/wp-json\/wp\/v2\/pages"}],"about":[{"href":"https:\/\/www.professores.uff.br\/marcosateixeira\/wp-json\/wp\/v2\/types\/page"}],"author":[{"embeddable":true,"href":"https:\/\/www.professores.uff.br\/marcosateixeira\/wp-json\/wp\/v2\/users\/211"}],"replies":[{"embeddable":true,"href":"https:\/\/www.professores.uff.br\/marcosateixeira\/wp-json\/wp\/v2\/comments?post=112"}],"version-history":[{"count":13,"href":"https:\/\/www.professores.uff.br\/marcosateixeira\/wp-json\/wp\/v2\/pages\/112\/revisions"}],"predecessor-version":[{"id":958,"href":"https:\/\/www.professores.uff.br\/marcosateixeira\/wp-json\/wp\/v2\/pages\/112\/revisions\/958"}],"wp:attachment":[{"href":"https:\/\/www.professores.uff.br\/marcosateixeira\/wp-json\/wp\/v2\/media?parent=112"}],"wp:term":[{"taxonomy":"category","embeddable":true,"href":"https:\/\/www.professores.uff.br\/marcosateixeira\/wp-json\/wp\/v2\/categories?post=112"},{"taxonomy":"post_tag","embeddable":true,"href":"https:\/\/www.professores.uff.br\/marcosateixeira\/wp-json\/wp\/v2\/tags?post=112"}],"curies":[{"name":"wp","href":"https:\/\/api.w.org\/{rel}","templated":true}]}}

<p><strong>Programa de Extensão Multidisciplinar de Educação, Inclusão, Cidadania, Cultura e Meio Ambiente &#8211; Ações Integradas Projeto Grael e UFF &#8211; 2017 &#8211; Atual</strong></p>
<table style="height: 253px" width="746">
<tbody>
<tr>
<td width="168">Slide Show</td>
<td width="408">O Instituto Rumo Náutico, também conhecido como Projeto Grael, uma instituição de referência no cenário nacional, e um importante ator social local; de outro lado a Universidade Federal Fluminense, referência acadêmica em Niterói com projeção nacional. Juntos buscam se apoiar em ações voltadas para a nossa população, dentro de uma visão multidisciplinar e integradoras de esforços; ambos atuando nas suas áreas de expertise: ações multidisciplinares de Educação, Inclusão, Cidadania, Esporte, Cultura e Meio Ambiente.</td>
</tr>
</tbody>
</table>
<p>Situação: Em andamento.</p>
<p>Projeto Abarcados neste programa:</p>
<div id="attachment_165" style="width: 174px" class="wp-caption aligncenter"><a href="http://lammoc.sites.uff.br/extensao/barco-escola/"><img loading="lazy" decoding="async" aria-describedby="caption-attachment-165" class="wp-image-165" src="http://www.professores.uff.br/marcosateixeira/wp-content/uploads/sites/193/2019/02/Logo_Barco_Escola-300x300.jpg" alt="" width="164" height="164" srcset="https://www.professores.uff.br/marcosateixeira/wp-content/uploads/sites/193/2019/02/Logo_Barco_Escola-300x300.jpg 300w, https://www.professores.uff.br/marcosateixeira/wp-content/uploads/sites/193/2019/02/Logo_Barco_Escola-150x150.jpg 150w, https://www.professores.uff.br/marcosateixeira/wp-content/uploads/sites/193/2019/02/Logo_Barco_Escola-768x768.jpg 768w, https://www.professores.uff.br/marcosateixeira/wp-content/uploads/sites/193/2019/02/Logo_Barco_Escola.jpg 899w" sizes="auto, (max-width: 164px) 100vw, 164px" /></a><p id="caption-attachment-165" class="wp-caption-text">Projeto Barco Escola</p></div>
<div id="attachment_102" style="width: 174px" class="wp-caption aligncenter"><a href="http://www.professores.uff.br/marcosateixeira/projeto-vento-solar/"><img loading="lazy" decoding="async" aria-describedby="caption-attachment-102" class="wp-image-102" src="http://www.professores.uff.br/marcosateixeira/wp-content/uploads/sites/193/2019/02/Logo_Vento_Solar_001-300x289.jpg" alt="" width="164" height="158" srcset="https://www.professores.uff.br/marcosateixeira/wp-content/uploads/sites/193/2019/02/Logo_Vento_Solar_001-300x289.jpg 300w, https://www.professores.uff.br/marcosateixeira/wp-content/uploads/sites/193/2019/02/Logo_Vento_Solar_001-768x739.jpg 768w, https://www.professores.uff.br/marcosateixeira/wp-content/uploads/sites/193/2019/02/Logo_Vento_Solar_001.jpg 856w" sizes="auto, (max-width: 164px) 100vw, 164px" /></a><p id="caption-attachment-102" class="wp-caption-text">Projeto Vento Solar</p></div>
<p><strong>Resultados</strong></p>
<p><u>2019</u></p>
<p>Em andamento, protocolo SIGPROJ: 321000.1779.220199.24012019</p>
<p>&nbsp;</p>
<p><u>2018</u></p>
<p style="padding-left: 30px">2a Semana do Meio Ambiente</p>
<p style="padding-left: 60px">Palestras, mesas redondas, oficinas e ações com a Sociedade durante os dias 04 a 08 de Junho de 2018.<br />
Programação &#8211; <a href="https://www.facebook.com/events/163022804543445" target="_blank" rel="noopener noreferrer">Link</a><br />
Matéria na mídia &#8211; <a href="http://www.ofluminense.com.br/pt-br/cidades/semana-do-meio-ambiente-come%C3%A7a-com-limpeza-da-ba%C3%ADa" target="_blank" rel="noopener noreferrer">O Fluminense</a></p>
<p style="padding-left: 30px">Semana de Ciência e Tecnologia (22 a 25/10/2018)</p>
<p style="padding-left: 60px">A Semana Nacional de Ciência e Tecnologia &#8211; SNCT foi realizada no mês de outubro, com o objetivo de popularizar a Ciência e a Tecnologia promovendo eventos que congregam centenas de instituições a fim de realizarem atividades de divulgação científica em todo o país. O tema nacional deste ano foi “CIÊNCIA PARA A REDUÇÃO DAS DESIGUALDADES.&#8221; A motivação para escolha baseia-se na Agenda 2030, estabelecida pela Organização das Nações Unidas – ONU, e seus 17 Objetivos do Desenvolvimento Sustentável – ODS, em particular o ODS 10 – Redução das Desigualdades.</p>
<p style="padding-left: 60px">Programação &#8211; <a href="https://www.facebook.com/events/361253891085679/" target="_blank" rel="noopener noreferrer">Link</a></p>
<p style="padding-left: 30px"><em>Encontro de Saberes UFF Grael e Jurujuba &#8211; 2018 &#8211; 2018</em></p>
<p style="padding-left: 60px">Descrição: O Instituto Rumo Náutico, também conhecido como Projeto Grael, uma instituição de referência no cenário nacional, e um importante ator social local; de outro lado a Universidade Federal Fluminense, referência acadêmica em Niterói com projeção nacional. Juntos buscam se apoiar em ações voltadas para a nossa população, dentro de uma visão multidisciplinar e integradoras de esforços; ambos atuando nas suas áreas de expertise: ações multidisciplinares de Educação, Inclusão, Cidadania, Esporte, Cultura e Meio Ambiente. Neste sentido, juntos decidem realizar um evento integrando as atividades de Extensão da UFF junto com a população do entorno do projeto (Jurujuba). Evento no formato de oficinas e a ter lugar em dois momentos distintos, um no C.E.U. Niterói &#8211; Centro de Artes e Esportes Unificados, e na sede do Instituto Rumo Náutico. SIGProj N°: 100306.312455.1599.220199.10122018.</p>
<p style="padding-left: 60px">Matéria UFF &#8211; <a href="http://www.uff.br/?q=encontro-de-saberes-na-comunidade-de-jurujuba&amp;fbclid=IwAR0zZto_izRP-xXBSsYBQZWTtvMSWlGGPQfgYN1Rwya1fP4PiaxaxHx3wx0" target="_blank" rel="noopener noreferrer">Link</a> /&nbsp; Divulgação pela CEU &#8211; <a href="https://www.facebook.com/CeuNiteroi/photos/a.183070811863024/1077548859081877/?type=3&amp;theater" target="_blank" rel="noopener noreferrer">Link</a></p>
<p style="padding-left: 30px">Publicações:</p>
<p style="padding-left: 60px">Artigo apresentado na forma de pôster no WEB 4.0 – 4º Workshop de Engenharia de Biossistemas (06 a 08/11/2018), intitulado: “Representação de Gênero no Projeto Vento Solar para o mercado Fotovoltaico”, com publicação de resumo nos anais do evento.&nbsp;<a href="https://www.professores.uff.br/marcosateixeira/?ddownload=181" title="Download" rel="nofollow" class="ddownload-button button-blue id-181 ext-pdf">Download</a></p>
<p style="padding-left: 30px">Protocolo SIGProj N°: 100765.292604.1598.220199.09122018</p>
<p><u>2017</u></p>
<p style="padding-left: 30px">I Semana de&nbsp;Meio Ambiente Dora Negreiros (05 a 09 de Junho, 2017)</p>
<p style="padding-left: 60px">Programação &#8211; <a href="https://www.facebook.com/events/460961040918741/permalink/467858173562361" target="_blank" rel="noopener noreferrer">Link</a> / Matéria no Fluminense 1 &#8211; <a href="http://www.ofluminense.com.br/pt-br/cidades/zona-sul-recebe-ações-ambientais" target="_blank" rel="noopener noreferrer">Link</a> / Material no Fluminense 2 &#8211; <a href="http://www.ofluminense.com.br/pt-br/pol%C3%ADtica/informe/informe-07062017" target="_blank" rel="noopener noreferrer">Link</a></p>
<p style="padding-left: 30px">Semana de Ciência e Tecnologia de Niterói (23 a 30/10/2017)</p>
<p style="padding-left: 60px">&nbsp;Programação &#8211; <a href="https://www.facebook.com/projgrael/posts/1385311511535493" target="_blank" rel="noopener noreferrer">Link</a> / <a href="https://www.facebook.com/projgrael/posts/1385311511535493" target="_blank" rel="noopener noreferrer">Link</a> / <a href="https://www.facebook.com/projgrael/posts/1385103228222988" target="_blank" rel="noopener noreferrer">Link</a> / Oficinas &#8211; <a href="https://www.facebook.com/photo.php?fbid=1384078381658806&amp;set=pcb.1384079014992076&amp;type=3" target="_blank" rel="noopener noreferrer">Link</a>&nbsp;/ <a href="https://www.facebook.com/photo.php?fbid=1386093848123926&amp;set=pcb.1386094378123873&amp;type=3" target="_blank" rel="noopener noreferrer">Link</a> / Atividades &#8211; <a href="https://www.facebook.com/photo.php?fbid=1519976174735692&amp;set=pcb.1519976294735680&amp;type=3" target="_blank" rel="noopener noreferrer">Link</a></p>
<p style="padding-left: 30px">Publicações:</p>
<p style="padding-left: 60px">Artigo apresentado na forma de pôster no WEB 3.0 – 3º Workshop de Engenharia de Biossistemas (12 a14/12/2017), intitulado: “Projeto Vento Solar – Cpacitação para o mercado de energia fotovoltaica”, com publicação de resumo nos anais do evento. <a href="https://www.professores.uff.br/marcosateixeira/?ddownload=176" title="Download" rel="nofollow" class="ddownload-button button-blue id-176 ext-pdf">Download</a></p>

<p>Programa de Extensão Multidisciplinar de Educação, Inclusão, Cidadania, Cultura e Meio Ambiente &#8211; Ações Integradas Projeto Grael e UFF &#8211; 2017 &#8211; Atual Slide Show O Instituto Rumo Náutico, também conhecido como Projeto Grael, uma instituição de referência no cenário nacional, e um importante ator social local; de outro lado a Universidade Federal Fluminense, referência [&hellip;]</p>
