{"id":124,"date":"2019-02-07T21:29:32","date_gmt":"2019-02-07T23:29:32","guid":{"rendered":"http:\/\/www.professores.uff.br\/marcosateixeira\/?page_id=124"},"modified":"2021-01-28T15:03:02","modified_gmt":"2021-01-28T18:03:02","slug":"monitoria-de-postura","status":"publish","type":"page","link":"https:\/\/www.professores.uff.br\/marcosateixeira\/extensao\/monitoria-de-postura\/","title":{"rendered":"Monitoria de Postura"},"content":{"rendered":"<p><strong>Programa de Monitoria de Postura <\/strong><\/p>\n<table>\n<tbody>\n<tr>\n<td width=\"102\"><img loading=\"lazy\" decoding=\"async\" class=\"alignnone size-medium wp-image-300\" src=\"http:\/\/www.professores.uff.br\/marcosateixeira\/wp-content\/uploads\/sites\/193\/2019\/04\/WP_20161107_009-300x169.jpg\" alt=\"\" width=\"300\" height=\"169\" srcset=\"https:\/\/www.professores.uff.br\/marcosateixeira\/wp-content\/uploads\/sites\/193\/2019\/04\/WP_20161107_009-300x169.jpg 300w, https:\/\/www.professores.uff.br\/marcosateixeira\/wp-content\/uploads\/sites\/193\/2019\/04\/WP_20161107_009-768x434.jpg 768w, https:\/\/www.professores.uff.br\/marcosateixeira\/wp-content\/uploads\/sites\/193\/2019\/04\/WP_20161107_009-1024x578.jpg 1024w\" sizes=\"auto, (max-width: 300px) 100vw, 300px\" \/><\/td>\n<td width=\"475\">Desenvolvimento de cartilha para registro e acompanhamento da produ\u00e7\u00e3o e manejo das galinhas junto aos cooperados&nbsp;do Assentamento Fazenda Engenho Novo em S\u00e3o Gon\u00e7alo, com foco no fornecimento de ovos para a merenda&nbsp;escolar, trabalho desenvolvido pela EMATER-RJ. Esta consiste de uma folha com desenhos e \u00edcones (sem muito texto),&nbsp;onde o agricultor n\u00e3o letrado possa ir marcando a produ\u00e7\u00e3o, morte de animais, vacina\u00e7\u00e3o, etc. Trata-se de um material&nbsp;sem texto, mas com preenchimento de desenho, por exemplo, um ovo hachurado representa uma d\u00fazia vendida.&nbsp;Objetivo \u00e9 poder registrar os resultados da iniciativa de introdu\u00e7\u00e3o das aves poedeiras, permitir ao agricultor gerenciar o&nbsp;plantel e a produ\u00e7\u00e3o, assim como fornecer material que ajude o Extensionista a monitorar o projeto.<\/td>\n<\/tr>\n<\/tbody>\n<\/table>\n<p><strong>Resultados<\/strong><\/p>\n<p>Apostila Rio Rural Aves Caipiras &#8211;&nbsp;<a href=\"https:\/\/mega.nz\/#!E9RxybpZ!uILQvQV3lRGQIv5QVKrJSnFTm1TC65efBGsDErfZ7Pk\">PDF<\/a>&nbsp;&nbsp; &nbsp; &nbsp;Projeto Galinha Caipira EMATER &#8211; SG &#8211;&nbsp;<a href=\"https:\/\/mega.nz\/#!koo2FLIa!nrgiYZxQgpb5HVwC7NdaQiCbgGfa0Yg3AaMa47W0qN8\">PDF<\/a><\/p>\n<p><strong>Ficha de Gest\u00e3o de Plantel &#8211; V\u00eddeo Explicativo &#8211; <a href=\"https:\/\/youtu.be\/DlA0f-R_kJI\" target=\"_blank\" rel=\"noopener noreferrer\">V\u00eddeo<\/a>&nbsp;&nbsp;<\/strong><\/p>\n<p>Vers\u00e3o D\u00fazia <strong>&#8211;&nbsp; <a href=\"https:\/\/www.professores.uff.br\/marcosateixeira\/?ddownload=296\" title=\"Download\" rel=\"nofollow\" class=\"ddownload-button button-blue id-296 ext-pdf\">Download<\/a><\/strong>&nbsp;\/ Folder de Divulga\u00e7\u00e3o &#8211; <a href=\"https:\/\/www.professores.uff.br\/marcosateixeira\/?ddownload=297\" title=\"Download\" rel=\"nofollow\" class=\"ddownload-button button-blue id-297 ext-pdf\">Download<\/a><strong>&nbsp;<\/strong><\/p>\n<p>Vers\u00e3o Cartela &#8211; <a href=\"https:\/\/www.professores.uff.br\/marcosateixeira\/?ddownload=295\" title=\"Download\" rel=\"nofollow\" class=\"ddownload-button button-blue id-295 ext-pdf\">Download<\/a> \/ Folder de Divulga\u00e7\u00e3o &#8211; <a href=\"https:\/\/www.professores.uff.br\/marcosateixeira\/?ddownload=299\" title=\"Download\" rel=\"nofollow\" class=\"ddownload-button button-blue id-299 ext-pdf\">Download<\/a><\/p>\n<p>Mat\u00e9ria na p\u00e1gina da UFF &#8211; <a href=\"http:\/\/uff.br\/?q=proex-visita-o-programa-de-monitoramento-de-postura\">Aqui<\/a><\/p>\n","protected":false},"excerpt":{"rendered":"<p>Programa de Monitoria de Postura Desenvolvimento de cartilha para registro e acompanhamento da produ\u00e7\u00e3o e manejo das galinhas junto aos cooperados&nbsp;do Assentamento Fazenda Engenho Novo em S\u00e3o Gon\u00e7alo, com foco no fornecimento de ovos para a merenda&nbsp;escolar, trabalho desenvolvido pela EMATER-RJ. Esta consiste de uma folha com desenhos e \u00edcones (sem muito texto),&nbsp;onde o agricultor [&hellip;]<\/p>\n","protected":false},"author":211,"featured_media":0,"parent":60,"menu_order":1,"comment_status":"closed","ping_status":"closed","template":"","meta":{"_exactmetrics_skip_tracking":false,"_exactmetrics_sitenote_active":false,"_exactmetrics_sitenote_note":"","_exactmetrics_sitenote_category":0,"footnotes":""},"categories":[],"tags":[16,21,13,14,12,20,10],"class_list":["post-124","page","type-page","status-publish","hentry","tag-extensao","tag-galinha-caipira","tag-marcos-uff","tag-marcosateixeira","tag-marcosteixeira581","tag-rio-rural","tag-uff"],"_links":{"self":[{"href":"https:\/\/www.professores.uff.br\/marcosateixeira\/wp-json\/wp\/v2\/pages\/124","targetHints":{"allow":["GET"]}}],"collection":[{"href":"https:\/\/www.professores.uff.br\/marcosateixeira\/wp-json\/wp\/v2\/pages"}],"about":[{"href":"https:\/\/www.professores.uff.br\/marcosateixeira\/wp-json\/wp\/v2\/types\/page"}],"author":[{"embeddable":true,"href":"https:\/\/www.professores.uff.br\/marcosateixeira\/wp-json\/wp\/v2\/users\/211"}],"replies":[{"embeddable":true,"href":"https:\/\/www.professores.uff.br\/marcosateixeira\/wp-json\/wp\/v2\/comments?post=124"}],"version-history":[{"count":11,"href":"https:\/\/www.professores.uff.br\/marcosateixeira\/wp-json\/wp\/v2\/pages\/124\/revisions"}],"predecessor-version":[{"id":961,"href":"https:\/\/www.professores.uff.br\/marcosateixeira\/wp-json\/wp\/v2\/pages\/124\/revisions\/961"}],"up":[{"embeddable":true,"href":"https:\/\/www.professores.uff.br\/marcosateixeira\/wp-json\/wp\/v2\/pages\/60"}],"wp:attachment":[{"href":"https:\/\/www.professores.uff.br\/marcosateixeira\/wp-json\/wp\/v2\/media?parent=124"}],"wp:term":[{"taxonomy":"category","embeddable":true,"href":"https:\/\/www.professores.uff.br\/marcosateixeira\/wp-json\/wp\/v2\/categories?post=124"},{"taxonomy":"post_tag","embeddable":true,"href":"https:\/\/www.professores.uff.br\/marcosateixeira\/wp-json\/wp\/v2\/tags?post=124"}],"curies":[{"name":"wp","href":"https:\/\/api.w.org\/{rel}","templated":true}]}}

<p><strong>Programa de Monitoria de Postura </strong></p>
<table>
<tbody>
<tr>
<td width="102"><img loading="lazy" decoding="async" class="alignnone size-medium wp-image-300" src="http://www.professores.uff.br/marcosateixeira/wp-content/uploads/sites/193/2019/04/WP_20161107_009-300x169.jpg" alt="" width="300" height="169" srcset="https://www.professores.uff.br/marcosateixeira/wp-content/uploads/sites/193/2019/04/WP_20161107_009-300x169.jpg 300w, https://www.professores.uff.br/marcosateixeira/wp-content/uploads/sites/193/2019/04/WP_20161107_009-768x434.jpg 768w, https://www.professores.uff.br/marcosateixeira/wp-content/uploads/sites/193/2019/04/WP_20161107_009-1024x578.jpg 1024w" sizes="auto, (max-width: 300px) 100vw, 300px" /></td>
<td width="475">Desenvolvimento de cartilha para registro e acompanhamento da produção e manejo das galinhas junto aos cooperados&nbsp;do Assentamento Fazenda Engenho Novo em São Gonçalo, com foco no fornecimento de ovos para a merenda&nbsp;escolar, trabalho desenvolvido pela EMATER-RJ. Esta consiste de uma folha com desenhos e ícones (sem muito texto),&nbsp;onde o agricultor não letrado possa ir marcando a produção, morte de animais, vacinação, etc. Trata-se de um material&nbsp;sem texto, mas com preenchimento de desenho, por exemplo, um ovo hachurado representa uma dúzia vendida.&nbsp;Objetivo é poder registrar os resultados da iniciativa de introdução das aves poedeiras, permitir ao agricultor gerenciar o&nbsp;plantel e a produção, assim como fornecer material que ajude o Extensionista a monitorar o projeto.</td>
</tr>
</tbody>
</table>
<p><strong>Resultados</strong></p>
<p>Apostila Rio Rural Aves Caipiras &#8211;&nbsp;<a href="https://mega.nz/#!E9RxybpZ!uILQvQV3lRGQIv5QVKrJSnFTm1TC65efBGsDErfZ7Pk">PDF</a>&nbsp;&nbsp; &nbsp; &nbsp;Projeto Galinha Caipira EMATER &#8211; SG &#8211;&nbsp;<a href="https://mega.nz/#!koo2FLIa!nrgiYZxQgpb5HVwC7NdaQiCbgGfa0Yg3AaMa47W0qN8">PDF</a></p>
<p><strong>Ficha de Gestão de Plantel &#8211; Vídeo Explicativo &#8211; <a href="https://youtu.be/DlA0f-R_kJI" target="_blank" rel="noopener noreferrer">Vídeo</a>&nbsp;&nbsp;</strong></p>
<p>Versão Dúzia <strong>&#8211;&nbsp; <a href="https://www.professores.uff.br/marcosateixeira/?ddownload=296" title="Download" rel="nofollow" class="ddownload-button button-blue id-296 ext-pdf">Download</a></strong>&nbsp;/ Folder de Divulgação &#8211; <a href="https://www.professores.uff.br/marcosateixeira/?ddownload=297" title="Download" rel="nofollow" class="ddownload-button button-blue id-297 ext-pdf">Download</a><strong>&nbsp;</strong></p>
<p>Versão Cartela &#8211; <a href="https://www.professores.uff.br/marcosateixeira/?ddownload=295" title="Download" rel="nofollow" class="ddownload-button button-blue id-295 ext-pdf">Download</a> / Folder de Divulgação &#8211; <a href="https://www.professores.uff.br/marcosateixeira/?ddownload=299" title="Download" rel="nofollow" class="ddownload-button button-blue id-299 ext-pdf">Download</a></p>
<p>Matéria na página da UFF &#8211; <a href="http://uff.br/?q=proex-visita-o-programa-de-monitoramento-de-postura">Aqui</a></p>

<p>Programa de Monitoria de Postura Desenvolvimento de cartilha para registro e acompanhamento da produção e manejo das galinhas junto aos cooperados&nbsp;do Assentamento Fazenda Engenho Novo em São Gonçalo, com foco no fornecimento de ovos para a merenda&nbsp;escolar, trabalho desenvolvido pela EMATER-RJ. Esta consiste de uma folha com desenhos e ícones (sem muito texto),&nbsp;onde o agricultor [&hellip;]</p>
